{"version":"1.0","provider_name":"La Diagonale","provider_url":"https:\/\/www.ladiagonale.net","author_name":"Damien Dellerba","author_url":"https:\/\/www.ladiagonale.net\/index.php\/author\/damien\/","title":"Monaco s\u2019exprime enfin sur Kovac - La Diagonale","type":"rich","width":600,"height":338,"html":"<blockquote class=\"wp-embedded-content\" data-secret=\"fUsbXWPc41\"><a href=\"https:\/\/www.ladiagonale.net\/index.php\/2022\/01\/05\/monaco-sexprime-enfin-sur-kovac\/\">Monaco s\u2019exprime enfin sur Kovac<\/a><\/blockquote><iframe sandbox=\"allow-scripts\" security=\"restricted\" src=\"https:\/\/www.ladiagonale.net\/index.php\/2022\/01\/05\/monaco-sexprime-enfin-sur-kovac\/embed\/#?secret=fUsbXWPc41\" width=\"600\" height=\"338\" title=\"\u00ab\u00a0Monaco s\u2019exprime enfin sur Kovac\u00a0\u00bb &#8212; La Diagonale\" data-secret=\"fUsbXWPc41\" frameborder=\"0\" marginwidth=\"0\" marginheight=\"0\" scrolling=\"no\" class=\"wp-embedded-content\"><\/iframe><script type=\"text\/javascript\">\n\/*! This file is auto-generated *\/\n!function(c,l){\"use strict\";var e=!1,o=!1;if(l.querySelector)if(c.addEventListener)e=!0;if(c.wp=c.wp||{},c.wp.receiveEmbedMessage);else if(c.wp.receiveEmbedMessage=function(e){var t=e.data;if(!t);else if(!(t.secret||t.message||t.value));else if(\/[^a-zA-Z0-9]\/.test(t.secret));else{for(var r,s,a,i=l.querySelectorAll('iframe[data-secret=\"'+t.secret+'\"]'),n=l.querySelectorAll('blockquote[data-secret=\"'+t.secret+'\"]'),o=0;o<n.length;o++)n[o].style.display=\"none\";for(o=0;o<i.length;o++)if(r=i[o],e.source!==r.contentWindow);else{if(r.removeAttribute(\"style\"),\"height\"===t.message){if(1e3<(s=parseInt(t.value,10)))s=1e3;else if(~~s<200)s=200;r.height=s}if(\"link\"===t.message)if(s=l.createElement(\"a\"),a=l.createElement(\"a\"),s.href=r.getAttribute(\"src\"),a.href=t.value,a.host===s.host)if(l.activeElement===r)c.top.location.href=t.value}}},e)c.addEventListener(\"message\",c.wp.receiveEmbedMessage,!1),l.addEventListener(\"DOMContentLoaded\",t,!1),c.addEventListener(\"load\",t,!1);function t(){if(o);else{o=!0;for(var e,t,r,s=-1!==navigator.appVersion.indexOf(\"MSIE 10\"),a=!!navigator.userAgent.match(\/Trident.*rv:11\\.\/),i=l.querySelectorAll(\"iframe.wp-embedded-content\"),n=0;n<i.length;n++){if(!(r=(t=i[n]).getAttribute(\"data-secret\")))r=Math.random().toString(36).substr(2,10),t.src+=\"#?secret=\"+r,t.setAttribute(\"data-secret\",r);if(s||a)(e=t.cloneNode(!0)).removeAttribute(\"security\"),t.parentNode.replaceChild(e,t);t.contentWindow.postMessage({message:\"ready\",secret:r},\"*\")}}}}(window,document);\n<\/script>\n","description":"Alors que la d\u00e9cision abrupte et le communiqu\u00e9 glacial avaient choqu\u00e9 bon nombre d\u2019observateurs, Oleg Petrov est revenu sur le sujet de l\u2019\u00e9viction de Niko Kovac en pr\u00e9ambule de la conf\u00e9rence de presse. Le vice-pr\u00e9sident de l\u2019ASM a expliqu\u00e9 pourquoi un tel choix : \u00ab \u00c0 la fin de l\u2019ann\u00e9e, nous avons fait une analyse [...]"}

Alors que la décision abrupte et le communiqué glacial avaient choqué bon nombre d’observateurs, Oleg Petrov est revenu sur le sujet de l’éviction de Niko Kovac en préambule de la conférence de presse. Le vice-président de l’ASM a expliqué pourquoi un tel choix : « À la fin de l’année, nous avons fait une analyse [...]
