{"version":"1.0","provider_name":"La Diagonale","provider_url":"https:\/\/www.ladiagonale.net","author_name":"admin","author_url":"https:\/\/www.ladiagonale.net\/index.php\/author\/admin\/","title":"La programmation de Monaco-Troyes est connue - La Diagonale","type":"rich","width":600,"height":338,"html":"<blockquote class=\"wp-embedded-content\" data-secret=\"xIUQMW8dqH\"><a href=\"https:\/\/www.ladiagonale.net\/index.php\/2022\/07\/28\/la-programmation-de-monaco-troyes-est-connue\/\">La programmation de Monaco-Troyes est connue<\/a><\/blockquote><iframe sandbox=\"allow-scripts\" security=\"restricted\" src=\"https:\/\/www.ladiagonale.net\/index.php\/2022\/07\/28\/la-programmation-de-monaco-troyes-est-connue\/embed\/#?secret=xIUQMW8dqH\" width=\"600\" height=\"338\" title=\"\u00ab\u00a0La programmation de Monaco-Troyes est connue\u00a0\u00bb &#8212; La Diagonale\" data-secret=\"xIUQMW8dqH\" frameborder=\"0\" marginwidth=\"0\" marginheight=\"0\" scrolling=\"no\" class=\"wp-embedded-content\"><\/iframe><script type=\"text\/javascript\">\n\/*! This file is auto-generated *\/\n!function(c,l){\"use strict\";var e=!1,o=!1;if(l.querySelector)if(c.addEventListener)e=!0;if(c.wp=c.wp||{},c.wp.receiveEmbedMessage);else if(c.wp.receiveEmbedMessage=function(e){var t=e.data;if(!t);else if(!(t.secret||t.message||t.value));else if(\/[^a-zA-Z0-9]\/.test(t.secret));else{for(var r,s,a,i=l.querySelectorAll('iframe[data-secret=\"'+t.secret+'\"]'),n=l.querySelectorAll('blockquote[data-secret=\"'+t.secret+'\"]'),o=0;o<n.length;o++)n[o].style.display=\"none\";for(o=0;o<i.length;o++)if(r=i[o],e.source!==r.contentWindow);else{if(r.removeAttribute(\"style\"),\"height\"===t.message){if(1e3<(s=parseInt(t.value,10)))s=1e3;else if(~~s<200)s=200;r.height=s}if(\"link\"===t.message)if(s=l.createElement(\"a\"),a=l.createElement(\"a\"),s.href=r.getAttribute(\"src\"),a.href=t.value,a.host===s.host)if(l.activeElement===r)c.top.location.href=t.value}}},e)c.addEventListener(\"message\",c.wp.receiveEmbedMessage,!1),l.addEventListener(\"DOMContentLoaded\",t,!1),c.addEventListener(\"load\",t,!1);function t(){if(o);else{o=!0;for(var e,t,r,s=-1!==navigator.appVersion.indexOf(\"MSIE 10\"),a=!!navigator.userAgent.match(\/Trident.*rv:11\\.\/),i=l.querySelectorAll(\"iframe.wp-embedded-content\"),n=0;n<i.length;n++){if(!(r=(t=i[n]).getAttribute(\"data-secret\")))r=Math.random().toString(36).substr(2,10),t.src+=\"#?secret=\"+r,t.setAttribute(\"data-secret\",r);if(s||a)(e=t.cloneNode(!0)).removeAttribute(\"security\"),t.parentNode.replaceChild(e,t);t.contentWindow.postMessage({message:\"ready\",secret:r},\"*\")}}}}(window,document);\n<\/script>\n","description":"Apr\u00e8s avoir pris connaissance de la date du d\u00e9placement \u00e0 Paris pour la quatri\u00e8me journ\u00e9e de Ligue 1, l&rsquo;AS Monaco sait d\u00e9sormais quand elle jouera Troyes pour la cinqui\u00e8me journ\u00e9e. Les Rouge et Blanc recevront les joueurs aubois le mercredi 31 ao\u00fbt, \u00e0 19 heures. La rencontre sera diffus\u00e9e surPrime Video*. La programmation compl\u00e8te Mercredi [...]"}

Après avoir pris connaissance de la date du déplacement à Paris pour la quatrième journée de Ligue 1, l&rsquo;AS Monaco sait désormais quand elle jouera Troyes pour la cinquième journée. Les Rouge et Blanc recevront les joueurs aubois le mercredi 31 août, à 19 heures. La rencontre sera diffusée surPrime Video*. La programmation complète Mercredi [...]
