{"version":"1.0","provider_name":"La Diagonale","provider_url":"https:\/\/www.ladiagonale.net","author_name":"admin","author_url":"https:\/\/www.ladiagonale.net\/index.php\/author\/admin\/","title":"Un d\u00e9part de Clement \u00ab improbable \u00bb pour L\u2019\u00c9quipe - La Diagonale","type":"rich","width":600,"height":338,"html":"<blockquote class=\"wp-embedded-content\" data-secret=\"lujt7OITD4\"><a href=\"https:\/\/www.ladiagonale.net\/index.php\/2022\/08\/11\/un-depart-de-clement-improbable-pour-lequipe\/\">Un d\u00e9part de Clement \u00ab improbable \u00bb pour L\u2019\u00c9quipe<\/a><\/blockquote><iframe sandbox=\"allow-scripts\" security=\"restricted\" src=\"https:\/\/www.ladiagonale.net\/index.php\/2022\/08\/11\/un-depart-de-clement-improbable-pour-lequipe\/embed\/#?secret=lujt7OITD4\" width=\"600\" height=\"338\" title=\"\u00ab\u00a0Un d\u00e9part de Clement \u00ab improbable \u00bb pour L\u2019\u00c9quipe\u00a0\u00bb &#8212; La Diagonale\" data-secret=\"lujt7OITD4\" frameborder=\"0\" marginwidth=\"0\" marginheight=\"0\" scrolling=\"no\" class=\"wp-embedded-content\"><\/iframe><script type=\"text\/javascript\">\n\/*! This file is auto-generated *\/\n!function(c,l){\"use strict\";var e=!1,o=!1;if(l.querySelector)if(c.addEventListener)e=!0;if(c.wp=c.wp||{},c.wp.receiveEmbedMessage);else if(c.wp.receiveEmbedMessage=function(e){var t=e.data;if(!t);else if(!(t.secret||t.message||t.value));else if(\/[^a-zA-Z0-9]\/.test(t.secret));else{for(var r,s,a,i=l.querySelectorAll('iframe[data-secret=\"'+t.secret+'\"]'),n=l.querySelectorAll('blockquote[data-secret=\"'+t.secret+'\"]'),o=0;o<n.length;o++)n[o].style.display=\"none\";for(o=0;o<i.length;o++)if(r=i[o],e.source!==r.contentWindow);else{if(r.removeAttribute(\"style\"),\"height\"===t.message){if(1e3<(s=parseInt(t.value,10)))s=1e3;else if(~~s<200)s=200;r.height=s}if(\"link\"===t.message)if(s=l.createElement(\"a\"),a=l.createElement(\"a\"),s.href=r.getAttribute(\"src\"),a.href=t.value,a.host===s.host)if(l.activeElement===r)c.top.location.href=t.value}}},e)c.addEventListener(\"message\",c.wp.receiveEmbedMessage,!1),l.addEventListener(\"DOMContentLoaded\",t,!1),c.addEventListener(\"load\",t,!1);function t(){if(o);else{o=!0;for(var e,t,r,s=-1!==navigator.appVersion.indexOf(\"MSIE 10\"),a=!!navigator.userAgent.match(\/Trident.*rv:11\\.\/),i=l.querySelectorAll(\"iframe.wp-embedded-content\"),n=0;n<i.length;n++){if(!(r=(t=i[n]).getAttribute(\"data-secret\")))r=Math.random().toString(36).substr(2,10),t.src+=\"#?secret=\"+r,t.setAttribute(\"data-secret\",r);if(s||a)(e=t.cloneNode(!0)).removeAttribute(\"security\"),t.parentNode.replaceChild(e,t);t.contentWindow.postMessage({message:\"ready\",secret:r},\"*\")}}}}(window,document);\n<\/script>\n","description":"L\u2019\u00e9limination de l\u2019AS Monaco pour la deuxi\u00e8me saison cons\u00e9cutive a probablement d\u00e9plu, eta minimad\u00e9\u00e7u, les dirigeants mon\u00e9gasques, ne cadrant pas avec les grandes ambitions du club que ne cesse de clamer Paul Mitchell. Et dans ce genre de cas, c\u2019est \u00e0 la r\u00e9action du Pr\u00e9sident Dmitry Rybolovlev qu&rsquo;il faut toujours pr\u00eater attention, comme le rappelleL\u2019\u00c9quipe*. [...]"}

Un départ de Clement « improbable » pour L’Équipe - La Diagonale

<blockquote class="wp-embedded-content" data-secret="lujt7OITD4"><a href="https://www.ladiagonale.net/index.php/2022/08/11/un-depart-de-clement-improbable-pour-lequipe/">Un départ de Clement « improbable » pour L’Équipe</a></blockquote><iframe sandbox="allow-scripts" security="restricted" src="https://www.ladiagonale.net/index.php/2022/08/11/un-depart-de-clement-improbable-pour-lequipe/embed/#?secret=lujt7OITD4" width="600" height="338" title="« Un départ de Clement « improbable » pour L’Équipe » &#8212; La Diagonale" data-secret="lujt7OITD4" frameborder="0" marginwidth="0" marginheight="0" scrolling="no" class="wp-embedded-content"></iframe><script type="text/javascript">
/*! This file is auto-generated */
!function(c,l){"use strict";var e=!1,o=!1;if(l.querySelector)if(c.addEventListener)e=!0;if(c.wp=c.wp||{},c.wp.receiveEmbedMessage);else if(c.wp.receiveEmbedMessage=function(e){var t=e.data;if(!t);else if(!(t.secret||t.message||t.value));else if(/[^a-zA-Z0-9]/.test(t.secret));else{for(var r,s,a,i=l.querySelectorAll('iframe[data-secret="'+t.secret+'"]'),n=l.querySelectorAll('blockquote[data-secret="'+t.secret+'"]'),o=0;o<n.length;o++)n[o].style.display="none";for(o=0;o<i.length;o++)if(r=i[o],e.source!==r.contentWindow);else{if(r.removeAttribute("style"),"height"===t.message){if(1e3<(s=parseInt(t.value,10)))s=1e3;else if(~~s<200)s=200;r.height=s}if("link"===t.message)if(s=l.createElement("a"),a=l.createElement("a"),s.href=r.getAttribute("src"),a.href=t.value,a.host===s.host)if(l.activeElement===r)c.top.location.href=t.value}}},e)c.addEventListener("message",c.wp.receiveEmbedMessage,!1),l.addEventListener("DOMContentLoaded",t,!1),c.addEventListener("load",t,!1);function t(){if(o);else{o=!0;for(var e,t,r,s=-1!==navigator.appVersion.indexOf("MSIE 10"),a=!!navigator.userAgent.match(/Trident.*rv:11\./),i=l.querySelectorAll("iframe.wp-embedded-content"),n=0;n<i.length;n++){if(!(r=(t=i[n]).getAttribute("data-secret")))r=Math.random().toString(36).substr(2,10),t.src+="#?secret="+r,t.setAttribute("data-secret",r);if(s||a)(e=t.cloneNode(!0)).removeAttribute("security"),t.parentNode.replaceChild(e,t);t.contentWindow.postMessage({message:"ready",secret:r},"*")}}}}(window,document);
</script>

L’élimination de l’AS Monaco pour la deuxième saison consécutive a probablement déplu, eta minimadéçu, les dirigeants monégasques, ne cadrant pas avec les grandes ambitions du club que ne cesse de clamer Paul Mitchell. Et dans ce genre de cas, c’est à la réaction du Président Dmitry Rybolovlev qu&rsquo;il faut toujours prêter attention, comme le rappelleL’Équipe*. [...]
