{"version":"1.0","provider_name":"La Diagonale","provider_url":"https:\/\/www.ladiagonale.net","author_name":"admin","author_url":"https:\/\/www.ladiagonale.net\/index.php\/author\/admin\/","title":"Paris ne compte pas faire d\u2019offre pour Disasi - La Diagonale","type":"rich","width":600,"height":338,"html":"<blockquote class=\"wp-embedded-content\" data-secret=\"XkONuVE5KL\"><a href=\"https:\/\/www.ladiagonale.net\/index.php\/2022\/08\/30\/paris-ne-compte-pas-faire-doffre-pour-disasi\/\">Paris ne compte pas faire d\u2019offre pour Disasi<\/a><\/blockquote><iframe sandbox=\"allow-scripts\" security=\"restricted\" src=\"https:\/\/www.ladiagonale.net\/index.php\/2022\/08\/30\/paris-ne-compte-pas-faire-doffre-pour-disasi\/embed\/#?secret=XkONuVE5KL\" width=\"600\" height=\"338\" title=\"\u00ab\u00a0Paris ne compte pas faire d\u2019offre pour Disasi\u00a0\u00bb &#8212; La Diagonale\" data-secret=\"XkONuVE5KL\" frameborder=\"0\" marginwidth=\"0\" marginheight=\"0\" scrolling=\"no\" class=\"wp-embedded-content\"><\/iframe><script type=\"text\/javascript\">\n\/*! This file is auto-generated *\/\n!function(c,l){\"use strict\";var e=!1,o=!1;if(l.querySelector)if(c.addEventListener)e=!0;if(c.wp=c.wp||{},c.wp.receiveEmbedMessage);else if(c.wp.receiveEmbedMessage=function(e){var t=e.data;if(!t);else if(!(t.secret||t.message||t.value));else if(\/[^a-zA-Z0-9]\/.test(t.secret));else{for(var r,s,a,i=l.querySelectorAll('iframe[data-secret=\"'+t.secret+'\"]'),n=l.querySelectorAll('blockquote[data-secret=\"'+t.secret+'\"]'),o=0;o<n.length;o++)n[o].style.display=\"none\";for(o=0;o<i.length;o++)if(r=i[o],e.source!==r.contentWindow);else{if(r.removeAttribute(\"style\"),\"height\"===t.message){if(1e3<(s=parseInt(t.value,10)))s=1e3;else if(~~s<200)s=200;r.height=s}if(\"link\"===t.message)if(s=l.createElement(\"a\"),a=l.createElement(\"a\"),s.href=r.getAttribute(\"src\"),a.href=t.value,a.host===s.host)if(l.activeElement===r)c.top.location.href=t.value}}},e)c.addEventListener(\"message\",c.wp.receiveEmbedMessage,!1),l.addEventListener(\"DOMContentLoaded\",t,!1),c.addEventListener(\"load\",t,!1);function t(){if(o);else{o=!0;for(var e,t,r,s=-1!==navigator.appVersion.indexOf(\"MSIE 10\"),a=!!navigator.userAgent.match(\/Trident.*rv:11\\.\/),i=l.querySelectorAll(\"iframe.wp-embedded-content\"),n=0;n<i.length;n++){if(!(r=(t=i[n]).getAttribute(\"data-secret\")))r=Math.random().toString(36).substr(2,10),t.src+=\"#?secret=\"+r,t.setAttribute(\"data-secret\",r);if(s||a)(e=t.cloneNode(!0)).removeAttribute(\"security\"),t.parentNode.replaceChild(e,t);t.contentWindow.postMessage({message:\"ready\",secret:r},\"*\")}}}}(window,document);\n<\/script>\n","description":"Apr\u00e8s l&#8217;emballement m\u00e9diatique autour d\u2019Axel Disasi ces derni\u00e8res 24 heures,L\u2019\u00c9quipeest venu nuancer tout cela. Contrairement \u00e0 ce que d\u2019autres m\u00e9dias ont pu annoncer, Disasi n\u2019est pas une consid\u00e9r\u00e9 comme une v\u00e9ritable piste pour le Paris Saint-Germain. Malgr\u00e9 tout, le d\u00e9fenseur central de 24 ans prendra le temps de la r\u00e9flexion sur son avenir, car tout [...]"}

Après l&#8217;emballement médiatique autour d’Axel Disasi ces dernières 24 heures,L’Équipeest venu nuancer tout cela. Contrairement à ce que d’autres médias ont pu annoncer, Disasi n’est pas une considéré comme une véritable piste pour le Paris Saint-Germain. Malgré tout, le défenseur central de 24 ans prendra le temps de la réflexion sur son avenir, car tout [...]
