{"version":"1.0","provider_name":"La Diagonale","provider_url":"https:\/\/www.ladiagonale.net","author_name":"admin","author_url":"https:\/\/www.ladiagonale.net\/index.php\/author\/admin\/","title":"Officiel : Ayiah quitte Monaco - La Diagonale","type":"rich","width":600,"height":338,"html":"<blockquote class=\"wp-embedded-content\" data-secret=\"b6MVdvt5Oa\"><a href=\"https:\/\/www.ladiagonale.net\/index.php\/2022\/09\/01\/officiel-ayiah-quitte-monaco\/\">Officiel : Ayiah quitte Monaco<\/a><\/blockquote><iframe sandbox=\"allow-scripts\" security=\"restricted\" src=\"https:\/\/www.ladiagonale.net\/index.php\/2022\/09\/01\/officiel-ayiah-quitte-monaco\/embed\/#?secret=b6MVdvt5Oa\" width=\"600\" height=\"338\" title=\"\u00ab\u00a0Officiel : Ayiah quitte Monaco\u00a0\u00bb &#8212; La Diagonale\" data-secret=\"b6MVdvt5Oa\" frameborder=\"0\" marginwidth=\"0\" marginheight=\"0\" scrolling=\"no\" class=\"wp-embedded-content\"><\/iframe><script type=\"text\/javascript\">\n\/*! This file is auto-generated *\/\n!function(c,l){\"use strict\";var e=!1,o=!1;if(l.querySelector)if(c.addEventListener)e=!0;if(c.wp=c.wp||{},c.wp.receiveEmbedMessage);else if(c.wp.receiveEmbedMessage=function(e){var t=e.data;if(!t);else if(!(t.secret||t.message||t.value));else if(\/[^a-zA-Z0-9]\/.test(t.secret));else{for(var r,s,a,i=l.querySelectorAll('iframe[data-secret=\"'+t.secret+'\"]'),n=l.querySelectorAll('blockquote[data-secret=\"'+t.secret+'\"]'),o=0;o<n.length;o++)n[o].style.display=\"none\";for(o=0;o<i.length;o++)if(r=i[o],e.source!==r.contentWindow);else{if(r.removeAttribute(\"style\"),\"height\"===t.message){if(1e3<(s=parseInt(t.value,10)))s=1e3;else if(~~s<200)s=200;r.height=s}if(\"link\"===t.message)if(s=l.createElement(\"a\"),a=l.createElement(\"a\"),s.href=r.getAttribute(\"src\"),a.href=t.value,a.host===s.host)if(l.activeElement===r)c.top.location.href=t.value}}},e)c.addEventListener(\"message\",c.wp.receiveEmbedMessage,!1),l.addEventListener(\"DOMContentLoaded\",t,!1),c.addEventListener(\"load\",t,!1);function t(){if(o);else{o=!0;for(var e,t,r,s=-1!==navigator.appVersion.indexOf(\"MSIE 10\"),a=!!navigator.userAgent.match(\/Trident.*rv:11\\.\/),i=l.querySelectorAll(\"iframe.wp-embedded-content\"),n=0;n<i.length;n++){if(!(r=(t=i[n]).getAttribute(\"data-secret\")))r=Math.random().toString(36).substr(2,10),t.src+=\"#?secret=\"+r,t.setAttribute(\"data-secret\",r);if(s||a)(e=t.cloneNode(!0)).removeAttribute(\"security\"),t.parentNode.replaceChild(e,t);t.contentWindow.postMessage({message:\"ready\",secret:r},\"*\")}}}}(window,document);\n<\/script>\n","description":"L\u2019AS Monaco a annonc\u00e9 le transfert d\u2019Eric Ayiah (22 ans) en direction de Gil Vicente, qui \u00e9volue en premi\u00e8re division portugaise. Le montant du transfert de l\u2019attaquant ghan\u00e9en, \u00e0 qui il restait un an de contrat, n\u2019a pas \u00e9t\u00e9 d\u00e9voil\u00e9. Arriv\u00e9 en 2018 au club, Ayiah n\u2019a jamais eu sa chance avec l\u2019\u00e9quipe professionnelle. Au [...]"}

L’AS Monaco a annoncé le transfert d’Eric Ayiah (22 ans) en direction de Gil Vicente, qui évolue en première division portugaise. Le montant du transfert de l’attaquant ghanéen, à qui il restait un an de contrat, n’a pas été dévoilé. Arrivé en 2018 au club, Ayiah n’a jamais eu sa chance avec l’équipe professionnelle. Au [...]
