{"version":"1.0","provider_name":"La Diagonale","provider_url":"https:\/\/www.ladiagonale.net","author_name":"admin","author_url":"https:\/\/www.ladiagonale.net\/index.php\/author\/admin\/","title":"OGCN-ASM : les compositions selon la presse - La Diagonale","type":"rich","width":600,"height":338,"html":"<blockquote class=\"wp-embedded-content\" data-secret=\"EkIvuSbRoE\"><a href=\"https:\/\/www.ladiagonale.net\/index.php\/2022\/09\/04\/ogcn-asm-les-compositions-selon-la-presse\/\">OGCN-ASM : les compositions selon la presse<\/a><\/blockquote><iframe sandbox=\"allow-scripts\" security=\"restricted\" src=\"https:\/\/www.ladiagonale.net\/index.php\/2022\/09\/04\/ogcn-asm-les-compositions-selon-la-presse\/embed\/#?secret=EkIvuSbRoE\" width=\"600\" height=\"338\" title=\"\u00ab\u00a0OGCN-ASM : les compositions selon la presse\u00a0\u00bb &#8212; La Diagonale\" data-secret=\"EkIvuSbRoE\" frameborder=\"0\" marginwidth=\"0\" marginheight=\"0\" scrolling=\"no\" class=\"wp-embedded-content\"><\/iframe><script type=\"text\/javascript\">\n\/*! This file is auto-generated *\/\n!function(c,l){\"use strict\";var e=!1,o=!1;if(l.querySelector)if(c.addEventListener)e=!0;if(c.wp=c.wp||{},c.wp.receiveEmbedMessage);else if(c.wp.receiveEmbedMessage=function(e){var t=e.data;if(!t);else if(!(t.secret||t.message||t.value));else if(\/[^a-zA-Z0-9]\/.test(t.secret));else{for(var r,s,a,i=l.querySelectorAll('iframe[data-secret=\"'+t.secret+'\"]'),n=l.querySelectorAll('blockquote[data-secret=\"'+t.secret+'\"]'),o=0;o<n.length;o++)n[o].style.display=\"none\";for(o=0;o<i.length;o++)if(r=i[o],e.source!==r.contentWindow);else{if(r.removeAttribute(\"style\"),\"height\"===t.message){if(1e3<(s=parseInt(t.value,10)))s=1e3;else if(~~s<200)s=200;r.height=s}if(\"link\"===t.message)if(s=l.createElement(\"a\"),a=l.createElement(\"a\"),s.href=r.getAttribute(\"src\"),a.href=t.value,a.host===s.host)if(l.activeElement===r)c.top.location.href=t.value}}},e)c.addEventListener(\"message\",c.wp.receiveEmbedMessage,!1),l.addEventListener(\"DOMContentLoaded\",t,!1),c.addEventListener(\"load\",t,!1);function t(){if(o);else{o=!0;for(var e,t,r,s=-1!==navigator.appVersion.indexOf(\"MSIE 10\"),a=!!navigator.userAgent.match(\/Trident.*rv:11\\.\/),i=l.querySelectorAll(\"iframe.wp-embedded-content\"),n=0;n<i.length;n++){if(!(r=(t=i[n]).getAttribute(\"data-secret\")))r=Math.random().toString(36).substr(2,10),t.src+=\"#?secret=\"+r,t.setAttribute(\"data-secret\",r);if(s||a)(e=t.cloneNode(!0)).removeAttribute(\"security\"),t.parentNode.replaceChild(e,t);t.contentWindow.postMessage({message:\"ready\",secret:r},\"*\")}}}}(window,document);\n<\/script>\n","description":"Face \u00e0 Nice, Monaco pourrait potentiellement retrouver une d\u00e9fense \u00e0 quatre.L\u2019\u00c9quipeetNice-Matinvoient le m\u00eame onze de d\u00e9part pour d\u00e9buter cette rencontre. Pour remplacer Maripan, suspendu, Badiashile serait align\u00e9 avec Disasi. En difficult\u00e9 contre Troyes, Vanderson pourrait laisser sa place \u00e0 Aguilar, dont l&rsquo;entr\u00e9e n&rsquo;\u00e9tait gu\u00e8re meilleure. Au milieu de terrain, Fofana et Camara semblent d\u00e9j\u00e0 indiscutables. [...]"}

Face à Nice, Monaco pourrait potentiellement retrouver une défense à quatre.L’ÉquipeetNice-Matinvoient le même onze de départ pour débuter cette rencontre. Pour remplacer Maripan, suspendu, Badiashile serait aligné avec Disasi. En difficulté contre Troyes, Vanderson pourrait laisser sa place à Aguilar, dont l&rsquo;entrée n&rsquo;était guère meilleure. Au milieu de terrain, Fofana et Camara semblent déjà indiscutables. [...]
