{"version":"1.0","provider_name":"La Diagonale","provider_url":"https:\/\/www.ladiagonale.net","author_name":"Damien Dellerba","author_url":"https:\/\/www.ladiagonale.net\/index.php\/author\/damien\/","title":"Officiel : Zagr\u00e9 pr\u00eat\u00e9 \u00e0 l'Excelsior Rotterdam - La Diagonale","type":"rich","width":600,"height":338,"html":"<blockquote class=\"wp-embedded-content\" data-secret=\"3MqfKMgF1g\"><a href=\"https:\/\/www.ladiagonale.net\/index.php\/2023\/01\/31\/officiel-zagre-prete-a-lexcelsior-rotterdam\/\">Officiel : Zagr\u00e9 pr\u00eat\u00e9 \u00e0 l&rsquo;Excelsior Rotterdam<\/a><\/blockquote><iframe sandbox=\"allow-scripts\" security=\"restricted\" src=\"https:\/\/www.ladiagonale.net\/index.php\/2023\/01\/31\/officiel-zagre-prete-a-lexcelsior-rotterdam\/embed\/#?secret=3MqfKMgF1g\" width=\"600\" height=\"338\" title=\"\u00ab\u00a0Officiel : Zagr\u00e9 pr\u00eat\u00e9 \u00e0 l&rsquo;Excelsior Rotterdam\u00a0\u00bb &#8212; La Diagonale\" data-secret=\"3MqfKMgF1g\" frameborder=\"0\" marginwidth=\"0\" marginheight=\"0\" scrolling=\"no\" class=\"wp-embedded-content\"><\/iframe><script type=\"text\/javascript\">\n\/*! This file is auto-generated *\/\n!function(c,l){\"use strict\";var e=!1,o=!1;if(l.querySelector)if(c.addEventListener)e=!0;if(c.wp=c.wp||{},c.wp.receiveEmbedMessage);else if(c.wp.receiveEmbedMessage=function(e){var t=e.data;if(!t);else if(!(t.secret||t.message||t.value));else if(\/[^a-zA-Z0-9]\/.test(t.secret));else{for(var r,s,a,i=l.querySelectorAll('iframe[data-secret=\"'+t.secret+'\"]'),n=l.querySelectorAll('blockquote[data-secret=\"'+t.secret+'\"]'),o=0;o<n.length;o++)n[o].style.display=\"none\";for(o=0;o<i.length;o++)if(r=i[o],e.source!==r.contentWindow);else{if(r.removeAttribute(\"style\"),\"height\"===t.message){if(1e3<(s=parseInt(t.value,10)))s=1e3;else if(~~s<200)s=200;r.height=s}if(\"link\"===t.message)if(s=l.createElement(\"a\"),a=l.createElement(\"a\"),s.href=r.getAttribute(\"src\"),a.href=t.value,a.host===s.host)if(l.activeElement===r)c.top.location.href=t.value}}},e)c.addEventListener(\"message\",c.wp.receiveEmbedMessage,!1),l.addEventListener(\"DOMContentLoaded\",t,!1),c.addEventListener(\"load\",t,!1);function t(){if(o);else{o=!0;for(var e,t,r,s=-1!==navigator.appVersion.indexOf(\"MSIE 10\"),a=!!navigator.userAgent.match(\/Trident.*rv:11\\.\/),i=l.querySelectorAll(\"iframe.wp-embedded-content\"),n=0;n<i.length;n++){if(!(r=(t=i[n]).getAttribute(\"data-secret\")))r=Math.random().toString(36).substr(2,10),t.src+=\"#?secret=\"+r,t.setAttribute(\"data-secret\",r);if(s||a)(e=t.cloneNode(!0)).removeAttribute(\"security\"),t.parentNode.replaceChild(e,t);t.contentWindow.postMessage({message:\"ready\",secret:r},\"*\")}}}}(window,document);\n<\/script>\n","description":"L\u2019AS Monaco a beaucoup travaill\u00e9 sur ses joueurs pr\u00eat\u00e9s lors de ce mercato hivernal. Apr\u00e8s Lecomte, Musaba et Matsima, Arthur Zagr\u00e9 va lui aussi changer d&rsquo;air. Le lat\u00e9ral gauche de 21 ans quitte le FC Utrecht mais reste aux Pays-Bas pour rejoindre l\u2019Excelsior Rotterdam, 14e d\u2019Eredivisie, jusqu&rsquo;\u00e0 la fin de la saison. Officialis\u00e9 par le [...]","thumbnail_url":"https:\/\/www.ladiagonale.net\/wp-content\/uploads\/2023\/01\/zagre\u03012.png","thumbnail_width":1160,"thumbnail_height":650}

Officiel : Zagré prêté à l'Excelsior Rotterdam - La Diagonale

<blockquote class="wp-embedded-content" data-secret="3MqfKMgF1g"><a href="https://www.ladiagonale.net/index.php/2023/01/31/officiel-zagre-prete-a-lexcelsior-rotterdam/">Officiel : Zagré prêté à l&rsquo;Excelsior Rotterdam</a></blockquote><iframe sandbox="allow-scripts" security="restricted" src="https://www.ladiagonale.net/index.php/2023/01/31/officiel-zagre-prete-a-lexcelsior-rotterdam/embed/#?secret=3MqfKMgF1g" width="600" height="338" title="« Officiel : Zagré prêté à l&rsquo;Excelsior Rotterdam » &#8212; La Diagonale" data-secret="3MqfKMgF1g" frameborder="0" marginwidth="0" marginheight="0" scrolling="no" class="wp-embedded-content"></iframe><script type="text/javascript">
/*! This file is auto-generated */
!function(c,l){"use strict";var e=!1,o=!1;if(l.querySelector)if(c.addEventListener)e=!0;if(c.wp=c.wp||{},c.wp.receiveEmbedMessage);else if(c.wp.receiveEmbedMessage=function(e){var t=e.data;if(!t);else if(!(t.secret||t.message||t.value));else if(/[^a-zA-Z0-9]/.test(t.secret));else{for(var r,s,a,i=l.querySelectorAll('iframe[data-secret="'+t.secret+'"]'),n=l.querySelectorAll('blockquote[data-secret="'+t.secret+'"]'),o=0;o<n.length;o++)n[o].style.display="none";for(o=0;o<i.length;o++)if(r=i[o],e.source!==r.contentWindow);else{if(r.removeAttribute("style"),"height"===t.message){if(1e3<(s=parseInt(t.value,10)))s=1e3;else if(~~s<200)s=200;r.height=s}if("link"===t.message)if(s=l.createElement("a"),a=l.createElement("a"),s.href=r.getAttribute("src"),a.href=t.value,a.host===s.host)if(l.activeElement===r)c.top.location.href=t.value}}},e)c.addEventListener("message",c.wp.receiveEmbedMessage,!1),l.addEventListener("DOMContentLoaded",t,!1),c.addEventListener("load",t,!1);function t(){if(o);else{o=!0;for(var e,t,r,s=-1!==navigator.appVersion.indexOf("MSIE 10"),a=!!navigator.userAgent.match(/Trident.*rv:11\./),i=l.querySelectorAll("iframe.wp-embedded-content"),n=0;n<i.length;n++){if(!(r=(t=i[n]).getAttribute("data-secret")))r=Math.random().toString(36).substr(2,10),t.src+="#?secret="+r,t.setAttribute("data-secret",r);if(s||a)(e=t.cloneNode(!0)).removeAttribute("security"),t.parentNode.replaceChild(e,t);t.contentWindow.postMessage({message:"ready",secret:r},"*")}}}}(window,document);
</script>

L’AS Monaco a beaucoup travaillé sur ses joueurs prêtés lors de ce mercato hivernal. Après Lecomte, Musaba et Matsima, Arthur Zagré va lui aussi changer d&rsquo;air. Le latéral gauche de 21 ans quitte le FC Utrecht mais reste aux Pays-Bas pour rejoindre l’Excelsior Rotterdam, 14e d’Eredivisie, jusqu&rsquo;à la fin de la saison. Officialisé par le [...]
