{"version":"1.0","provider_name":"La Diagonale","provider_url":"https:\/\/www.ladiagonale.net","author_name":"Damien Dellerba","author_url":"https:\/\/www.ladiagonale.net\/index.php\/author\/damien\/","title":"L'AS Monaco lance son programme \u00ab\u00a0\u00dcNSEME\u00a0\u00bb - La Diagonale","type":"rich","width":600,"height":338,"html":"<blockquote class=\"wp-embedded-content\" data-secret=\"G59a7cOLKl\"><a href=\"https:\/\/www.ladiagonale.net\/index.php\/2023\/03\/29\/las-monaco-lance-son-programme-unseme\/\">L&rsquo;AS Monaco lance son programme \u00ab\u00a0\u00dcNSEME\u00a0\u00bb<\/a><\/blockquote><iframe sandbox=\"allow-scripts\" security=\"restricted\" src=\"https:\/\/www.ladiagonale.net\/index.php\/2023\/03\/29\/las-monaco-lance-son-programme-unseme\/embed\/#?secret=G59a7cOLKl\" width=\"600\" height=\"338\" title=\"\u00ab\u00a0L&rsquo;AS Monaco lance son programme \u00ab\u00a0\u00dcNSEME\u00a0\u00bb\u00a0\u00bb &#8212; La Diagonale\" data-secret=\"G59a7cOLKl\" frameborder=\"0\" marginwidth=\"0\" marginheight=\"0\" scrolling=\"no\" class=\"wp-embedded-content\"><\/iframe><script type=\"text\/javascript\">\n\/*! This file is auto-generated *\/\n!function(c,l){\"use strict\";var e=!1,o=!1;if(l.querySelector)if(c.addEventListener)e=!0;if(c.wp=c.wp||{},c.wp.receiveEmbedMessage);else if(c.wp.receiveEmbedMessage=function(e){var t=e.data;if(!t);else if(!(t.secret||t.message||t.value));else if(\/[^a-zA-Z0-9]\/.test(t.secret));else{for(var r,s,a,i=l.querySelectorAll('iframe[data-secret=\"'+t.secret+'\"]'),n=l.querySelectorAll('blockquote[data-secret=\"'+t.secret+'\"]'),o=0;o<n.length;o++)n[o].style.display=\"none\";for(o=0;o<i.length;o++)if(r=i[o],e.source!==r.contentWindow);else{if(r.removeAttribute(\"style\"),\"height\"===t.message){if(1e3<(s=parseInt(t.value,10)))s=1e3;else if(~~s<200)s=200;r.height=s}if(\"link\"===t.message)if(s=l.createElement(\"a\"),a=l.createElement(\"a\"),s.href=r.getAttribute(\"src\"),a.href=t.value,a.host===s.host)if(l.activeElement===r)c.top.location.href=t.value}}},e)c.addEventListener(\"message\",c.wp.receiveEmbedMessage,!1),l.addEventListener(\"DOMContentLoaded\",t,!1),c.addEventListener(\"load\",t,!1);function t(){if(o);else{o=!0;for(var e,t,r,s=-1!==navigator.appVersion.indexOf(\"MSIE 10\"),a=!!navigator.userAgent.match(\/Trident.*rv:11\\.\/),i=l.querySelectorAll(\"iframe.wp-embedded-content\"),n=0;n<i.length;n++){if(!(r=(t=i[n]).getAttribute(\"data-secret\")))r=Math.random().toString(36).substr(2,10),t.src+=\"#?secret=\"+r,t.setAttribute(\"data-secret\",r);if(s||a)(e=t.cloneNode(!0)).removeAttribute(\"security\"),t.parentNode.replaceChild(e,t);t.contentWindow.postMessage({message:\"ready\",secret:r},\"*\")}}}}(window,document);\n<\/script>\n","description":"L&rsquo;AS Monaco a lanc\u00e9 ce mercredi un programme visant \u00e0 renforcer les liens entre les clubs et les communes environnantes. Ce programme, intitul\u00e9 \u00ab\u00a0\u00dcnseme\u00a0\u00bb, ce qui signifie \u00ab\u00a0Ensemble\u00a0\u00bb en langue mon\u00e9gasque, fera des communes et clubs partenaires les \u00ab\u00a0ambassadeurs de l\u2019AS Monaco\u00a0\u00bb et leur donnera quelques avantages, comme des rencontres de joueurs pour les enfants [...]","thumbnail_url":"https:\/\/www.ladiagonale.net\/wp-content\/uploads\/2023\/03\/2023-03-29-unseme-signature-0093-1160x650-1.jpg","thumbnail_width":1160,"thumbnail_height":650}

L'AS Monaco lance son programme « ÜNSEME » - La Diagonale

<blockquote class="wp-embedded-content" data-secret="G59a7cOLKl"><a href="https://www.ladiagonale.net/index.php/2023/03/29/las-monaco-lance-son-programme-unseme/">L&rsquo;AS Monaco lance son programme « ÜNSEME »</a></blockquote><iframe sandbox="allow-scripts" security="restricted" src="https://www.ladiagonale.net/index.php/2023/03/29/las-monaco-lance-son-programme-unseme/embed/#?secret=G59a7cOLKl" width="600" height="338" title="« L&rsquo;AS Monaco lance son programme « ÜNSEME » » &#8212; La Diagonale" data-secret="G59a7cOLKl" frameborder="0" marginwidth="0" marginheight="0" scrolling="no" class="wp-embedded-content"></iframe><script type="text/javascript">
/*! This file is auto-generated */
!function(c,l){"use strict";var e=!1,o=!1;if(l.querySelector)if(c.addEventListener)e=!0;if(c.wp=c.wp||{},c.wp.receiveEmbedMessage);else if(c.wp.receiveEmbedMessage=function(e){var t=e.data;if(!t);else if(!(t.secret||t.message||t.value));else if(/[^a-zA-Z0-9]/.test(t.secret));else{for(var r,s,a,i=l.querySelectorAll('iframe[data-secret="'+t.secret+'"]'),n=l.querySelectorAll('blockquote[data-secret="'+t.secret+'"]'),o=0;o<n.length;o++)n[o].style.display="none";for(o=0;o<i.length;o++)if(r=i[o],e.source!==r.contentWindow);else{if(r.removeAttribute("style"),"height"===t.message){if(1e3<(s=parseInt(t.value,10)))s=1e3;else if(~~s<200)s=200;r.height=s}if("link"===t.message)if(s=l.createElement("a"),a=l.createElement("a"),s.href=r.getAttribute("src"),a.href=t.value,a.host===s.host)if(l.activeElement===r)c.top.location.href=t.value}}},e)c.addEventListener("message",c.wp.receiveEmbedMessage,!1),l.addEventListener("DOMContentLoaded",t,!1),c.addEventListener("load",t,!1);function t(){if(o);else{o=!0;for(var e,t,r,s=-1!==navigator.appVersion.indexOf("MSIE 10"),a=!!navigator.userAgent.match(/Trident.*rv:11\./),i=l.querySelectorAll("iframe.wp-embedded-content"),n=0;n<i.length;n++){if(!(r=(t=i[n]).getAttribute("data-secret")))r=Math.random().toString(36).substr(2,10),t.src+="#?secret="+r,t.setAttribute("data-secret",r);if(s||a)(e=t.cloneNode(!0)).removeAttribute("security"),t.parentNode.replaceChild(e,t);t.contentWindow.postMessage({message:"ready",secret:r},"*")}}}}(window,document);
</script>

L&rsquo;AS Monaco a lancé ce mercredi un programme visant à renforcer les liens entre les clubs et les communes environnantes. Ce programme, intitulé « Ünseme », ce qui signifie « Ensemble » en langue monégasque, fera des communes et clubs partenaires les « ambassadeurs de l’AS Monaco » et leur donnera quelques avantages, comme des rencontres de joueurs pour les enfants [...]
