{"version":"1.0","provider_name":"La Diagonale","provider_url":"https:\/\/www.ladiagonale.net","author_name":"Damien Dellerba","author_url":"https:\/\/www.ladiagonale.net\/index.php\/author\/damien\/","title":"Clement annonce les forfaits de plusieurs joueurs - La Diagonale","type":"rich","width":600,"height":338,"html":"<blockquote class=\"wp-embedded-content\" data-secret=\"lB7OiSGZSr\"><a href=\"https:\/\/www.ladiagonale.net\/index.php\/2023\/03\/31\/clement-annonce-les-forfaits-de-plusieurs-joueurs\/\">Clement annonce les forfaits de plusieurs joueurs<\/a><\/blockquote><iframe sandbox=\"allow-scripts\" security=\"restricted\" src=\"https:\/\/www.ladiagonale.net\/index.php\/2023\/03\/31\/clement-annonce-les-forfaits-de-plusieurs-joueurs\/embed\/#?secret=lB7OiSGZSr\" width=\"600\" height=\"338\" title=\"\u00ab\u00a0Clement annonce les forfaits de plusieurs joueurs\u00a0\u00bb &#8212; La Diagonale\" data-secret=\"lB7OiSGZSr\" frameborder=\"0\" marginwidth=\"0\" marginheight=\"0\" scrolling=\"no\" class=\"wp-embedded-content\"><\/iframe><script type=\"text\/javascript\">\n\/*! This file is auto-generated *\/\n!function(c,l){\"use strict\";var e=!1,o=!1;if(l.querySelector)if(c.addEventListener)e=!0;if(c.wp=c.wp||{},c.wp.receiveEmbedMessage);else if(c.wp.receiveEmbedMessage=function(e){var t=e.data;if(!t);else if(!(t.secret||t.message||t.value));else if(\/[^a-zA-Z0-9]\/.test(t.secret));else{for(var r,s,a,i=l.querySelectorAll('iframe[data-secret=\"'+t.secret+'\"]'),n=l.querySelectorAll('blockquote[data-secret=\"'+t.secret+'\"]'),o=0;o<n.length;o++)n[o].style.display=\"none\";for(o=0;o<i.length;o++)if(r=i[o],e.source!==r.contentWindow);else{if(r.removeAttribute(\"style\"),\"height\"===t.message){if(1e3<(s=parseInt(t.value,10)))s=1e3;else if(~~s<200)s=200;r.height=s}if(\"link\"===t.message)if(s=l.createElement(\"a\"),a=l.createElement(\"a\"),s.href=r.getAttribute(\"src\"),a.href=t.value,a.host===s.host)if(l.activeElement===r)c.top.location.href=t.value}}},e)c.addEventListener(\"message\",c.wp.receiveEmbedMessage,!1),l.addEventListener(\"DOMContentLoaded\",t,!1),c.addEventListener(\"load\",t,!1);function t(){if(o);else{o=!0;for(var e,t,r,s=-1!==navigator.appVersion.indexOf(\"MSIE 10\"),a=!!navigator.userAgent.match(\/Trident.*rv:11\\.\/),i=l.querySelectorAll(\"iframe.wp-embedded-content\"),n=0;n<i.length;n++){if(!(r=(t=i[n]).getAttribute(\"data-secret\")))r=Math.random().toString(36).substr(2,10),t.src+=\"#?secret=\"+r,t.setAttribute(\"data-secret\",r);if(s||a)(e=t.cloneNode(!0)).removeAttribute(\"security\"),t.parentNode.replaceChild(e,t);t.contentWindow.postMessage({message:\"ready\",secret:r},\"*\")}}}}(window,document);\n<\/script>\n","description":"L\u2019AS Monaco va avoir des manques en attaque pour la r\u00e9ception de Strasbourg ce dimanche (17h05). Outre l\u2019absence de Breel Embolo, qui souffre d\u2019une entorse \u00e0 un genou et qui sera absent pour plusieurs semaines, comme l\u2019a confirm\u00e9 Philippe Clement, Myron Baodu ne sera pas non plus de la partie. L\u2019entra\u00eeneur mon\u00e9gasque a r\u00e9v\u00e9l\u00e9 que [...]","thumbnail_url":"https:\/\/www.ladiagonale.net\/wp-content\/uploads\/2022\/11\/boadu.png","thumbnail_width":1160,"thumbnail_height":650}

L’AS Monaco va avoir des manques en attaque pour la réception de Strasbourg ce dimanche (17h05). Outre l’absence de Breel Embolo, qui souffre d’une entorse à un genou et qui sera absent pour plusieurs semaines, comme l’a confirmé Philippe Clement, Myron Baodu ne sera pas non plus de la partie. L’entraîneur monégasque a révélé que [...]
