{"version":"1.0","provider_name":"La Diagonale","provider_url":"https:\/\/www.ladiagonale.net","author_name":"Damien Dellerba","author_url":"https:\/\/www.ladiagonale.net\/index.php\/author\/damien\/","title":"Fofana : \u00ab Une grande partie nous attend\u00a0\u00bb - La Diagonale","type":"rich","width":600,"height":338,"html":"<blockquote class=\"wp-embedded-content\" data-secret=\"Qqj0ExLps9\"><a href=\"https:\/\/www.ladiagonale.net\/index.php\/2023\/04\/21\/fofana-une-grande-partie-nous-attend\/\">Fofana : \u00ab Une grande partie nous attend\u00a0\u00bb<\/a><\/blockquote><iframe sandbox=\"allow-scripts\" security=\"restricted\" src=\"https:\/\/www.ladiagonale.net\/index.php\/2023\/04\/21\/fofana-une-grande-partie-nous-attend\/embed\/#?secret=Qqj0ExLps9\" width=\"600\" height=\"338\" title=\"\u00ab\u00a0Fofana : \u00ab Une grande partie nous attend\u00a0\u00bb\u00a0\u00bb &#8212; La Diagonale\" data-secret=\"Qqj0ExLps9\" frameborder=\"0\" marginwidth=\"0\" marginheight=\"0\" scrolling=\"no\" class=\"wp-embedded-content\"><\/iframe><script type=\"text\/javascript\">\n\/*! This file is auto-generated *\/\n!function(c,l){\"use strict\";var e=!1,o=!1;if(l.querySelector)if(c.addEventListener)e=!0;if(c.wp=c.wp||{},c.wp.receiveEmbedMessage);else if(c.wp.receiveEmbedMessage=function(e){var t=e.data;if(!t);else if(!(t.secret||t.message||t.value));else if(\/[^a-zA-Z0-9]\/.test(t.secret));else{for(var r,s,a,i=l.querySelectorAll('iframe[data-secret=\"'+t.secret+'\"]'),n=l.querySelectorAll('blockquote[data-secret=\"'+t.secret+'\"]'),o=0;o<n.length;o++)n[o].style.display=\"none\";for(o=0;o<i.length;o++)if(r=i[o],e.source!==r.contentWindow);else{if(r.removeAttribute(\"style\"),\"height\"===t.message){if(1e3<(s=parseInt(t.value,10)))s=1e3;else if(~~s<200)s=200;r.height=s}if(\"link\"===t.message)if(s=l.createElement(\"a\"),a=l.createElement(\"a\"),s.href=r.getAttribute(\"src\"),a.href=t.value,a.host===s.host)if(l.activeElement===r)c.top.location.href=t.value}}},e)c.addEventListener(\"message\",c.wp.receiveEmbedMessage,!1),l.addEventListener(\"DOMContentLoaded\",t,!1),c.addEventListener(\"load\",t,!1);function t(){if(o);else{o=!0;for(var e,t,r,s=-1!==navigator.appVersion.indexOf(\"MSIE 10\"),a=!!navigator.userAgent.match(\/Trident.*rv:11\\.\/),i=l.querySelectorAll(\"iframe.wp-embedded-content\"),n=0;n<i.length;n++){if(!(r=(t=i[n]).getAttribute(\"data-secret\")))r=Math.random().toString(36).substr(2,10),t.src+=\"#?secret=\"+r,t.setAttribute(\"data-secret\",r);if(s||a)(e=t.cloneNode(!0)).removeAttribute(\"security\"),t.parentNode.replaceChild(e,t);t.contentWindow.postMessage({message:\"ready\",secret:r},\"*\")}}}}(window,document);\n<\/script>\n","description":"Dans l\u2019entretien qu\u2019il a accord\u00e9 \u00e0 Nice-Matin, Youssouf Fofana a \u00e9galement \u00e9voqu\u00e9 la rencontre de samedi face \u00e0 Lens (21h). Le milieu de terrain juge positivement son prochain adversaire \u00ab\u00a0C\u2019est une bonne formation. Depuis qu\u2019ils sont remont\u00e9s en L1, ils font tr\u00e8s, tr\u00e8s mal. \u00c7a fait deux ans cons\u00e9cutifs qu\u2019ils jouent un grand r\u00f4le dans [...]","thumbnail_url":"https:\/\/www.ladiagonale.net\/wp-content\/uploads\/2022\/11\/fofana.png","thumbnail_width":1160,"thumbnail_height":650}

Dans l’entretien qu’il a accordé à Nice-Matin, Youssouf Fofana a également évoqué la rencontre de samedi face à Lens (21h). Le milieu de terrain juge positivement son prochain adversaire « C’est une bonne formation. Depuis qu’ils sont remontés en L1, ils font très, très mal. Ça fait deux ans consécutifs qu’ils jouent un grand rôle dans [...]
