{"version":"1.0","provider_name":"La Diagonale","provider_url":"https:\/\/www.ladiagonale.net","author_name":"Damien Dellerba","author_url":"https:\/\/www.ladiagonale.net\/index.php\/author\/damien\/","title":"Ben Yedder se verrait bien \u00e0 l'\u00e9tranger - La Diagonale","type":"rich","width":600,"height":338,"html":"<blockquote class=\"wp-embedded-content\" data-secret=\"t6IvxlSiOD\"><a href=\"https:\/\/www.ladiagonale.net\/index.php\/2023\/07\/10\/ben-yedder-se-verrait-bien-a-letranger\/\">Ben Yedder se verrait bien \u00e0 l&rsquo;\u00e9tranger<\/a><\/blockquote><iframe sandbox=\"allow-scripts\" security=\"restricted\" src=\"https:\/\/www.ladiagonale.net\/index.php\/2023\/07\/10\/ben-yedder-se-verrait-bien-a-letranger\/embed\/#?secret=t6IvxlSiOD\" width=\"600\" height=\"338\" title=\"\u00ab\u00a0Ben Yedder se verrait bien \u00e0 l&rsquo;\u00e9tranger\u00a0\u00bb &#8212; La Diagonale\" data-secret=\"t6IvxlSiOD\" frameborder=\"0\" marginwidth=\"0\" marginheight=\"0\" scrolling=\"no\" class=\"wp-embedded-content\"><\/iframe><script type=\"text\/javascript\">\n\/*! This file is auto-generated *\/\n!function(c,l){\"use strict\";var e=!1,o=!1;if(l.querySelector)if(c.addEventListener)e=!0;if(c.wp=c.wp||{},c.wp.receiveEmbedMessage);else if(c.wp.receiveEmbedMessage=function(e){var t=e.data;if(!t);else if(!(t.secret||t.message||t.value));else if(\/[^a-zA-Z0-9]\/.test(t.secret));else{for(var r,s,a,i=l.querySelectorAll('iframe[data-secret=\"'+t.secret+'\"]'),n=l.querySelectorAll('blockquote[data-secret=\"'+t.secret+'\"]'),o=0;o<n.length;o++)n[o].style.display=\"none\";for(o=0;o<i.length;o++)if(r=i[o],e.source!==r.contentWindow);else{if(r.removeAttribute(\"style\"),\"height\"===t.message){if(1e3<(s=parseInt(t.value,10)))s=1e3;else if(~~s<200)s=200;r.height=s}if(\"link\"===t.message)if(s=l.createElement(\"a\"),a=l.createElement(\"a\"),s.href=r.getAttribute(\"src\"),a.href=t.value,a.host===s.host)if(l.activeElement===r)c.top.location.href=t.value}}},e)c.addEventListener(\"message\",c.wp.receiveEmbedMessage,!1),l.addEventListener(\"DOMContentLoaded\",t,!1),c.addEventListener(\"load\",t,!1);function t(){if(o);else{o=!0;for(var e,t,r,s=-1!==navigator.appVersion.indexOf(\"MSIE 10\"),a=!!navigator.userAgent.match(\/Trident.*rv:11\\.\/),i=l.querySelectorAll(\"iframe.wp-embedded-content\"),n=0;n<i.length;n++){if(!(r=(t=i[n]).getAttribute(\"data-secret\")))r=Math.random().toString(36).substr(2,10),t.src+=\"#?secret=\"+r,t.setAttribute(\"data-secret\",r);if(s||a)(e=t.cloneNode(!0)).removeAttribute(\"security\"),t.parentNode.replaceChild(e,t);t.contentWindow.postMessage({message:\"ready\",secret:r},\"*\")}}}}(window,document);\n<\/script>\n","description":"R\u00e9cemment, une rumeur \u00e9voquant un int\u00e9r\u00eat de Rennes pour Wissam Ben Yedder avait surgi dans la presse, imm\u00e9diatement d\u00e9mentie par le directeur technique breton, Florian Maurice. Mais le nom du capitaine de l&rsquo;AS Monaco a aussi \u00e9t\u00e9 r\u00e9guli\u00e8rement cit\u00e9 du c\u00f4t\u00e9 de l&rsquo;OM, notamment en cas de d\u00e9part d&rsquo;Alexis Sanchez. Ben Yedder ne devrait toutefois [...]","thumbnail_url":"https:\/\/www.ladiagonale.net\/wp-content\/uploads\/2022\/12\/ben-yedder3.png","thumbnail_width":1160,"thumbnail_height":650}

Ben Yedder se verrait bien à l'étranger - La Diagonale

<blockquote class="wp-embedded-content" data-secret="t6IvxlSiOD"><a href="https://www.ladiagonale.net/index.php/2023/07/10/ben-yedder-se-verrait-bien-a-letranger/">Ben Yedder se verrait bien à l&rsquo;étranger</a></blockquote><iframe sandbox="allow-scripts" security="restricted" src="https://www.ladiagonale.net/index.php/2023/07/10/ben-yedder-se-verrait-bien-a-letranger/embed/#?secret=t6IvxlSiOD" width="600" height="338" title="« Ben Yedder se verrait bien à l&rsquo;étranger » &#8212; La Diagonale" data-secret="t6IvxlSiOD" frameborder="0" marginwidth="0" marginheight="0" scrolling="no" class="wp-embedded-content"></iframe><script type="text/javascript">
/*! This file is auto-generated */
!function(c,l){"use strict";var e=!1,o=!1;if(l.querySelector)if(c.addEventListener)e=!0;if(c.wp=c.wp||{},c.wp.receiveEmbedMessage);else if(c.wp.receiveEmbedMessage=function(e){var t=e.data;if(!t);else if(!(t.secret||t.message||t.value));else if(/[^a-zA-Z0-9]/.test(t.secret));else{for(var r,s,a,i=l.querySelectorAll('iframe[data-secret="'+t.secret+'"]'),n=l.querySelectorAll('blockquote[data-secret="'+t.secret+'"]'),o=0;o<n.length;o++)n[o].style.display="none";for(o=0;o<i.length;o++)if(r=i[o],e.source!==r.contentWindow);else{if(r.removeAttribute("style"),"height"===t.message){if(1e3<(s=parseInt(t.value,10)))s=1e3;else if(~~s<200)s=200;r.height=s}if("link"===t.message)if(s=l.createElement("a"),a=l.createElement("a"),s.href=r.getAttribute("src"),a.href=t.value,a.host===s.host)if(l.activeElement===r)c.top.location.href=t.value}}},e)c.addEventListener("message",c.wp.receiveEmbedMessage,!1),l.addEventListener("DOMContentLoaded",t,!1),c.addEventListener("load",t,!1);function t(){if(o);else{o=!0;for(var e,t,r,s=-1!==navigator.appVersion.indexOf("MSIE 10"),a=!!navigator.userAgent.match(/Trident.*rv:11\./),i=l.querySelectorAll("iframe.wp-embedded-content"),n=0;n<i.length;n++){if(!(r=(t=i[n]).getAttribute("data-secret")))r=Math.random().toString(36).substr(2,10),t.src+="#?secret="+r,t.setAttribute("data-secret",r);if(s||a)(e=t.cloneNode(!0)).removeAttribute("security"),t.parentNode.replaceChild(e,t);t.contentWindow.postMessage({message:"ready",secret:r},"*")}}}}(window,document);
</script>

Récemment, une rumeur évoquant un intérêt de Rennes pour Wissam Ben Yedder avait surgi dans la presse, immédiatement démentie par le directeur technique breton, Florian Maurice. Mais le nom du capitaine de l&rsquo;AS Monaco a aussi été régulièrement cité du côté de l&rsquo;OM, notamment en cas de départ d&rsquo;Alexis Sanchez. Ben Yedder ne devrait toutefois [...]
