{"version":"1.0","provider_name":"La Diagonale","provider_url":"https:\/\/www.ladiagonale.net","author_name":"Damien Dellerba","author_url":"https:\/\/www.ladiagonale.net\/index.php\/author\/damien\/","title":"Un accord de principe avec Balogun ? - La Diagonale","type":"rich","width":600,"height":338,"html":"<blockquote class=\"wp-embedded-content\" data-secret=\"Qo6m1LnNwp\"><a href=\"https:\/\/www.ladiagonale.net\/index.php\/2023\/08\/09\/un-accord-de-principe-avec-balogun\/\">Un accord de principe avec Balogun ?<\/a><\/blockquote><iframe sandbox=\"allow-scripts\" security=\"restricted\" src=\"https:\/\/www.ladiagonale.net\/index.php\/2023\/08\/09\/un-accord-de-principe-avec-balogun\/embed\/#?secret=Qo6m1LnNwp\" width=\"600\" height=\"338\" title=\"\u00ab\u00a0Un accord de principe avec Balogun ?\u00a0\u00bb &#8212; La Diagonale\" data-secret=\"Qo6m1LnNwp\" frameborder=\"0\" marginwidth=\"0\" marginheight=\"0\" scrolling=\"no\" class=\"wp-embedded-content\"><\/iframe><script type=\"text\/javascript\">\n\/*! This file is auto-generated *\/\n!function(c,l){\"use strict\";var e=!1,o=!1;if(l.querySelector)if(c.addEventListener)e=!0;if(c.wp=c.wp||{},c.wp.receiveEmbedMessage);else if(c.wp.receiveEmbedMessage=function(e){var t=e.data;if(!t);else if(!(t.secret||t.message||t.value));else if(\/[^a-zA-Z0-9]\/.test(t.secret));else{for(var r,s,a,i=l.querySelectorAll('iframe[data-secret=\"'+t.secret+'\"]'),n=l.querySelectorAll('blockquote[data-secret=\"'+t.secret+'\"]'),o=0;o<n.length;o++)n[o].style.display=\"none\";for(o=0;o<i.length;o++)if(r=i[o],e.source!==r.contentWindow);else{if(r.removeAttribute(\"style\"),\"height\"===t.message){if(1e3<(s=parseInt(t.value,10)))s=1e3;else if(~~s<200)s=200;r.height=s}if(\"link\"===t.message)if(s=l.createElement(\"a\"),a=l.createElement(\"a\"),s.href=r.getAttribute(\"src\"),a.href=t.value,a.host===s.host)if(l.activeElement===r)c.top.location.href=t.value}}},e)c.addEventListener(\"message\",c.wp.receiveEmbedMessage,!1),l.addEventListener(\"DOMContentLoaded\",t,!1),c.addEventListener(\"load\",t,!1);function t(){if(o);else{o=!0;for(var e,t,r,s=-1!==navigator.appVersion.indexOf(\"MSIE 10\"),a=!!navigator.userAgent.match(\/Trident.*rv:11\\.\/),i=l.querySelectorAll(\"iframe.wp-embedded-content\"),n=0;n<i.length;n++){if(!(r=(t=i[n]).getAttribute(\"data-secret\")))r=Math.random().toString(36).substr(2,10),t.src+=\"#?secret=\"+r,t.setAttribute(\"data-secret\",r);if(s||a)(e=t.cloneNode(!0)).removeAttribute(\"security\"),t.parentNode.replaceChild(e,t);t.contentWindow.postMessage({message:\"ready\",secret:r},\"*\")}}}}(window,document);\n<\/script>\n","description":"Avec la blessure de Breel Embolo \u00e0 un genou, victime d\u2019une rupture des ligaments crois\u00e9s, l\u2019AS Monaco s\u2019est mise en qu\u00eate d\u2019un attaquant suppl\u00e9mentaire. \u00c0 l\u2019heure actuelle, les rumeurs sont particuli\u00e8rement insistantes autour de Folarin Balogun. Plusieurs m\u00e9dias ont \u00e9voqu\u00e9 une offre de l\u2019ASM rejet\u00e9e par Arsenal et RMC pr\u00e9cise que celle-ci aurait \u00e9t\u00e9 de [...]","thumbnail_url":"https:\/\/www.ladiagonale.net\/wp-content\/uploads\/2023\/03\/balogun.png","thumbnail_width":1160,"thumbnail_height":650}

Avec la blessure de Breel Embolo à un genou, victime d’une rupture des ligaments croisés, l’AS Monaco s’est mise en quête d’un attaquant supplémentaire. À l’heure actuelle, les rumeurs sont particulièrement insistantes autour de Folarin Balogun. Plusieurs médias ont évoqué une offre de l’ASM rejetée par Arsenal et RMC précise que celle-ci aurait été de [...]
