{"version":"1.0","provider_name":"La Diagonale","provider_url":"https:\/\/www.ladiagonale.net","author_name":"Damien Dellerba","author_url":"https:\/\/www.ladiagonale.net\/index.php\/author\/damien\/","title":"Toujours pas d'accord avec Fulham pour Adarabioyo ? - La Diagonale","type":"rich","width":600,"height":338,"html":"<blockquote class=\"wp-embedded-content\" data-secret=\"JiSN9iTZMm\"><a href=\"https:\/\/www.ladiagonale.net\/index.php\/2023\/09\/01\/toujours-pas-daccord-pour-adarabioyo\/\">Toujours pas d&rsquo;accord avec Fulham pour Adarabioyo ?<\/a><\/blockquote><iframe sandbox=\"allow-scripts\" security=\"restricted\" src=\"https:\/\/www.ladiagonale.net\/index.php\/2023\/09\/01\/toujours-pas-daccord-pour-adarabioyo\/embed\/#?secret=JiSN9iTZMm\" width=\"600\" height=\"338\" title=\"\u00ab\u00a0Toujours pas d&rsquo;accord avec Fulham pour Adarabioyo ?\u00a0\u00bb &#8212; La Diagonale\" data-secret=\"JiSN9iTZMm\" frameborder=\"0\" marginwidth=\"0\" marginheight=\"0\" scrolling=\"no\" class=\"wp-embedded-content\"><\/iframe><script type=\"text\/javascript\">\n\/*! This file is auto-generated *\/\n!function(c,l){\"use strict\";var e=!1,o=!1;if(l.querySelector)if(c.addEventListener)e=!0;if(c.wp=c.wp||{},c.wp.receiveEmbedMessage);else if(c.wp.receiveEmbedMessage=function(e){var t=e.data;if(!t);else if(!(t.secret||t.message||t.value));else if(\/[^a-zA-Z0-9]\/.test(t.secret));else{for(var r,s,a,i=l.querySelectorAll('iframe[data-secret=\"'+t.secret+'\"]'),n=l.querySelectorAll('blockquote[data-secret=\"'+t.secret+'\"]'),o=0;o<n.length;o++)n[o].style.display=\"none\";for(o=0;o<i.length;o++)if(r=i[o],e.source!==r.contentWindow);else{if(r.removeAttribute(\"style\"),\"height\"===t.message){if(1e3<(s=parseInt(t.value,10)))s=1e3;else if(~~s<200)s=200;r.height=s}if(\"link\"===t.message)if(s=l.createElement(\"a\"),a=l.createElement(\"a\"),s.href=r.getAttribute(\"src\"),a.href=t.value,a.host===s.host)if(l.activeElement===r)c.top.location.href=t.value}}},e)c.addEventListener(\"message\",c.wp.receiveEmbedMessage,!1),l.addEventListener(\"DOMContentLoaded\",t,!1),c.addEventListener(\"load\",t,!1);function t(){if(o);else{o=!0;for(var e,t,r,s=-1!==navigator.appVersion.indexOf(\"MSIE 10\"),a=!!navigator.userAgent.match(\/Trident.*rv:11\\.\/),i=l.querySelectorAll(\"iframe.wp-embedded-content\"),n=0;n<i.length;n++){if(!(r=(t=i[n]).getAttribute(\"data-secret\")))r=Math.random().toString(36).substr(2,10),t.src+=\"#?secret=\"+r,t.setAttribute(\"data-secret\",r);if(s||a)(e=t.cloneNode(!0)).removeAttribute(\"security\"),t.parentNode.replaceChild(e,t);t.contentWindow.postMessage({message:\"ready\",secret:r},\"*\")}}}}(window,document);\n<\/script>\n","description":"C&rsquo;est le dossier chaud de cette fin de mercato du c\u00f4t\u00e9 de l&rsquo;AS Monaco. Le club de la Principaut\u00e9 aurait fait de Tosin Adarabioyo sa priorit\u00e9 en d\u00e9fense centrale, mais les n\u00e9gociations avec Fulham tra\u00eenent en longueur depuis plusieurs semaines et les dirigeants mon\u00e9gasques ne parviendraient pas \u00e0 infl\u00e9chir leurs homologues anglais. D&rsquo;apr\u00e8s RMC Sport, [...]","thumbnail_url":"https:\/\/www.ladiagonale.net\/wp-content\/uploads\/2023\/01\/adarabioyo.png","thumbnail_width":1160,"thumbnail_height":650}

C&rsquo;est le dossier chaud de cette fin de mercato du côté de l&rsquo;AS Monaco. Le club de la Principauté aurait fait de Tosin Adarabioyo sa priorité en défense centrale, mais les négociations avec Fulham traînent en longueur depuis plusieurs semaines et les dirigeants monégasques ne parviendraient pas à infléchir leurs homologues anglais. D&rsquo;après RMC Sport, [...]
