{"version":"1.0","provider_name":"La Diagonale","provider_url":"https:\/\/www.ladiagonale.net","author_name":"Damien Dellerba","author_url":"https:\/\/www.ladiagonale.net\/index.php\/author\/damien\/","title":"Deux Mon\u00e9gasques \u00e0 la Coupe du monde U17 - La Diagonale","type":"rich","width":600,"height":338,"html":"<blockquote class=\"wp-embedded-content\" data-secret=\"C0lfFSMWqe\"><a href=\"https:\/\/www.ladiagonale.net\/index.php\/2023\/10\/30\/deux-monegasques-a-la-coupe-du-monde-u17\/\">Deux Mon\u00e9gasques \u00e0 la Coupe du monde U17<\/a><\/blockquote><iframe sandbox=\"allow-scripts\" security=\"restricted\" src=\"https:\/\/www.ladiagonale.net\/index.php\/2023\/10\/30\/deux-monegasques-a-la-coupe-du-monde-u17\/embed\/#?secret=C0lfFSMWqe\" width=\"600\" height=\"338\" title=\"\u00ab\u00a0Deux Mon\u00e9gasques \u00e0 la Coupe du monde U17\u00a0\u00bb &#8212; La Diagonale\" data-secret=\"C0lfFSMWqe\" frameborder=\"0\" marginwidth=\"0\" marginheight=\"0\" scrolling=\"no\" class=\"wp-embedded-content\"><\/iframe><script type=\"text\/javascript\">\n\/*! This file is auto-generated *\/\n!function(c,l){\"use strict\";var e=!1,o=!1;if(l.querySelector)if(c.addEventListener)e=!0;if(c.wp=c.wp||{},c.wp.receiveEmbedMessage);else if(c.wp.receiveEmbedMessage=function(e){var t=e.data;if(!t);else if(!(t.secret||t.message||t.value));else if(\/[^a-zA-Z0-9]\/.test(t.secret));else{for(var r,s,a,i=l.querySelectorAll('iframe[data-secret=\"'+t.secret+'\"]'),n=l.querySelectorAll('blockquote[data-secret=\"'+t.secret+'\"]'),o=0;o<n.length;o++)n[o].style.display=\"none\";for(o=0;o<i.length;o++)if(r=i[o],e.source!==r.contentWindow);else{if(r.removeAttribute(\"style\"),\"height\"===t.message){if(1e3<(s=parseInt(t.value,10)))s=1e3;else if(~~s<200)s=200;r.height=s}if(\"link\"===t.message)if(s=l.createElement(\"a\"),a=l.createElement(\"a\"),s.href=r.getAttribute(\"src\"),a.href=t.value,a.host===s.host)if(l.activeElement===r)c.top.location.href=t.value}}},e)c.addEventListener(\"message\",c.wp.receiveEmbedMessage,!1),l.addEventListener(\"DOMContentLoaded\",t,!1),c.addEventListener(\"load\",t,!1);function t(){if(o);else{o=!0;for(var e,t,r,s=-1!==navigator.appVersion.indexOf(\"MSIE 10\"),a=!!navigator.userAgent.match(\/Trident.*rv:11\\.\/),i=l.querySelectorAll(\"iframe.wp-embedded-content\"),n=0;n<i.length;n++){if(!(r=(t=i[n]).getAttribute(\"data-secret\")))r=Math.random().toString(36).substr(2,10),t.src+=\"#?secret=\"+r,t.setAttribute(\"data-secret\",r);if(s||a)(e=t.cloneNode(!0)).removeAttribute(\"security\"),t.parentNode.replaceChild(e,t);t.contentWindow.postMessage({message:\"ready\",secret:r},\"*\")}}}}(window,document);\n<\/script>\n","description":"L&rsquo;Academy de l&rsquo;AS Monaco sera bien repr\u00e9sent\u00e9e \u00e0 la Coupe du monde U17 qui doit d\u00e9buter le 10 novembre. Deux de ses pensionnaires, Sa\u00efmon Bouabr\u00e9 (4 s\u00e9lections) et Joan Tincres (3 s\u00e9lections), font partie de la liste de l&rsquo;\u00e9quipe de France U18. Les Mon\u00e9gasques sont d\u00e9sormais bien install\u00e9s dans le groupe du s\u00e9lectionneur Jean-Luc Vannuchi, [...]","thumbnail_url":"https:\/\/www.ladiagonale.net\/wp-content\/uploads\/2023\/05\/bouabre\u03012.png","thumbnail_width":1160,"thumbnail_height":650}

Deux Monégasques à la Coupe du monde U17 - La Diagonale

<blockquote class="wp-embedded-content" data-secret="C0lfFSMWqe"><a href="https://www.ladiagonale.net/index.php/2023/10/30/deux-monegasques-a-la-coupe-du-monde-u17/">Deux Monégasques à la Coupe du monde U17</a></blockquote><iframe sandbox="allow-scripts" security="restricted" src="https://www.ladiagonale.net/index.php/2023/10/30/deux-monegasques-a-la-coupe-du-monde-u17/embed/#?secret=C0lfFSMWqe" width="600" height="338" title="« Deux Monégasques à la Coupe du monde U17 » &#8212; La Diagonale" data-secret="C0lfFSMWqe" frameborder="0" marginwidth="0" marginheight="0" scrolling="no" class="wp-embedded-content"></iframe><script type="text/javascript">
/*! This file is auto-generated */
!function(c,l){"use strict";var e=!1,o=!1;if(l.querySelector)if(c.addEventListener)e=!0;if(c.wp=c.wp||{},c.wp.receiveEmbedMessage);else if(c.wp.receiveEmbedMessage=function(e){var t=e.data;if(!t);else if(!(t.secret||t.message||t.value));else if(/[^a-zA-Z0-9]/.test(t.secret));else{for(var r,s,a,i=l.querySelectorAll('iframe[data-secret="'+t.secret+'"]'),n=l.querySelectorAll('blockquote[data-secret="'+t.secret+'"]'),o=0;o<n.length;o++)n[o].style.display="none";for(o=0;o<i.length;o++)if(r=i[o],e.source!==r.contentWindow);else{if(r.removeAttribute("style"),"height"===t.message){if(1e3<(s=parseInt(t.value,10)))s=1e3;else if(~~s<200)s=200;r.height=s}if("link"===t.message)if(s=l.createElement("a"),a=l.createElement("a"),s.href=r.getAttribute("src"),a.href=t.value,a.host===s.host)if(l.activeElement===r)c.top.location.href=t.value}}},e)c.addEventListener("message",c.wp.receiveEmbedMessage,!1),l.addEventListener("DOMContentLoaded",t,!1),c.addEventListener("load",t,!1);function t(){if(o);else{o=!0;for(var e,t,r,s=-1!==navigator.appVersion.indexOf("MSIE 10"),a=!!navigator.userAgent.match(/Trident.*rv:11\./),i=l.querySelectorAll("iframe.wp-embedded-content"),n=0;n<i.length;n++){if(!(r=(t=i[n]).getAttribute("data-secret")))r=Math.random().toString(36).substr(2,10),t.src+="#?secret="+r,t.setAttribute("data-secret",r);if(s||a)(e=t.cloneNode(!0)).removeAttribute("security"),t.parentNode.replaceChild(e,t);t.contentWindow.postMessage({message:"ready",secret:r},"*")}}}}(window,document);
</script>

L&rsquo;Academy de l&rsquo;AS Monaco sera bien représentée à la Coupe du monde U17 qui doit débuter le 10 novembre. Deux de ses pensionnaires, Saïmon Bouabré (4 sélections) et Joan Tincres (3 sélections), font partie de la liste de l&rsquo;équipe de France U18. Les Monégasques sont désormais bien installés dans le groupe du sélectionneur Jean-Luc Vannuchi, [...]
