{"version":"1.0","provider_name":"La Diagonale","provider_url":"https:\/\/www.ladiagonale.net","author_name":"Damien Dellerba","author_url":"https:\/\/www.ladiagonale.net\/index.php\/author\/damien\/","title":"Un tr\u00e8s jeune d\u00e9fenseur italien plairait \u00e0 l'ASM - La Diagonale","type":"rich","width":600,"height":338,"html":"<blockquote class=\"wp-embedded-content\" data-secret=\"SxtLzm6MQX\"><a href=\"https:\/\/www.ladiagonale.net\/index.php\/2024\/06\/22\/un-tres-jeune-defenseur-italien-plairait-a-lasm\/\">Un tr\u00e8s jeune d\u00e9fenseur italien plairait \u00e0 l&rsquo;ASM<\/a><\/blockquote><iframe sandbox=\"allow-scripts\" security=\"restricted\" src=\"https:\/\/www.ladiagonale.net\/index.php\/2024\/06\/22\/un-tres-jeune-defenseur-italien-plairait-a-lasm\/embed\/#?secret=SxtLzm6MQX\" width=\"600\" height=\"338\" title=\"\u00ab\u00a0Un tr\u00e8s jeune d\u00e9fenseur italien plairait \u00e0 l&rsquo;ASM\u00a0\u00bb &#8212; La Diagonale\" data-secret=\"SxtLzm6MQX\" frameborder=\"0\" marginwidth=\"0\" marginheight=\"0\" scrolling=\"no\" class=\"wp-embedded-content\"><\/iframe><script type=\"text\/javascript\">\n\/*! This file is auto-generated *\/\n!function(c,l){\"use strict\";var e=!1,o=!1;if(l.querySelector)if(c.addEventListener)e=!0;if(c.wp=c.wp||{},c.wp.receiveEmbedMessage);else if(c.wp.receiveEmbedMessage=function(e){var t=e.data;if(!t);else if(!(t.secret||t.message||t.value));else if(\/[^a-zA-Z0-9]\/.test(t.secret));else{for(var r,s,a,i=l.querySelectorAll('iframe[data-secret=\"'+t.secret+'\"]'),n=l.querySelectorAll('blockquote[data-secret=\"'+t.secret+'\"]'),o=0;o<n.length;o++)n[o].style.display=\"none\";for(o=0;o<i.length;o++)if(r=i[o],e.source!==r.contentWindow);else{if(r.removeAttribute(\"style\"),\"height\"===t.message){if(1e3<(s=parseInt(t.value,10)))s=1e3;else if(~~s<200)s=200;r.height=s}if(\"link\"===t.message)if(s=l.createElement(\"a\"),a=l.createElement(\"a\"),s.href=r.getAttribute(\"src\"),a.href=t.value,a.host===s.host)if(l.activeElement===r)c.top.location.href=t.value}}},e)c.addEventListener(\"message\",c.wp.receiveEmbedMessage,!1),l.addEventListener(\"DOMContentLoaded\",t,!1),c.addEventListener(\"load\",t,!1);function t(){if(o);else{o=!0;for(var e,t,r,s=-1!==navigator.appVersion.indexOf(\"MSIE 10\"),a=!!navigator.userAgent.match(\/Trident.*rv:11\\.\/),i=l.querySelectorAll(\"iframe.wp-embedded-content\"),n=0;n<i.length;n++){if(!(r=(t=i[n]).getAttribute(\"data-secret\")))r=Math.random().toString(36).substr(2,10),t.src+=\"#?secret=\"+r,t.setAttribute(\"data-secret\",r);if(s||a)(e=t.cloneNode(!0)).removeAttribute(\"security\"),t.parentNode.replaceChild(e,t);t.contentWindow.postMessage({message:\"ready\",secret:r},\"*\")}}}}(window,document);\n<\/script>\n","description":"Les prospections de la cellule de recrutement de l&rsquo;AS Monaco ne s&rsquo;arr\u00eatent pas, tout comme les rumeurs en cette p\u00e9riode de mercato. Selon le journaliste italien Fabrizio Romano, le club de la Principaut\u00e9 suivrait Giovanni Leoni, d\u00e9fenseur central de 17 ans. Pr\u00eat\u00e9 par Padoue \u00e0 la Sampdoria en f\u00e9vrier, Leoni devrait \u00eatre d\u00e9finitivement achet\u00e9 par [...]","thumbnail_url":"https:\/\/www.ladiagonale.net\/wp-content\/uploads\/2024\/06\/leoni.png","thumbnail_width":1160,"thumbnail_height":650}

Un très jeune défenseur italien plairait à l'ASM - La Diagonale

<blockquote class="wp-embedded-content" data-secret="SxtLzm6MQX"><a href="https://www.ladiagonale.net/index.php/2024/06/22/un-tres-jeune-defenseur-italien-plairait-a-lasm/">Un très jeune défenseur italien plairait à l&rsquo;ASM</a></blockquote><iframe sandbox="allow-scripts" security="restricted" src="https://www.ladiagonale.net/index.php/2024/06/22/un-tres-jeune-defenseur-italien-plairait-a-lasm/embed/#?secret=SxtLzm6MQX" width="600" height="338" title="« Un très jeune défenseur italien plairait à l&rsquo;ASM » &#8212; La Diagonale" data-secret="SxtLzm6MQX" frameborder="0" marginwidth="0" marginheight="0" scrolling="no" class="wp-embedded-content"></iframe><script type="text/javascript">
/*! This file is auto-generated */
!function(c,l){"use strict";var e=!1,o=!1;if(l.querySelector)if(c.addEventListener)e=!0;if(c.wp=c.wp||{},c.wp.receiveEmbedMessage);else if(c.wp.receiveEmbedMessage=function(e){var t=e.data;if(!t);else if(!(t.secret||t.message||t.value));else if(/[^a-zA-Z0-9]/.test(t.secret));else{for(var r,s,a,i=l.querySelectorAll('iframe[data-secret="'+t.secret+'"]'),n=l.querySelectorAll('blockquote[data-secret="'+t.secret+'"]'),o=0;o<n.length;o++)n[o].style.display="none";for(o=0;o<i.length;o++)if(r=i[o],e.source!==r.contentWindow);else{if(r.removeAttribute("style"),"height"===t.message){if(1e3<(s=parseInt(t.value,10)))s=1e3;else if(~~s<200)s=200;r.height=s}if("link"===t.message)if(s=l.createElement("a"),a=l.createElement("a"),s.href=r.getAttribute("src"),a.href=t.value,a.host===s.host)if(l.activeElement===r)c.top.location.href=t.value}}},e)c.addEventListener("message",c.wp.receiveEmbedMessage,!1),l.addEventListener("DOMContentLoaded",t,!1),c.addEventListener("load",t,!1);function t(){if(o);else{o=!0;for(var e,t,r,s=-1!==navigator.appVersion.indexOf("MSIE 10"),a=!!navigator.userAgent.match(/Trident.*rv:11\./),i=l.querySelectorAll("iframe.wp-embedded-content"),n=0;n<i.length;n++){if(!(r=(t=i[n]).getAttribute("data-secret")))r=Math.random().toString(36).substr(2,10),t.src+="#?secret="+r,t.setAttribute("data-secret",r);if(s||a)(e=t.cloneNode(!0)).removeAttribute("security"),t.parentNode.replaceChild(e,t);t.contentWindow.postMessage({message:"ready",secret:r},"*")}}}}(window,document);
</script>

Les prospections de la cellule de recrutement de l&rsquo;AS Monaco ne s&rsquo;arrêtent pas, tout comme les rumeurs en cette période de mercato. Selon le journaliste italien Fabrizio Romano, le club de la Principauté suivrait Giovanni Leoni, défenseur central de 17 ans. Prêté par Padoue à la Sampdoria en février, Leoni devrait être définitivement acheté par [...]
