{"version":"1.0","provider_name":"La Diagonale","provider_url":"https:\/\/www.ladiagonale.net","author_name":"Damien Dellerba","author_url":"https:\/\/www.ladiagonale.net\/index.php\/author\/damien\/","title":"Pas de retour avant octobre pour Majecki ? - La Diagonale","type":"rich","width":600,"height":338,"html":"<blockquote class=\"wp-embedded-content\" data-secret=\"5ZzcTdWxns\"><a href=\"https:\/\/www.ladiagonale.net\/index.php\/2024\/09\/13\/pas-de-retour-avant-octobre-pour-majecki\/\">Pas de retour avant octobre pour Majecki ?<\/a><\/blockquote><iframe sandbox=\"allow-scripts\" security=\"restricted\" src=\"https:\/\/www.ladiagonale.net\/index.php\/2024\/09\/13\/pas-de-retour-avant-octobre-pour-majecki\/embed\/#?secret=5ZzcTdWxns\" width=\"600\" height=\"338\" title=\"\u00ab\u00a0Pas de retour avant octobre pour Majecki ?\u00a0\u00bb &#8212; La Diagonale\" data-secret=\"5ZzcTdWxns\" frameborder=\"0\" marginwidth=\"0\" marginheight=\"0\" scrolling=\"no\" class=\"wp-embedded-content\"><\/iframe><script type=\"text\/javascript\">\n\/*! This file is auto-generated *\/\n!function(c,l){\"use strict\";var e=!1,o=!1;if(l.querySelector)if(c.addEventListener)e=!0;if(c.wp=c.wp||{},c.wp.receiveEmbedMessage);else if(c.wp.receiveEmbedMessage=function(e){var t=e.data;if(!t);else if(!(t.secret||t.message||t.value));else if(\/[^a-zA-Z0-9]\/.test(t.secret));else{for(var r,s,a,i=l.querySelectorAll('iframe[data-secret=\"'+t.secret+'\"]'),n=l.querySelectorAll('blockquote[data-secret=\"'+t.secret+'\"]'),o=0;o<n.length;o++)n[o].style.display=\"none\";for(o=0;o<i.length;o++)if(r=i[o],e.source!==r.contentWindow);else{if(r.removeAttribute(\"style\"),\"height\"===t.message){if(1e3<(s=parseInt(t.value,10)))s=1e3;else if(~~s<200)s=200;r.height=s}if(\"link\"===t.message)if(s=l.createElement(\"a\"),a=l.createElement(\"a\"),s.href=r.getAttribute(\"src\"),a.href=t.value,a.host===s.host)if(l.activeElement===r)c.top.location.href=t.value}}},e)c.addEventListener(\"message\",c.wp.receiveEmbedMessage,!1),l.addEventListener(\"DOMContentLoaded\",t,!1),c.addEventListener(\"load\",t,!1);function t(){if(o);else{o=!0;for(var e,t,r,s=-1!==navigator.appVersion.indexOf(\"MSIE 10\"),a=!!navigator.userAgent.match(\/Trident.*rv:11\\.\/),i=l.querySelectorAll(\"iframe.wp-embedded-content\"),n=0;n<i.length;n++){if(!(r=(t=i[n]).getAttribute(\"data-secret\")))r=Math.random().toString(36).substr(2,10),t.src+=\"#?secret=\"+r,t.setAttribute(\"data-secret\",r);if(s||a)(e=t.cloneNode(!0)).removeAttribute(\"security\"),t.parentNode.replaceChild(e,t);t.contentWindow.postMessage({message:\"ready\",secret:r},\"*\")}}}}(window,document);\n<\/script>\n","description":"Intronis\u00e9 titulaire en f\u00e9vrier dernier et confirm\u00e9 durant l\u2019intersaison, Radoslaw Majecki n\u2019a pourtant pas encore vu sa saison 2024-2025 d\u00e9buter. Le portier polonais va devoir encore prendre son mal en patience. S\u00e9rieusement touch\u00e9 \u00e0 la cheville droite en juillet, il ne devrait pas effectuer son retour avant le mois d\u2019octobre. En conf\u00e9rence de presse, Adi [...]","thumbnail_url":"https:\/\/www.ladiagonale.net\/wp-content\/uploads\/2024\/04\/Majecki2.png","thumbnail_width":1160,"thumbnail_height":650}

Intronisé titulaire en février dernier et confirmé durant l’intersaison, Radoslaw Majecki n’a pourtant pas encore vu sa saison 2024-2025 débuter. Le portier polonais va devoir encore prendre son mal en patience. Sérieusement touché à la cheville droite en juillet, il ne devrait pas effectuer son retour avant le mois d’octobre. En conférence de presse, Adi [...]
