{"version":"1.0","provider_name":"La Diagonale","provider_url":"https:\/\/www.ladiagonale.net","author_name":"Damien Dellerba","author_url":"https:\/\/www.ladiagonale.net\/index.php\/author\/damien\/","title":"Monaco sur un jeune attaquant camerounais ? - La Diagonale","type":"rich","width":600,"height":338,"html":"<blockquote class=\"wp-embedded-content\" data-secret=\"es0IbRciJD\"><a href=\"https:\/\/www.ladiagonale.net\/index.php\/2025\/01\/18\/monaco-sur-un-jeune-attaquant-camerounais\/\">Monaco sur un jeune attaquant camerounais ?<\/a><\/blockquote><iframe sandbox=\"allow-scripts\" security=\"restricted\" src=\"https:\/\/www.ladiagonale.net\/index.php\/2025\/01\/18\/monaco-sur-un-jeune-attaquant-camerounais\/embed\/#?secret=es0IbRciJD\" width=\"600\" height=\"338\" title=\"\u00ab\u00a0Monaco sur un jeune attaquant camerounais ?\u00a0\u00bb &#8212; La Diagonale\" data-secret=\"es0IbRciJD\" frameborder=\"0\" marginwidth=\"0\" marginheight=\"0\" scrolling=\"no\" class=\"wp-embedded-content\"><\/iframe><script type=\"text\/javascript\">\n\/*! This file is auto-generated *\/\n!function(c,l){\"use strict\";var e=!1,o=!1;if(l.querySelector)if(c.addEventListener)e=!0;if(c.wp=c.wp||{},c.wp.receiveEmbedMessage);else if(c.wp.receiveEmbedMessage=function(e){var t=e.data;if(!t);else if(!(t.secret||t.message||t.value));else if(\/[^a-zA-Z0-9]\/.test(t.secret));else{for(var r,s,a,i=l.querySelectorAll('iframe[data-secret=\"'+t.secret+'\"]'),n=l.querySelectorAll('blockquote[data-secret=\"'+t.secret+'\"]'),o=0;o<n.length;o++)n[o].style.display=\"none\";for(o=0;o<i.length;o++)if(r=i[o],e.source!==r.contentWindow);else{if(r.removeAttribute(\"style\"),\"height\"===t.message){if(1e3<(s=parseInt(t.value,10)))s=1e3;else if(~~s<200)s=200;r.height=s}if(\"link\"===t.message)if(s=l.createElement(\"a\"),a=l.createElement(\"a\"),s.href=r.getAttribute(\"src\"),a.href=t.value,a.host===s.host)if(l.activeElement===r)c.top.location.href=t.value}}},e)c.addEventListener(\"message\",c.wp.receiveEmbedMessage,!1),l.addEventListener(\"DOMContentLoaded\",t,!1),c.addEventListener(\"load\",t,!1);function t(){if(o);else{o=!0;for(var e,t,r,s=-1!==navigator.appVersion.indexOf(\"MSIE 10\"),a=!!navigator.userAgent.match(\/Trident.*rv:11\\.\/),i=l.querySelectorAll(\"iframe.wp-embedded-content\"),n=0;n<i.length;n++){if(!(r=(t=i[n]).getAttribute(\"data-secret\")))r=Math.random().toString(36).substr(2,10),t.src+=\"#?secret=\"+r,t.setAttribute(\"data-secret\",r);if(s||a)(e=t.cloneNode(!0)).removeAttribute(\"security\"),t.parentNode.replaceChild(e,t);t.contentWindow.postMessage({message:\"ready\",secret:r},\"*\")}}}}(window,document);\n<\/script>\n","description":"L\u2019AS Monaco vient d\u2019enregistrer l\u2019arriv\u00e9e de Mika Biereth dans ses rangs mais aurait d\u00e9j\u00e0 dans le viseur un autre attaquant. D\u2019apr\u00e8s L\u2019\u00c9quipe, les dirigeants de l\u2019AS Monaco envisageraient de recruter Christian Kofane, qui \u00e9volue \u00e0 Albacete, en deuxi\u00e8me division espagnole, qu\u2019il a rejoint il y a seulement deux mois. Pour l\u2019heure, le quotidien indique qu\u2019aucune [...]","thumbnail_url":"https:\/\/www.ladiagonale.net\/wp-content\/uploads\/2025\/01\/kofane.png","thumbnail_width":1160,"thumbnail_height":650}

L’AS Monaco vient d’enregistrer l’arrivée de Mika Biereth dans ses rangs mais aurait déjà dans le viseur un autre attaquant. D’après L’Équipe, les dirigeants de l’AS Monaco envisageraient de recruter Christian Kofane, qui évolue à Albacete, en deuxième division espagnole, qu’il a rejoint il y a seulement deux mois. Pour l’heure, le quotidien indique qu’aucune [...]
