{"version":"1.0","provider_name":"La Diagonale","provider_url":"https:\/\/www.ladiagonale.net","author_name":"Damien Dellerba","author_url":"https:\/\/www.ladiagonale.net\/index.php\/author\/damien\/","title":"Biereth et Vanderson incertains pour Strasbourg - La Diagonale","type":"rich","width":600,"height":338,"html":"<blockquote class=\"wp-embedded-content\" data-secret=\"fFhGTTvOef\"><a href=\"https:\/\/www.ladiagonale.net\/index.php\/2025\/04\/17\/biereth-incertain-pour-strasbourg\/\">Biereth et Vanderson incertains pour Strasbourg<\/a><\/blockquote><iframe sandbox=\"allow-scripts\" security=\"restricted\" src=\"https:\/\/www.ladiagonale.net\/index.php\/2025\/04\/17\/biereth-incertain-pour-strasbourg\/embed\/#?secret=fFhGTTvOef\" width=\"600\" height=\"338\" title=\"\u00ab\u00a0Biereth et Vanderson incertains pour Strasbourg\u00a0\u00bb &#8212; La Diagonale\" data-secret=\"fFhGTTvOef\" frameborder=\"0\" marginwidth=\"0\" marginheight=\"0\" scrolling=\"no\" class=\"wp-embedded-content\"><\/iframe><script type=\"text\/javascript\">\n\/*! This file is auto-generated *\/\n!function(c,l){\"use strict\";var e=!1,o=!1;if(l.querySelector)if(c.addEventListener)e=!0;if(c.wp=c.wp||{},c.wp.receiveEmbedMessage);else if(c.wp.receiveEmbedMessage=function(e){var t=e.data;if(!t);else if(!(t.secret||t.message||t.value));else if(\/[^a-zA-Z0-9]\/.test(t.secret));else{for(var r,s,a,i=l.querySelectorAll('iframe[data-secret=\"'+t.secret+'\"]'),n=l.querySelectorAll('blockquote[data-secret=\"'+t.secret+'\"]'),o=0;o<n.length;o++)n[o].style.display=\"none\";for(o=0;o<i.length;o++)if(r=i[o],e.source!==r.contentWindow);else{if(r.removeAttribute(\"style\"),\"height\"===t.message){if(1e3<(s=parseInt(t.value,10)))s=1e3;else if(~~s<200)s=200;r.height=s}if(\"link\"===t.message)if(s=l.createElement(\"a\"),a=l.createElement(\"a\"),s.href=r.getAttribute(\"src\"),a.href=t.value,a.host===s.host)if(l.activeElement===r)c.top.location.href=t.value}}},e)c.addEventListener(\"message\",c.wp.receiveEmbedMessage,!1),l.addEventListener(\"DOMContentLoaded\",t,!1),c.addEventListener(\"load\",t,!1);function t(){if(o);else{o=!0;for(var e,t,r,s=-1!==navigator.appVersion.indexOf(\"MSIE 10\"),a=!!navigator.userAgent.match(\/Trident.*rv:11\\.\/),i=l.querySelectorAll(\"iframe.wp-embedded-content\"),n=0;n<i.length;n++){if(!(r=(t=i[n]).getAttribute(\"data-secret\")))r=Math.random().toString(36).substr(2,10),t.src+=\"#?secret=\"+r,t.setAttribute(\"data-secret\",r);if(s||a)(e=t.cloneNode(!0)).removeAttribute(\"security\"),t.parentNode.replaceChild(e,t);t.contentWindow.postMessage({message:\"ready\",secret:r},\"*\")}}}}(window,document);\n<\/script>\n","description":"La possible absence de Mika Biereth contre Strasbourg, samedi, serait une bien mauvaise nouvelle pour l\u2019AS Monaco, m\u00eame s\u2019il n\u2019a pas marqu\u00e9 depuis deux rencontres, contre Brest et Marseille. Le meilleur buteur de l\u2019ASM cette saison (12 buts) est pour l\u2019heure incertain en raison d\u2019une g\u00eane \u00e0 un quadriceps ressentie \u00e0 l\u2019entra\u00eenement mercredi, selon Nice-Matin. [...]","thumbnail_url":"https:\/\/www.ladiagonale.net\/wp-content\/uploads\/2025\/02\/Biereth-lille.png","thumbnail_width":1160,"thumbnail_height":650}

La possible absence de Mika Biereth contre Strasbourg, samedi, serait une bien mauvaise nouvelle pour l’AS Monaco, même s’il n’a pas marqué depuis deux rencontres, contre Brest et Marseille. Le meilleur buteur de l’ASM cette saison (12 buts) est pour l’heure incertain en raison d’une gêne à un quadriceps ressentie à l’entraînement mercredi, selon Nice-Matin. [...]
