{"version":"1.0","provider_name":"La Diagonale","provider_url":"https:\/\/www.ladiagonale.net","author_name":"Damien Dellerba","author_url":"https:\/\/www.ladiagonale.net\/index.php\/author\/damien\/","title":"H\u00fctter \u00ab\u00a0pas surpris\u00a0\u00bb par l\u2019\u00e9volution de Lemarechal - La Diagonale","type":"rich","width":600,"height":338,"html":"<blockquote class=\"wp-embedded-content\" data-secret=\"ZX8Kt3Xynx\"><a href=\"https:\/\/www.ladiagonale.net\/index.php\/2025\/04\/18\/hutter-pas-surpris-par-levolution-de-lemarechal\/\">H\u00fctter \u00ab\u00a0pas surpris\u00a0\u00bb par l\u2019\u00e9volution de Lemarechal<\/a><\/blockquote><iframe sandbox=\"allow-scripts\" security=\"restricted\" src=\"https:\/\/www.ladiagonale.net\/index.php\/2025\/04\/18\/hutter-pas-surpris-par-levolution-de-lemarechal\/embed\/#?secret=ZX8Kt3Xynx\" width=\"600\" height=\"338\" title=\"\u00ab\u00a0H\u00fctter \u00ab\u00a0pas surpris\u00a0\u00bb par l\u2019\u00e9volution de Lemarechal\u00a0\u00bb &#8212; La Diagonale\" data-secret=\"ZX8Kt3Xynx\" frameborder=\"0\" marginwidth=\"0\" marginheight=\"0\" scrolling=\"no\" class=\"wp-embedded-content\"><\/iframe><script type=\"text\/javascript\">\n\/*! This file is auto-generated *\/\n!function(c,l){\"use strict\";var e=!1,o=!1;if(l.querySelector)if(c.addEventListener)e=!0;if(c.wp=c.wp||{},c.wp.receiveEmbedMessage);else if(c.wp.receiveEmbedMessage=function(e){var t=e.data;if(!t);else if(!(t.secret||t.message||t.value));else if(\/[^a-zA-Z0-9]\/.test(t.secret));else{for(var r,s,a,i=l.querySelectorAll('iframe[data-secret=\"'+t.secret+'\"]'),n=l.querySelectorAll('blockquote[data-secret=\"'+t.secret+'\"]'),o=0;o<n.length;o++)n[o].style.display=\"none\";for(o=0;o<i.length;o++)if(r=i[o],e.source!==r.contentWindow);else{if(r.removeAttribute(\"style\"),\"height\"===t.message){if(1e3<(s=parseInt(t.value,10)))s=1e3;else if(~~s<200)s=200;r.height=s}if(\"link\"===t.message)if(s=l.createElement(\"a\"),a=l.createElement(\"a\"),s.href=r.getAttribute(\"src\"),a.href=t.value,a.host===s.host)if(l.activeElement===r)c.top.location.href=t.value}}},e)c.addEventListener(\"message\",c.wp.receiveEmbedMessage,!1),l.addEventListener(\"DOMContentLoaded\",t,!1),c.addEventListener(\"load\",t,!1);function t(){if(o);else{o=!0;for(var e,t,r,s=-1!==navigator.appVersion.indexOf(\"MSIE 10\"),a=!!navigator.userAgent.match(\/Trident.*rv:11\\.\/),i=l.querySelectorAll(\"iframe.wp-embedded-content\"),n=0;n<i.length;n++){if(!(r=(t=i[n]).getAttribute(\"data-secret\")))r=Math.random().toString(36).substr(2,10),t.src+=\"#?secret=\"+r,t.setAttribute(\"data-secret\",r);if(s||a)(e=t.cloneNode(!0)).removeAttribute(\"security\"),t.parentNode.replaceChild(e,t);t.contentWindow.postMessage({message:\"ready\",secret:r},\"*\")}}}}(window,document);\n<\/script>\n","description":"L&rsquo;\u00e9t\u00e9 dernier, l\u2019AS Monaco a vendu F\u00e9lix Lemarechal \u00e0 Strasbourg pour un montant compris entre 6 et 8 millions d\u2019euros. Tr\u00e8s polyvalent, le milieu de terrain de 21 ans n\u2019a finalement jamais r\u00e9ussi \u00e0 s\u2019imposer \u00e0 l\u2019ASM, o\u00f9 il n\u2019aura jou\u00e9 que deux rencontres lors de la saison 2021-2022, et \u00e9t\u00e9 pr\u00eat\u00e9 plusieurs fois. Mais [...]","thumbnail_url":"https:\/\/www.ladiagonale.net\/wp-content\/uploads\/2025\/04\/lemarechal-stras.png","thumbnail_width":1160,"thumbnail_height":650}

Hütter « pas surpris » par l’évolution de Lemarechal - La Diagonale

<blockquote class="wp-embedded-content" data-secret="ZX8Kt3Xynx"><a href="https://www.ladiagonale.net/index.php/2025/04/18/hutter-pas-surpris-par-levolution-de-lemarechal/">Hütter « pas surpris » par l’évolution de Lemarechal</a></blockquote><iframe sandbox="allow-scripts" security="restricted" src="https://www.ladiagonale.net/index.php/2025/04/18/hutter-pas-surpris-par-levolution-de-lemarechal/embed/#?secret=ZX8Kt3Xynx" width="600" height="338" title="« Hütter « pas surpris » par l’évolution de Lemarechal » &#8212; La Diagonale" data-secret="ZX8Kt3Xynx" frameborder="0" marginwidth="0" marginheight="0" scrolling="no" class="wp-embedded-content"></iframe><script type="text/javascript">
/*! This file is auto-generated */
!function(c,l){"use strict";var e=!1,o=!1;if(l.querySelector)if(c.addEventListener)e=!0;if(c.wp=c.wp||{},c.wp.receiveEmbedMessage);else if(c.wp.receiveEmbedMessage=function(e){var t=e.data;if(!t);else if(!(t.secret||t.message||t.value));else if(/[^a-zA-Z0-9]/.test(t.secret));else{for(var r,s,a,i=l.querySelectorAll('iframe[data-secret="'+t.secret+'"]'),n=l.querySelectorAll('blockquote[data-secret="'+t.secret+'"]'),o=0;o<n.length;o++)n[o].style.display="none";for(o=0;o<i.length;o++)if(r=i[o],e.source!==r.contentWindow);else{if(r.removeAttribute("style"),"height"===t.message){if(1e3<(s=parseInt(t.value,10)))s=1e3;else if(~~s<200)s=200;r.height=s}if("link"===t.message)if(s=l.createElement("a"),a=l.createElement("a"),s.href=r.getAttribute("src"),a.href=t.value,a.host===s.host)if(l.activeElement===r)c.top.location.href=t.value}}},e)c.addEventListener("message",c.wp.receiveEmbedMessage,!1),l.addEventListener("DOMContentLoaded",t,!1),c.addEventListener("load",t,!1);function t(){if(o);else{o=!0;for(var e,t,r,s=-1!==navigator.appVersion.indexOf("MSIE 10"),a=!!navigator.userAgent.match(/Trident.*rv:11\./),i=l.querySelectorAll("iframe.wp-embedded-content"),n=0;n<i.length;n++){if(!(r=(t=i[n]).getAttribute("data-secret")))r=Math.random().toString(36).substr(2,10),t.src+="#?secret="+r,t.setAttribute("data-secret",r);if(s||a)(e=t.cloneNode(!0)).removeAttribute("security"),t.parentNode.replaceChild(e,t);t.contentWindow.postMessage({message:"ready",secret:r},"*")}}}}(window,document);
</script>

L&rsquo;été dernier, l’AS Monaco a vendu Félix Lemarechal à Strasbourg pour un montant compris entre 6 et 8 millions d’euros. Très polyvalent, le milieu de terrain de 21 ans n’a finalement jamais réussi à s’imposer à l’ASM, où il n’aura joué que deux rencontres lors de la saison 2021-2022, et été prêté plusieurs fois. Mais [...]
