{"version":"1.0","provider_name":"La Diagonale","provider_url":"https:\/\/www.ladiagonale.net","author_name":"Damien Dellerba","author_url":"https:\/\/www.ladiagonale.net\/index.php\/author\/damien\/","title":"Monaco garderait un oeil sur Leroux - La Diagonale","type":"rich","width":600,"height":338,"html":"<blockquote class=\"wp-embedded-content\" data-secret=\"lEBCHof8ZQ\"><a href=\"https:\/\/www.ladiagonale.net\/index.php\/2025\/06\/13\/monaco-garderait-un-oeil-sur-leroux\/\">Monaco garderait un oeil sur Leroux<\/a><\/blockquote><iframe sandbox=\"allow-scripts\" security=\"restricted\" src=\"https:\/\/www.ladiagonale.net\/index.php\/2025\/06\/13\/monaco-garderait-un-oeil-sur-leroux\/embed\/#?secret=lEBCHof8ZQ\" width=\"600\" height=\"338\" title=\"\u00ab\u00a0Monaco garderait un oeil sur Leroux\u00a0\u00bb &#8212; La Diagonale\" data-secret=\"lEBCHof8ZQ\" frameborder=\"0\" marginwidth=\"0\" marginheight=\"0\" scrolling=\"no\" class=\"wp-embedded-content\"><\/iframe><script type=\"text\/javascript\">\n\/*! This file is auto-generated *\/\n!function(c,l){\"use strict\";var e=!1,o=!1;if(l.querySelector)if(c.addEventListener)e=!0;if(c.wp=c.wp||{},c.wp.receiveEmbedMessage);else if(c.wp.receiveEmbedMessage=function(e){var t=e.data;if(!t);else if(!(t.secret||t.message||t.value));else if(\/[^a-zA-Z0-9]\/.test(t.secret));else{for(var r,s,a,i=l.querySelectorAll('iframe[data-secret=\"'+t.secret+'\"]'),n=l.querySelectorAll('blockquote[data-secret=\"'+t.secret+'\"]'),o=0;o<n.length;o++)n[o].style.display=\"none\";for(o=0;o<i.length;o++)if(r=i[o],e.source!==r.contentWindow);else{if(r.removeAttribute(\"style\"),\"height\"===t.message){if(1e3<(s=parseInt(t.value,10)))s=1e3;else if(~~s<200)s=200;r.height=s}if(\"link\"===t.message)if(s=l.createElement(\"a\"),a=l.createElement(\"a\"),s.href=r.getAttribute(\"src\"),a.href=t.value,a.host===s.host)if(l.activeElement===r)c.top.location.href=t.value}}},e)c.addEventListener(\"message\",c.wp.receiveEmbedMessage,!1),l.addEventListener(\"DOMContentLoaded\",t,!1),c.addEventListener(\"load\",t,!1);function t(){if(o);else{o=!0;for(var e,t,r,s=-1!==navigator.appVersion.indexOf(\"MSIE 10\"),a=!!navigator.userAgent.match(\/Trident.*rv:11\\.\/),i=l.querySelectorAll(\"iframe.wp-embedded-content\"),n=0;n<i.length;n++){if(!(r=(t=i[n]).getAttribute(\"data-secret\")))r=Math.random().toString(36).substr(2,10),t.src+=\"#?secret=\"+r,t.setAttribute(\"data-secret\",r);if(s||a)(e=t.cloneNode(!0)).removeAttribute(\"security\"),t.parentNode.replaceChild(e,t);t.contentWindow.postMessage({message:\"ready\",secret:r},\"*\")}}}}(window,document);\n<\/script>\n","description":"Dans une saison compliqu\u00e9e pour le FC Nantes, Louis Leroux (19 ans) s\u2019est r\u00e9v\u00e9l\u00e9 comme une belle surprise et l\u2019une des rares satisfactions. Et selon L\u2019\u00c9quipe, l\u2019AS Monaco serait int\u00e9ress\u00e9e par le profil du milieu de terrain, \u00e9galement capable d\u2019\u00e9voluer comme piston gauche. Malgr\u00e9 une supervision importante des matches du joueur form\u00e9 chez les Canaris, [...]","thumbnail_url":"https:\/\/www.ladiagonale.net\/wp-content\/uploads\/2025\/06\/Leroux.png","thumbnail_width":1160,"thumbnail_height":650}

Dans une saison compliquée pour le FC Nantes, Louis Leroux (19 ans) s’est révélé comme une belle surprise et l’une des rares satisfactions. Et selon L’Équipe, l’AS Monaco serait intéressée par le profil du milieu de terrain, également capable d’évoluer comme piston gauche. Malgré une supervision importante des matches du joueur formé chez les Canaris, [...]
