{"version":"1.0","provider_name":"La Diagonale","provider_url":"https:\/\/www.ladiagonale.net","author_name":"Damien Dellerba","author_url":"https:\/\/www.ladiagonale.net\/index.php\/author\/damien\/","title":"Ben Seghir pas favorable \u00e0 une prolongation ? - La Diagonale","type":"rich","width":600,"height":338,"html":"<blockquote class=\"wp-embedded-content\" data-secret=\"F9vn4657dX\"><a href=\"https:\/\/www.ladiagonale.net\/index.php\/2025\/07\/17\/ben-seghir-pas-favorable-a-une-prolongation\/\">Ben Seghir pas favorable \u00e0 une prolongation ?<\/a><\/blockquote><iframe sandbox=\"allow-scripts\" security=\"restricted\" src=\"https:\/\/www.ladiagonale.net\/index.php\/2025\/07\/17\/ben-seghir-pas-favorable-a-une-prolongation\/embed\/#?secret=F9vn4657dX\" width=\"600\" height=\"338\" title=\"\u00ab\u00a0Ben Seghir pas favorable \u00e0 une prolongation ?\u00a0\u00bb &#8212; La Diagonale\" data-secret=\"F9vn4657dX\" frameborder=\"0\" marginwidth=\"0\" marginheight=\"0\" scrolling=\"no\" class=\"wp-embedded-content\"><\/iframe><script type=\"text\/javascript\">\n\/*! This file is auto-generated *\/\n!function(c,l){\"use strict\";var e=!1,o=!1;if(l.querySelector)if(c.addEventListener)e=!0;if(c.wp=c.wp||{},c.wp.receiveEmbedMessage);else if(c.wp.receiveEmbedMessage=function(e){var t=e.data;if(!t);else if(!(t.secret||t.message||t.value));else if(\/[^a-zA-Z0-9]\/.test(t.secret));else{for(var r,s,a,i=l.querySelectorAll('iframe[data-secret=\"'+t.secret+'\"]'),n=l.querySelectorAll('blockquote[data-secret=\"'+t.secret+'\"]'),o=0;o<n.length;o++)n[o].style.display=\"none\";for(o=0;o<i.length;o++)if(r=i[o],e.source!==r.contentWindow);else{if(r.removeAttribute(\"style\"),\"height\"===t.message){if(1e3<(s=parseInt(t.value,10)))s=1e3;else if(~~s<200)s=200;r.height=s}if(\"link\"===t.message)if(s=l.createElement(\"a\"),a=l.createElement(\"a\"),s.href=r.getAttribute(\"src\"),a.href=t.value,a.host===s.host)if(l.activeElement===r)c.top.location.href=t.value}}},e)c.addEventListener(\"message\",c.wp.receiveEmbedMessage,!1),l.addEventListener(\"DOMContentLoaded\",t,!1),c.addEventListener(\"load\",t,!1);function t(){if(o);else{o=!0;for(var e,t,r,s=-1!==navigator.appVersion.indexOf(\"MSIE 10\"),a=!!navigator.userAgent.match(\/Trident.*rv:11\\.\/),i=l.querySelectorAll(\"iframe.wp-embedded-content\"),n=0;n<i.length;n++){if(!(r=(t=i[n]).getAttribute(\"data-secret\")))r=Math.random().toString(36).substr(2,10),t.src+=\"#?secret=\"+r,t.setAttribute(\"data-secret\",r);if(s||a)(e=t.cloneNode(!0)).removeAttribute(\"security\"),t.parentNode.replaceChild(e,t);t.contentWindow.postMessage({message:\"ready\",secret:r},\"*\")}}}}(window,document);\n<\/script>\n","description":"Si Mika Biereth a rapidement \u00e9tendu son contrat, six mois apr\u00e8s son arriv\u00e9e, avec une revalorisation salariale \u00e0 la cl\u00e9, Eliesse Ben Seghir ne semble pas emprunter le m\u00eame chemin pour l\u2019instant. Selon des information parues dans L\u2019\u00c9quipe, l\u2019AS Monaco souhaiterait offrir une prolongation de contrat \u00e0 l\u2019international marocain, dont le bail arrivera \u00e0 son [...]","thumbnail_url":"https:\/\/www.ladiagonale.net\/wp-content\/uploads\/2025\/07\/Ben-Seghir-cercle.png","thumbnail_width":1160,"thumbnail_height":650}

Ben Seghir pas favorable à une prolongation ? - La Diagonale

<blockquote class="wp-embedded-content" data-secret="F9vn4657dX"><a href="https://www.ladiagonale.net/index.php/2025/07/17/ben-seghir-pas-favorable-a-une-prolongation/">Ben Seghir pas favorable à une prolongation ?</a></blockquote><iframe sandbox="allow-scripts" security="restricted" src="https://www.ladiagonale.net/index.php/2025/07/17/ben-seghir-pas-favorable-a-une-prolongation/embed/#?secret=F9vn4657dX" width="600" height="338" title="« Ben Seghir pas favorable à une prolongation ? » &#8212; La Diagonale" data-secret="F9vn4657dX" frameborder="0" marginwidth="0" marginheight="0" scrolling="no" class="wp-embedded-content"></iframe><script type="text/javascript">
/*! This file is auto-generated */
!function(c,l){"use strict";var e=!1,o=!1;if(l.querySelector)if(c.addEventListener)e=!0;if(c.wp=c.wp||{},c.wp.receiveEmbedMessage);else if(c.wp.receiveEmbedMessage=function(e){var t=e.data;if(!t);else if(!(t.secret||t.message||t.value));else if(/[^a-zA-Z0-9]/.test(t.secret));else{for(var r,s,a,i=l.querySelectorAll('iframe[data-secret="'+t.secret+'"]'),n=l.querySelectorAll('blockquote[data-secret="'+t.secret+'"]'),o=0;o<n.length;o++)n[o].style.display="none";for(o=0;o<i.length;o++)if(r=i[o],e.source!==r.contentWindow);else{if(r.removeAttribute("style"),"height"===t.message){if(1e3<(s=parseInt(t.value,10)))s=1e3;else if(~~s<200)s=200;r.height=s}if("link"===t.message)if(s=l.createElement("a"),a=l.createElement("a"),s.href=r.getAttribute("src"),a.href=t.value,a.host===s.host)if(l.activeElement===r)c.top.location.href=t.value}}},e)c.addEventListener("message",c.wp.receiveEmbedMessage,!1),l.addEventListener("DOMContentLoaded",t,!1),c.addEventListener("load",t,!1);function t(){if(o);else{o=!0;for(var e,t,r,s=-1!==navigator.appVersion.indexOf("MSIE 10"),a=!!navigator.userAgent.match(/Trident.*rv:11\./),i=l.querySelectorAll("iframe.wp-embedded-content"),n=0;n<i.length;n++){if(!(r=(t=i[n]).getAttribute("data-secret")))r=Math.random().toString(36).substr(2,10),t.src+="#?secret="+r,t.setAttribute("data-secret",r);if(s||a)(e=t.cloneNode(!0)).removeAttribute("security"),t.parentNode.replaceChild(e,t);t.contentWindow.postMessage({message:"ready",secret:r},"*")}}}}(window,document);
</script>

Si Mika Biereth a rapidement étendu son contrat, six mois après son arrivée, avec une revalorisation salariale à la clé, Eliesse Ben Seghir ne semble pas emprunter le même chemin pour l’instant. Selon des information parues dans L’Équipe, l’AS Monaco souhaiterait offrir une prolongation de contrat à l’international marocain, dont le bail arrivera à son [...]
