{"version":"1.0","provider_name":"La Diagonale","provider_url":"https:\/\/www.ladiagonale.net","author_name":"Damien Dellerba","author_url":"https:\/\/www.ladiagonale.net\/index.php\/author\/damien\/","title":"Des nouvelles rassurantes pour Bamba et Michal - La Diagonale","type":"rich","width":600,"height":338,"html":"<blockquote class=\"wp-embedded-content\" data-secret=\"JH9hEIfBgd\"><a href=\"https:\/\/www.ladiagonale.net\/index.php\/2025\/07\/27\/des-nouvelles-rassurantes-pour-bamba-et-michal\/\">Des nouvelles rassurantes pour Bamba et Michal<\/a><\/blockquote><iframe sandbox=\"allow-scripts\" security=\"restricted\" src=\"https:\/\/www.ladiagonale.net\/index.php\/2025\/07\/27\/des-nouvelles-rassurantes-pour-bamba-et-michal\/embed\/#?secret=JH9hEIfBgd\" width=\"600\" height=\"338\" title=\"\u00ab\u00a0Des nouvelles rassurantes pour Bamba et Michal\u00a0\u00bb &#8212; La Diagonale\" data-secret=\"JH9hEIfBgd\" frameborder=\"0\" marginwidth=\"0\" marginheight=\"0\" scrolling=\"no\" class=\"wp-embedded-content\"><\/iframe><script type=\"text\/javascript\">\n\/*! This file is auto-generated *\/\n!function(c,l){\"use strict\";var e=!1,o=!1;if(l.querySelector)if(c.addEventListener)e=!0;if(c.wp=c.wp||{},c.wp.receiveEmbedMessage);else if(c.wp.receiveEmbedMessage=function(e){var t=e.data;if(!t);else if(!(t.secret||t.message||t.value));else if(\/[^a-zA-Z0-9]\/.test(t.secret));else{for(var r,s,a,i=l.querySelectorAll('iframe[data-secret=\"'+t.secret+'\"]'),n=l.querySelectorAll('blockquote[data-secret=\"'+t.secret+'\"]'),o=0;o<n.length;o++)n[o].style.display=\"none\";for(o=0;o<i.length;o++)if(r=i[o],e.source!==r.contentWindow);else{if(r.removeAttribute(\"style\"),\"height\"===t.message){if(1e3<(s=parseInt(t.value,10)))s=1e3;else if(~~s<200)s=200;r.height=s}if(\"link\"===t.message)if(s=l.createElement(\"a\"),a=l.createElement(\"a\"),s.href=r.getAttribute(\"src\"),a.href=t.value,a.host===s.host)if(l.activeElement===r)c.top.location.href=t.value}}},e)c.addEventListener(\"message\",c.wp.receiveEmbedMessage,!1),l.addEventListener(\"DOMContentLoaded\",t,!1),c.addEventListener(\"load\",t,!1);function t(){if(o);else{o=!0;for(var e,t,r,s=-1!==navigator.appVersion.indexOf(\"MSIE 10\"),a=!!navigator.userAgent.match(\/Trident.*rv:11\\.\/),i=l.querySelectorAll(\"iframe.wp-embedded-content\"),n=0;n<i.length;n++){if(!(r=(t=i[n]).getAttribute(\"data-secret\")))r=Math.random().toString(36).substr(2,10),t.src+=\"#?secret=\"+r,t.setAttribute(\"data-secret\",r);if(s||a)(e=t.cloneNode(!0)).removeAttribute(\"security\"),t.parentNode.replaceChild(e,t);t.contentWindow.postMessage({message:\"ready\",secret:r},\"*\")}}}}(window,document);\n<\/script>\n","description":"La rencontre face \u00e0 l\u2019Arminia Bielefeld a \u00e9tonn\u00e9 par l\u2019agressivit\u00e9 et l\u2019engagement qui s\u2019en sont d\u00e9gag\u00e9s et a parfois pu ressembler \u00e0 une boucherie. Cela a fait quelques d\u00e9g\u00e2ts dans les rangs mon\u00e9gasques, qui ont d\u00e9plor\u00e9 trois joueurs touch\u00e9s lors de cette rencontre. Comme l\u2019a indiqu\u00e9 Adi H\u00fctter, Aladji Bamba a \u00e9t\u00e9 contraint de suivre [...]","thumbnail_url":"https:\/\/www.ladiagonale.net\/wp-content\/uploads\/2025\/04\/abamba.png","thumbnail_width":1160,"thumbnail_height":650}

La rencontre face à l’Arminia Bielefeld a étonné par l’agressivité et l’engagement qui s’en sont dégagés et a parfois pu ressembler à une boucherie. Cela a fait quelques dégâts dans les rangs monégasques, qui ont déploré trois joueurs touchés lors de cette rencontre. Comme l’a indiqué Adi Hütter, Aladji Bamba a été contraint de suivre [...]
