{"version":"1.0","provider_name":"La Diagonale","provider_url":"https:\/\/www.ladiagonale.net","author_name":"Damien Dellerba","author_url":"https:\/\/www.ladiagonale.net\/index.php\/author\/damien\/","title":"Monaco viserait un attaquant de Salzbourg - La Diagonale","type":"rich","width":600,"height":338,"html":"<blockquote class=\"wp-embedded-content\" data-secret=\"uI9vOIHVss\"><a href=\"https:\/\/www.ladiagonale.net\/index.php\/2025\/07\/29\/monaco-viserait-un-attaquant-de-salzbourg\/\">Monaco viserait un attaquant de Salzbourg<\/a><\/blockquote><iframe sandbox=\"allow-scripts\" security=\"restricted\" src=\"https:\/\/www.ladiagonale.net\/index.php\/2025\/07\/29\/monaco-viserait-un-attaquant-de-salzbourg\/embed\/#?secret=uI9vOIHVss\" width=\"600\" height=\"338\" title=\"\u00ab\u00a0Monaco viserait un attaquant de Salzbourg\u00a0\u00bb &#8212; La Diagonale\" data-secret=\"uI9vOIHVss\" frameborder=\"0\" marginwidth=\"0\" marginheight=\"0\" scrolling=\"no\" class=\"wp-embedded-content\"><\/iframe><script type=\"text\/javascript\">\n\/*! This file is auto-generated *\/\n!function(c,l){\"use strict\";var e=!1,o=!1;if(l.querySelector)if(c.addEventListener)e=!0;if(c.wp=c.wp||{},c.wp.receiveEmbedMessage);else if(c.wp.receiveEmbedMessage=function(e){var t=e.data;if(!t);else if(!(t.secret||t.message||t.value));else if(\/[^a-zA-Z0-9]\/.test(t.secret));else{for(var r,s,a,i=l.querySelectorAll('iframe[data-secret=\"'+t.secret+'\"]'),n=l.querySelectorAll('blockquote[data-secret=\"'+t.secret+'\"]'),o=0;o<n.length;o++)n[o].style.display=\"none\";for(o=0;o<i.length;o++)if(r=i[o],e.source!==r.contentWindow);else{if(r.removeAttribute(\"style\"),\"height\"===t.message){if(1e3<(s=parseInt(t.value,10)))s=1e3;else if(~~s<200)s=200;r.height=s}if(\"link\"===t.message)if(s=l.createElement(\"a\"),a=l.createElement(\"a\"),s.href=r.getAttribute(\"src\"),a.href=t.value,a.host===s.host)if(l.activeElement===r)c.top.location.href=t.value}}},e)c.addEventListener(\"message\",c.wp.receiveEmbedMessage,!1),l.addEventListener(\"DOMContentLoaded\",t,!1),c.addEventListener(\"load\",t,!1);function t(){if(o);else{o=!0;for(var e,t,r,s=-1!==navigator.appVersion.indexOf(\"MSIE 10\"),a=!!navigator.userAgent.match(\/Trident.*rv:11\\.\/),i=l.querySelectorAll(\"iframe.wp-embedded-content\"),n=0;n<i.length;n++){if(!(r=(t=i[n]).getAttribute(\"data-secret\")))r=Math.random().toString(36).substr(2,10),t.src+=\"#?secret=\"+r,t.setAttribute(\"data-secret\",r);if(s||a)(e=t.cloneNode(!0)).removeAttribute(\"security\"),t.parentNode.replaceChild(e,t);t.contentWindow.postMessage({message:\"ready\",secret:r},\"*\")}}}}(window,document);\n<\/script>\n","description":"Si le contingent offensif de l&rsquo;AS Monaco a pour l&rsquo;instant \u00e9t\u00e9 soumis \u00e0 peu de changements, avec l&rsquo;arriv\u00e9e d&rsquo;Ansu Fati et le retour de pr\u00eat de Paris Brunner pour seuls mouvements, les prochaines semaines pourraient bien \u00eatre diff\u00e9rentes, surtout si le club de la Principaut\u00e9 envisage de se s\u00e9parer de Sa\u00efmon Bouabr\u00e9 et Eliesse Ben [...]","thumbnail_url":"https:\/\/www.ladiagonale.net\/wp-content\/uploads\/2025\/07\/Daghim.png","thumbnail_width":1160,"thumbnail_height":650}

Si le contingent offensif de l&rsquo;AS Monaco a pour l&rsquo;instant été soumis à peu de changements, avec l&rsquo;arrivée d&rsquo;Ansu Fati et le retour de prêt de Paris Brunner pour seuls mouvements, les prochaines semaines pourraient bien être différentes, surtout si le club de la Principauté envisage de se séparer de Saïmon Bouabré et Eliesse Ben [...]
