{"version":"1.0","provider_name":"La Diagonale","provider_url":"https:\/\/www.ladiagonale.net","author_name":"Damien Dellerba","author_url":"https:\/\/www.ladiagonale.net\/index.php\/author\/damien\/","title":"Podcast : Hradecky, le gardien qu'il fallait \u00e0 Monaco ? - La Diagonale","type":"rich","width":600,"height":338,"html":"<blockquote class=\"wp-embedded-content\" data-secret=\"CY25mz2qVj\"><a href=\"https:\/\/www.ladiagonale.net\/index.php\/2025\/08\/03\/podcast-hradecky-le-gardien-quil-fallait-a-monaco\/\">Podcast : Hradecky, le gardien qu&rsquo;il fallait \u00e0 Monaco ?<\/a><\/blockquote><iframe sandbox=\"allow-scripts\" security=\"restricted\" src=\"https:\/\/www.ladiagonale.net\/index.php\/2025\/08\/03\/podcast-hradecky-le-gardien-quil-fallait-a-monaco\/embed\/#?secret=CY25mz2qVj\" width=\"600\" height=\"338\" title=\"\u00ab\u00a0Podcast : Hradecky, le gardien qu&rsquo;il fallait \u00e0 Monaco ?\u00a0\u00bb &#8212; La Diagonale\" data-secret=\"CY25mz2qVj\" frameborder=\"0\" marginwidth=\"0\" marginheight=\"0\" scrolling=\"no\" class=\"wp-embedded-content\"><\/iframe><script type=\"text\/javascript\">\n\/*! This file is auto-generated *\/\n!function(c,l){\"use strict\";var e=!1,o=!1;if(l.querySelector)if(c.addEventListener)e=!0;if(c.wp=c.wp||{},c.wp.receiveEmbedMessage);else if(c.wp.receiveEmbedMessage=function(e){var t=e.data;if(!t);else if(!(t.secret||t.message||t.value));else if(\/[^a-zA-Z0-9]\/.test(t.secret));else{for(var r,s,a,i=l.querySelectorAll('iframe[data-secret=\"'+t.secret+'\"]'),n=l.querySelectorAll('blockquote[data-secret=\"'+t.secret+'\"]'),o=0;o<n.length;o++)n[o].style.display=\"none\";for(o=0;o<i.length;o++)if(r=i[o],e.source!==r.contentWindow);else{if(r.removeAttribute(\"style\"),\"height\"===t.message){if(1e3<(s=parseInt(t.value,10)))s=1e3;else if(~~s<200)s=200;r.height=s}if(\"link\"===t.message)if(s=l.createElement(\"a\"),a=l.createElement(\"a\"),s.href=r.getAttribute(\"src\"),a.href=t.value,a.host===s.host)if(l.activeElement===r)c.top.location.href=t.value}}},e)c.addEventListener(\"message\",c.wp.receiveEmbedMessage,!1),l.addEventListener(\"DOMContentLoaded\",t,!1),c.addEventListener(\"load\",t,!1);function t(){if(o);else{o=!0;for(var e,t,r,s=-1!==navigator.appVersion.indexOf(\"MSIE 10\"),a=!!navigator.userAgent.match(\/Trident.*rv:11\\.\/),i=l.querySelectorAll(\"iframe.wp-embedded-content\"),n=0;n<i.length;n++){if(!(r=(t=i[n]).getAttribute(\"data-secret\")))r=Math.random().toString(36).substr(2,10),t.src+=\"#?secret=\"+r,t.setAttribute(\"data-secret\",r);if(s||a)(e=t.cloneNode(!0)).removeAttribute(\"security\"),t.parentNode.replaceChild(e,t);t.contentWindow.postMessage({message:\"ready\",secret:r},\"*\")}}}}(window,document);\n<\/script>\n","description":"L&rsquo;AS Monaco semble avoir trouv\u00e9 son nouveau gardien en la personne de Lukas Hradecky, du Bayer Leverkusen. Un choix peu sexy en apparence mais un gardien plut\u00f4t fiable malgr\u00e9 son \u00e2ge avanc\u00e9. Autre sujet abord\u00e9 dans cette \u00e9mission, l&rsquo;impatience des jeunes joueurs qui d\u00e9sirent partir. Avec Damien, Adrien et Alessandro.","thumbnail_url":"https:\/\/www.ladiagonale.net\/wp-content\/uploads\/2025\/08\/miniature-gazette-3.png","thumbnail_width":1920,"thumbnail_height":1080}

Podcast : Hradecky, le gardien qu'il fallait à Monaco ? - La Diagonale

<blockquote class="wp-embedded-content" data-secret="CY25mz2qVj"><a href="https://www.ladiagonale.net/index.php/2025/08/03/podcast-hradecky-le-gardien-quil-fallait-a-monaco/">Podcast : Hradecky, le gardien qu&rsquo;il fallait à Monaco ?</a></blockquote><iframe sandbox="allow-scripts" security="restricted" src="https://www.ladiagonale.net/index.php/2025/08/03/podcast-hradecky-le-gardien-quil-fallait-a-monaco/embed/#?secret=CY25mz2qVj" width="600" height="338" title="« Podcast : Hradecky, le gardien qu&rsquo;il fallait à Monaco ? » &#8212; La Diagonale" data-secret="CY25mz2qVj" frameborder="0" marginwidth="0" marginheight="0" scrolling="no" class="wp-embedded-content"></iframe><script type="text/javascript">
/*! This file is auto-generated */
!function(c,l){"use strict";var e=!1,o=!1;if(l.querySelector)if(c.addEventListener)e=!0;if(c.wp=c.wp||{},c.wp.receiveEmbedMessage);else if(c.wp.receiveEmbedMessage=function(e){var t=e.data;if(!t);else if(!(t.secret||t.message||t.value));else if(/[^a-zA-Z0-9]/.test(t.secret));else{for(var r,s,a,i=l.querySelectorAll('iframe[data-secret="'+t.secret+'"]'),n=l.querySelectorAll('blockquote[data-secret="'+t.secret+'"]'),o=0;o<n.length;o++)n[o].style.display="none";for(o=0;o<i.length;o++)if(r=i[o],e.source!==r.contentWindow);else{if(r.removeAttribute("style"),"height"===t.message){if(1e3<(s=parseInt(t.value,10)))s=1e3;else if(~~s<200)s=200;r.height=s}if("link"===t.message)if(s=l.createElement("a"),a=l.createElement("a"),s.href=r.getAttribute("src"),a.href=t.value,a.host===s.host)if(l.activeElement===r)c.top.location.href=t.value}}},e)c.addEventListener("message",c.wp.receiveEmbedMessage,!1),l.addEventListener("DOMContentLoaded",t,!1),c.addEventListener("load",t,!1);function t(){if(o);else{o=!0;for(var e,t,r,s=-1!==navigator.appVersion.indexOf("MSIE 10"),a=!!navigator.userAgent.match(/Trident.*rv:11\./),i=l.querySelectorAll("iframe.wp-embedded-content"),n=0;n<i.length;n++){if(!(r=(t=i[n]).getAttribute("data-secret")))r=Math.random().toString(36).substr(2,10),t.src+="#?secret="+r,t.setAttribute("data-secret",r);if(s||a)(e=t.cloneNode(!0)).removeAttribute("security"),t.parentNode.replaceChild(e,t);t.contentWindow.postMessage({message:"ready",secret:r},"*")}}}}(window,document);
</script>

L&rsquo;AS Monaco semble avoir trouvé son nouveau gardien en la personne de Lukas Hradecky, du Bayer Leverkusen. Un choix peu sexy en apparence mais un gardien plutôt fiable malgré son âge avancé. Autre sujet abordé dans cette émission, l&rsquo;impatience des jeunes joueurs qui désirent partir. Avec Damien, Adrien et Alessandro.
