{"version":"1.0","provider_name":"La Diagonale","provider_url":"https:\/\/www.ladiagonale.net","author_name":"Damien Dellerba","author_url":"https:\/\/www.ladiagonale.net\/index.php\/author\/damien\/","title":"Salisu buteur avec le Ghana - La Diagonale","type":"rich","width":600,"height":338,"html":"<blockquote class=\"wp-embedded-content\" data-secret=\"nUargSPIT9\"><a href=\"https:\/\/www.ladiagonale.net\/index.php\/2025\/10\/09\/salisu-buteur-avec-le-ghana-2\/\">Salisu buteur avec le Ghana<\/a><\/blockquote><iframe sandbox=\"allow-scripts\" security=\"restricted\" src=\"https:\/\/www.ladiagonale.net\/index.php\/2025\/10\/09\/salisu-buteur-avec-le-ghana-2\/embed\/#?secret=nUargSPIT9\" width=\"600\" height=\"338\" title=\"\u00ab\u00a0Salisu buteur avec le Ghana\u00a0\u00bb &#8212; La Diagonale\" data-secret=\"nUargSPIT9\" frameborder=\"0\" marginwidth=\"0\" marginheight=\"0\" scrolling=\"no\" class=\"wp-embedded-content\"><\/iframe><script type=\"text\/javascript\">\n\/*! This file is auto-generated *\/\n!function(c,l){\"use strict\";var e=!1,o=!1;if(l.querySelector)if(c.addEventListener)e=!0;if(c.wp=c.wp||{},c.wp.receiveEmbedMessage);else if(c.wp.receiveEmbedMessage=function(e){var t=e.data;if(!t);else if(!(t.secret||t.message||t.value));else if(\/[^a-zA-Z0-9]\/.test(t.secret));else{for(var r,s,a,i=l.querySelectorAll('iframe[data-secret=\"'+t.secret+'\"]'),n=l.querySelectorAll('blockquote[data-secret=\"'+t.secret+'\"]'),o=0;o<n.length;o++)n[o].style.display=\"none\";for(o=0;o<i.length;o++)if(r=i[o],e.source!==r.contentWindow);else{if(r.removeAttribute(\"style\"),\"height\"===t.message){if(1e3<(s=parseInt(t.value,10)))s=1e3;else if(~~s<200)s=200;r.height=s}if(\"link\"===t.message)if(s=l.createElement(\"a\"),a=l.createElement(\"a\"),s.href=r.getAttribute(\"src\"),a.href=t.value,a.host===s.host)if(l.activeElement===r)c.top.location.href=t.value}}},e)c.addEventListener(\"message\",c.wp.receiveEmbedMessage,!1),l.addEventListener(\"DOMContentLoaded\",t,!1),c.addEventListener(\"load\",t,!1);function t(){if(o);else{o=!0;for(var e,t,r,s=-1!==navigator.appVersion.indexOf(\"MSIE 10\"),a=!!navigator.userAgent.match(\/Trident.*rv:11\\.\/),i=l.querySelectorAll(\"iframe.wp-embedded-content\"),n=0;n<i.length;n++){if(!(r=(t=i[n]).getAttribute(\"data-secret\")))r=Math.random().toString(36).substr(2,10),t.src+=\"#?secret=\"+r,t.setAttribute(\"data-secret\",r);if(s||a)(e=t.cloneNode(!0)).removeAttribute(\"security\"),t.parentNode.replaceChild(e,t);t.contentWindow.postMessage({message:\"ready\",secret:r},\"*\")}}}}(window,document);\n<\/script>\n","description":"En difficult\u00e9 avec l\u2019AS Monaco, o\u00f9 il n&rsquo;a jou\u00e9 que trois matches cette saison et n\u2019appara\u00eet que comme le quatri\u00e8me choix dans la hi\u00e9rarchie, Mohammed Salisu se refait une sant\u00e9 en s\u00e9lection avec le Ghana. Le d\u00e9fenseur central, titularis\u00e9 contre la R\u00e9publique centrafricaine pour l\u2019avant-dernier match des \u00e9liminatoires de la Coupe du monde 2026, y [...]","thumbnail_url":"https:\/\/www.ladiagonale.net\/wp-content\/uploads\/2024\/01\/salisu-ghana.png","thumbnail_width":1160,"thumbnail_height":650}

En difficulté avec l’AS Monaco, où il n&rsquo;a joué que trois matches cette saison et n’apparaît que comme le quatrième choix dans la hiérarchie, Mohammed Salisu se refait une santé en sélection avec le Ghana. Le défenseur central, titularisé contre la République centrafricaine pour l’avant-dernier match des éliminatoires de la Coupe du monde 2026, y [...]
