{"version":"1.0","provider_name":"La Diagonale","provider_url":"https:\/\/www.ladiagonale.net","author_name":"Damien Dellerba","author_url":"https:\/\/www.ladiagonale.net\/index.php\/author\/damien\/","title":"En pleine zone de turbulences - La Diagonale","type":"rich","width":600,"height":338,"html":"<blockquote class=\"wp-embedded-content\" data-secret=\"wOVYiycldu\"><a href=\"https:\/\/www.ladiagonale.net\/index.php\/2025\/11\/29\/en-pleine-zone-de-turbulences\/\">En pleine zone de turbulences<\/a><\/blockquote><iframe sandbox=\"allow-scripts\" security=\"restricted\" src=\"https:\/\/www.ladiagonale.net\/index.php\/2025\/11\/29\/en-pleine-zone-de-turbulences\/embed\/#?secret=wOVYiycldu\" width=\"600\" height=\"338\" title=\"\u00ab\u00a0En pleine zone de turbulences\u00a0\u00bb &#8212; La Diagonale\" data-secret=\"wOVYiycldu\" frameborder=\"0\" marginwidth=\"0\" marginheight=\"0\" scrolling=\"no\" class=\"wp-embedded-content\"><\/iframe><script type=\"text\/javascript\">\n\/*! This file is auto-generated *\/\n!function(c,l){\"use strict\";var e=!1,o=!1;if(l.querySelector)if(c.addEventListener)e=!0;if(c.wp=c.wp||{},c.wp.receiveEmbedMessage);else if(c.wp.receiveEmbedMessage=function(e){var t=e.data;if(!t);else if(!(t.secret||t.message||t.value));else if(\/[^a-zA-Z0-9]\/.test(t.secret));else{for(var r,s,a,i=l.querySelectorAll('iframe[data-secret=\"'+t.secret+'\"]'),n=l.querySelectorAll('blockquote[data-secret=\"'+t.secret+'\"]'),o=0;o<n.length;o++)n[o].style.display=\"none\";for(o=0;o<i.length;o++)if(r=i[o],e.source!==r.contentWindow);else{if(r.removeAttribute(\"style\"),\"height\"===t.message){if(1e3<(s=parseInt(t.value,10)))s=1e3;else if(~~s<200)s=200;r.height=s}if(\"link\"===t.message)if(s=l.createElement(\"a\"),a=l.createElement(\"a\"),s.href=r.getAttribute(\"src\"),a.href=t.value,a.host===s.host)if(l.activeElement===r)c.top.location.href=t.value}}},e)c.addEventListener(\"message\",c.wp.receiveEmbedMessage,!1),l.addEventListener(\"DOMContentLoaded\",t,!1),c.addEventListener(\"load\",t,!1);function t(){if(o);else{o=!0;for(var e,t,r,s=-1!==navigator.appVersion.indexOf(\"MSIE 10\"),a=!!navigator.userAgent.match(\/Trident.*rv:11\\.\/),i=l.querySelectorAll(\"iframe.wp-embedded-content\"),n=0;n<i.length;n++){if(!(r=(t=i[n]).getAttribute(\"data-secret\")))r=Math.random().toString(36).substr(2,10),t.src+=\"#?secret=\"+r,t.setAttribute(\"data-secret\",r);if(s||a)(e=t.cloneNode(!0)).removeAttribute(\"security\"),t.parentNode.replaceChild(e,t);t.contentWindow.postMessage({message:\"ready\",secret:r},\"*\")}}}}(window,document);\n<\/script>\n","thumbnail_url":"https:\/\/www.ladiagonale.net\/wp-content\/uploads\/2025\/11\/de\u0301ception-paphos.png","thumbnail_width":1160,"thumbnail_height":650,"description":"L\u2019AS Monaco a conc\u00e9d\u00e9 un nul rageant \u00e0 Paphos (2-2), mercredi, en Ligue des champions et apr\u00e8s deux lourdes d\u00e9faites en Ligue 1, elle doit \u00e0 tout prix se relancer. Mais pas s\u00fbr que la r\u00e9ception du PSG le permette. Mohammed Salisu n\u2019\u00e9tait pas ravi \u00e0 l\u2019issue du match contre Paphos, mercredi. Le d\u00e9fenseur central [...]"}

L’AS Monaco a concédé un nul rageant à Paphos (2-2), mercredi, en Ligue des champions et après deux lourdes défaites en Ligue 1, elle doit à tout prix se relancer. Mais pas sûr que la réception du PSG le permette. Mohammed Salisu n’était pas ravi à l’issue du match contre Paphos, mercredi. Le défenseur central [...]
