{"version":"1.0","provider_name":"La Diagonale","provider_url":"https:\/\/www.ladiagonale.net","author_name":"Damien Dellerba","author_url":"https:\/\/www.ladiagonale.net\/index.php\/author\/damien\/","title":"Les Ultras r\u00e9clament le d\u00e9part de Scuro - La Diagonale","type":"rich","width":600,"height":338,"html":"<blockquote class=\"wp-embedded-content\" data-secret=\"UIEPy32Y2H\"><a href=\"https:\/\/www.ladiagonale.net\/index.php\/2025\/12\/08\/les-ultras-reclament-le-depart-de-scuro\/\">Les Ultras r\u00e9clament le d\u00e9part de Scuro<\/a><\/blockquote><iframe sandbox=\"allow-scripts\" security=\"restricted\" src=\"https:\/\/www.ladiagonale.net\/index.php\/2025\/12\/08\/les-ultras-reclament-le-depart-de-scuro\/embed\/#?secret=UIEPy32Y2H\" width=\"600\" height=\"338\" title=\"\u00ab\u00a0Les Ultras r\u00e9clament le d\u00e9part de Scuro\u00a0\u00bb &#8212; La Diagonale\" data-secret=\"UIEPy32Y2H\" frameborder=\"0\" marginwidth=\"0\" marginheight=\"0\" scrolling=\"no\" class=\"wp-embedded-content\"><\/iframe><script type=\"text\/javascript\">\n\/*! This file is auto-generated *\/\n!function(c,l){\"use strict\";var e=!1,o=!1;if(l.querySelector)if(c.addEventListener)e=!0;if(c.wp=c.wp||{},c.wp.receiveEmbedMessage);else if(c.wp.receiveEmbedMessage=function(e){var t=e.data;if(!t);else if(!(t.secret||t.message||t.value));else if(\/[^a-zA-Z0-9]\/.test(t.secret));else{for(var r,s,a,i=l.querySelectorAll('iframe[data-secret=\"'+t.secret+'\"]'),n=l.querySelectorAll('blockquote[data-secret=\"'+t.secret+'\"]'),o=0;o<n.length;o++)n[o].style.display=\"none\";for(o=0;o<i.length;o++)if(r=i[o],e.source!==r.contentWindow);else{if(r.removeAttribute(\"style\"),\"height\"===t.message){if(1e3<(s=parseInt(t.value,10)))s=1e3;else if(~~s<200)s=200;r.height=s}if(\"link\"===t.message)if(s=l.createElement(\"a\"),a=l.createElement(\"a\"),s.href=r.getAttribute(\"src\"),a.href=t.value,a.host===s.host)if(l.activeElement===r)c.top.location.href=t.value}}},e)c.addEventListener(\"message\",c.wp.receiveEmbedMessage,!1),l.addEventListener(\"DOMContentLoaded\",t,!1),c.addEventListener(\"load\",t,!1);function t(){if(o);else{o=!0;for(var e,t,r,s=-1!==navigator.appVersion.indexOf(\"MSIE 10\"),a=!!navigator.userAgent.match(\/Trident.*rv:11\\.\/),i=l.querySelectorAll(\"iframe.wp-embedded-content\"),n=0;n<i.length;n++){if(!(r=(t=i[n]).getAttribute(\"data-secret\")))r=Math.random().toString(36).substr(2,10),t.src+=\"#?secret=\"+r,t.setAttribute(\"data-secret\",r);if(s||a)(e=t.cloneNode(!0)).removeAttribute(\"security\"),t.parentNode.replaceChild(e,t);t.contentWindow.postMessage({message:\"ready\",secret:r},\"*\")}}}}(window,document);\n<\/script>\n","description":"Les Ultras de l\u2019AS Monaco ont tap\u00e9 du poing sur la table. Dimanche, le mouvement de supporters a publi\u00e9 un communiqu\u00e9 au vitriol et s\u2019est positionn\u00e9 fermement contre la direction sportive, repr\u00e9sent\u00e9e par son directeur g\u00e9n\u00e9ral Thiago Scuro. Peu avant le d\u00e9part pour Brest, les UM94 avaient d\u00e9j\u00e0 eu une discussion \u00e0 La Turbie avec [...]","thumbnail_url":"https:\/\/www.ladiagonale.net\/wp-content\/uploads\/2024\/01\/scuro-2.png","thumbnail_width":1160,"thumbnail_height":650}

Les Ultras réclament le départ de Scuro - La Diagonale

<blockquote class="wp-embedded-content" data-secret="UIEPy32Y2H"><a href="https://www.ladiagonale.net/index.php/2025/12/08/les-ultras-reclament-le-depart-de-scuro/">Les Ultras réclament le départ de Scuro</a></blockquote><iframe sandbox="allow-scripts" security="restricted" src="https://www.ladiagonale.net/index.php/2025/12/08/les-ultras-reclament-le-depart-de-scuro/embed/#?secret=UIEPy32Y2H" width="600" height="338" title="« Les Ultras réclament le départ de Scuro » &#8212; La Diagonale" data-secret="UIEPy32Y2H" frameborder="0" marginwidth="0" marginheight="0" scrolling="no" class="wp-embedded-content"></iframe><script type="text/javascript">
/*! This file is auto-generated */
!function(c,l){"use strict";var e=!1,o=!1;if(l.querySelector)if(c.addEventListener)e=!0;if(c.wp=c.wp||{},c.wp.receiveEmbedMessage);else if(c.wp.receiveEmbedMessage=function(e){var t=e.data;if(!t);else if(!(t.secret||t.message||t.value));else if(/[^a-zA-Z0-9]/.test(t.secret));else{for(var r,s,a,i=l.querySelectorAll('iframe[data-secret="'+t.secret+'"]'),n=l.querySelectorAll('blockquote[data-secret="'+t.secret+'"]'),o=0;o<n.length;o++)n[o].style.display="none";for(o=0;o<i.length;o++)if(r=i[o],e.source!==r.contentWindow);else{if(r.removeAttribute("style"),"height"===t.message){if(1e3<(s=parseInt(t.value,10)))s=1e3;else if(~~s<200)s=200;r.height=s}if("link"===t.message)if(s=l.createElement("a"),a=l.createElement("a"),s.href=r.getAttribute("src"),a.href=t.value,a.host===s.host)if(l.activeElement===r)c.top.location.href=t.value}}},e)c.addEventListener("message",c.wp.receiveEmbedMessage,!1),l.addEventListener("DOMContentLoaded",t,!1),c.addEventListener("load",t,!1);function t(){if(o);else{o=!0;for(var e,t,r,s=-1!==navigator.appVersion.indexOf("MSIE 10"),a=!!navigator.userAgent.match(/Trident.*rv:11\./),i=l.querySelectorAll("iframe.wp-embedded-content"),n=0;n<i.length;n++){if(!(r=(t=i[n]).getAttribute("data-secret")))r=Math.random().toString(36).substr(2,10),t.src+="#?secret="+r,t.setAttribute("data-secret",r);if(s||a)(e=t.cloneNode(!0)).removeAttribute("security"),t.parentNode.replaceChild(e,t);t.contentWindow.postMessage({message:"ready",secret:r},"*")}}}}(window,document);
</script>

Les Ultras de l’AS Monaco ont tapé du poing sur la table. Dimanche, le mouvement de supporters a publié un communiqué au vitriol et s’est positionné fermement contre la direction sportive, représentée par son directeur général Thiago Scuro. Peu avant le départ pour Brest, les UM94 avaient déjà eu une discussion à La Turbie avec [...]
