{"version":"1.0","provider_name":"La Diagonale","provider_url":"https:\/\/www.ladiagonale.net","author_name":"Damien Dellerba","author_url":"https:\/\/www.ladiagonale.net\/index.php\/author\/damien\/","title":"Les U17 prennent un point face au leader - La Diagonale","type":"rich","width":600,"height":338,"html":"<blockquote class=\"wp-embedded-content\" data-secret=\"LFBSJPjjmg\"><a href=\"https:\/\/www.ladiagonale.net\/index.php\/2026\/03\/16\/les-u17-prennent-un-point-face-au-leader\/\">Les U17 prennent un point face au leader<\/a><\/blockquote><iframe sandbox=\"allow-scripts\" security=\"restricted\" src=\"https:\/\/www.ladiagonale.net\/index.php\/2026\/03\/16\/les-u17-prennent-un-point-face-au-leader\/embed\/#?secret=LFBSJPjjmg\" width=\"600\" height=\"338\" title=\"\u00ab\u00a0Les U17 prennent un point face au leader\u00a0\u00bb &#8212; La Diagonale\" data-secret=\"LFBSJPjjmg\" frameborder=\"0\" marginwidth=\"0\" marginheight=\"0\" scrolling=\"no\" class=\"wp-embedded-content\"><\/iframe><script type=\"text\/javascript\">\n\/*! This file is auto-generated *\/\n!function(c,l){\"use strict\";var e=!1,o=!1;if(l.querySelector)if(c.addEventListener)e=!0;if(c.wp=c.wp||{},c.wp.receiveEmbedMessage);else if(c.wp.receiveEmbedMessage=function(e){var t=e.data;if(!t);else if(!(t.secret||t.message||t.value));else if(\/[^a-zA-Z0-9]\/.test(t.secret));else{for(var r,s,a,i=l.querySelectorAll('iframe[data-secret=\"'+t.secret+'\"]'),n=l.querySelectorAll('blockquote[data-secret=\"'+t.secret+'\"]'),o=0;o<n.length;o++)n[o].style.display=\"none\";for(o=0;o<i.length;o++)if(r=i[o],e.source!==r.contentWindow);else{if(r.removeAttribute(\"style\"),\"height\"===t.message){if(1e3<(s=parseInt(t.value,10)))s=1e3;else if(~~s<200)s=200;r.height=s}if(\"link\"===t.message)if(s=l.createElement(\"a\"),a=l.createElement(\"a\"),s.href=r.getAttribute(\"src\"),a.href=t.value,a.host===s.host)if(l.activeElement===r)c.top.location.href=t.value}}},e)c.addEventListener(\"message\",c.wp.receiveEmbedMessage,!1),l.addEventListener(\"DOMContentLoaded\",t,!1),c.addEventListener(\"load\",t,!1);function t(){if(o);else{o=!0;for(var e,t,r,s=-1!==navigator.appVersion.indexOf(\"MSIE 10\"),a=!!navigator.userAgent.match(\/Trident.*rv:11\\.\/),i=l.querySelectorAll(\"iframe.wp-embedded-content\"),n=0;n<i.length;n++){if(!(r=(t=i[n]).getAttribute(\"data-secret\")))r=Math.random().toString(36).substr(2,10),t.src+=\"#?secret=\"+r,t.setAttribute(\"data-secret\",r);if(s||a)(e=t.cloneNode(!0)).removeAttribute(\"security\"),t.parentNode.replaceChild(e,t);t.contentWindow.postMessage({message:\"ready\",secret:r},\"*\")}}}}(window,document);\n<\/script>\n","description":"Il n\u2019y avait que des chocs pour les \u00e9quipes de l\u2019Academy, ce week-end. Alors que les U19 affrontaient et battaient leur dauphin marseillais, les U17 de Manu Dos Santos \u00e9taient quant \u00e0 eux oppos\u00e9s au leader du Clermont Foot, \u00e0 l\u2019occasion de la 21e journ\u00e9e de Championnat. La rencontre s\u2019est achev\u00e9e sur un match nul [...]","thumbnail_url":"https:\/\/www.ladiagonale.net\/wp-content\/uploads\/2025\/09\/Petit-U17.png","thumbnail_width":1160,"thumbnail_height":650}

Il n’y avait que des chocs pour les équipes de l’Academy, ce week-end. Alors que les U19 affrontaient et battaient leur dauphin marseillais, les U17 de Manu Dos Santos étaient quant à eux opposés au leader du Clermont Foot, à l’occasion de la 21e journée de Championnat. La rencontre s’est achevée sur un match nul [...]
