{"version":"1.0","provider_name":"La Diagonale","provider_url":"https:\/\/www.ladiagonale.net","author_name":"Damien Dellerba","author_url":"https:\/\/www.ladiagonale.net\/index.php\/author\/damien\/","title":"Lienard pourrait \u00eatre pr\u00eat\u00e9 au Cercle Bruges - La Diagonale","type":"rich","width":600,"height":338,"html":"<blockquote class=\"wp-embedded-content\" data-secret=\"wLJqxg1Tul\"><a href=\"https:\/\/www.ladiagonale.net\/index.php\/2026\/09\/01\/lienard-pourrait-etre-prete-au-cercle-bruges\/\">Lienard pourrait \u00eatre pr\u00eat\u00e9 au Cercle Bruges<\/a><\/blockquote><iframe sandbox=\"allow-scripts\" security=\"restricted\" src=\"https:\/\/www.ladiagonale.net\/index.php\/2026\/09\/01\/lienard-pourrait-etre-prete-au-cercle-bruges\/embed\/#?secret=wLJqxg1Tul\" width=\"600\" height=\"338\" title=\"\u00ab\u00a0Lienard pourrait \u00eatre pr\u00eat\u00e9 au Cercle Bruges\u00a0\u00bb &#8212; La Diagonale\" data-secret=\"wLJqxg1Tul\" frameborder=\"0\" marginwidth=\"0\" marginheight=\"0\" scrolling=\"no\" class=\"wp-embedded-content\"><\/iframe><script type=\"text\/javascript\">\n\/*! This file is auto-generated *\/\n!function(c,l){\"use strict\";var e=!1,o=!1;if(l.querySelector)if(c.addEventListener)e=!0;if(c.wp=c.wp||{},c.wp.receiveEmbedMessage);else if(c.wp.receiveEmbedMessage=function(e){var t=e.data;if(!t);else if(!(t.secret||t.message||t.value));else if(\/[^a-zA-Z0-9]\/.test(t.secret));else{for(var r,s,a,i=l.querySelectorAll('iframe[data-secret=\"'+t.secret+'\"]'),n=l.querySelectorAll('blockquote[data-secret=\"'+t.secret+'\"]'),o=0;o<n.length;o++)n[o].style.display=\"none\";for(o=0;o<i.length;o++)if(r=i[o],e.source!==r.contentWindow);else{if(r.removeAttribute(\"style\"),\"height\"===t.message){if(1e3<(s=parseInt(t.value,10)))s=1e3;else if(~~s<200)s=200;r.height=s}if(\"link\"===t.message)if(s=l.createElement(\"a\"),a=l.createElement(\"a\"),s.href=r.getAttribute(\"src\"),a.href=t.value,a.host===s.host)if(l.activeElement===r)c.top.location.href=t.value}}},e)c.addEventListener(\"message\",c.wp.receiveEmbedMessage,!1),l.addEventListener(\"DOMContentLoaded\",t,!1),c.addEventListener(\"load\",t,!1);function t(){if(o);else{o=!0;for(var e,t,r,s=-1!==navigator.appVersion.indexOf(\"MSIE 10\"),a=!!navigator.userAgent.match(\/Trident.*rv:11\\.\/),i=l.querySelectorAll(\"iframe.wp-embedded-content\"),n=0;n<i.length;n++){if(!(r=(t=i[n]).getAttribute(\"data-secret\")))r=Math.random().toString(36).substr(2,10),t.src+=\"#?secret=\"+r,t.setAttribute(\"data-secret\",r);if(s||a)(e=t.cloneNode(!0)).removeAttribute(\"security\"),t.parentNode.replaceChild(e,t);t.contentWindow.postMessage({message:\"ready\",secret:r},\"*\")}}}}(window,document);\n<\/script>\n","description":"L\u2019AS Monaco a d\u00e9j\u00e0 envoy\u00e9 deux joueurs en pr\u00eat du c\u00f4t\u00e9 du Cercle Bruges, Lucas Michal et Valy Konat\u00e9, et un troisi\u00e8me pourrait les rejoindre. Selon Onze Mondial, Yann Lienard pourrait passer la saison du c\u00f4t\u00e9 du club satellite de l\u2019ASM. L\u2019actuel troisi\u00e8me gardien mon\u00e9gasque n\u2019a aucune chance de jouer cette saison, avec Lukas Hradecky [...]","thumbnail_url":"https:\/\/www.ladiagonale.net\/wp-content\/uploads\/2025\/07\/Lienard.png","thumbnail_width":1160,"thumbnail_height":650}

Lienard pourrait être prêté au Cercle Bruges - La Diagonale

<blockquote class="wp-embedded-content" data-secret="wLJqxg1Tul"><a href="https://www.ladiagonale.net/index.php/2026/09/01/lienard-pourrait-etre-prete-au-cercle-bruges/">Lienard pourrait être prêté au Cercle Bruges</a></blockquote><iframe sandbox="allow-scripts" security="restricted" src="https://www.ladiagonale.net/index.php/2026/09/01/lienard-pourrait-etre-prete-au-cercle-bruges/embed/#?secret=wLJqxg1Tul" width="600" height="338" title="« Lienard pourrait être prêté au Cercle Bruges » &#8212; La Diagonale" data-secret="wLJqxg1Tul" frameborder="0" marginwidth="0" marginheight="0" scrolling="no" class="wp-embedded-content"></iframe><script type="text/javascript">
/*! This file is auto-generated */
!function(c,l){"use strict";var e=!1,o=!1;if(l.querySelector)if(c.addEventListener)e=!0;if(c.wp=c.wp||{},c.wp.receiveEmbedMessage);else if(c.wp.receiveEmbedMessage=function(e){var t=e.data;if(!t);else if(!(t.secret||t.message||t.value));else if(/[^a-zA-Z0-9]/.test(t.secret));else{for(var r,s,a,i=l.querySelectorAll('iframe[data-secret="'+t.secret+'"]'),n=l.querySelectorAll('blockquote[data-secret="'+t.secret+'"]'),o=0;o<n.length;o++)n[o].style.display="none";for(o=0;o<i.length;o++)if(r=i[o],e.source!==r.contentWindow);else{if(r.removeAttribute("style"),"height"===t.message){if(1e3<(s=parseInt(t.value,10)))s=1e3;else if(~~s<200)s=200;r.height=s}if("link"===t.message)if(s=l.createElement("a"),a=l.createElement("a"),s.href=r.getAttribute("src"),a.href=t.value,a.host===s.host)if(l.activeElement===r)c.top.location.href=t.value}}},e)c.addEventListener("message",c.wp.receiveEmbedMessage,!1),l.addEventListener("DOMContentLoaded",t,!1),c.addEventListener("load",t,!1);function t(){if(o);else{o=!0;for(var e,t,r,s=-1!==navigator.appVersion.indexOf("MSIE 10"),a=!!navigator.userAgent.match(/Trident.*rv:11\./),i=l.querySelectorAll("iframe.wp-embedded-content"),n=0;n<i.length;n++){if(!(r=(t=i[n]).getAttribute("data-secret")))r=Math.random().toString(36).substr(2,10),t.src+="#?secret="+r,t.setAttribute("data-secret",r);if(s||a)(e=t.cloneNode(!0)).removeAttribute("security"),t.parentNode.replaceChild(e,t);t.contentWindow.postMessage({message:"ready",secret:r},"*")}}}}(window,document);
</script>

L’AS Monaco a déjà envoyé deux joueurs en prêt du côté du Cercle Bruges, Lucas Michal et Valy Konaté, et un troisième pourrait les rejoindre. Selon Onze Mondial, Yann Lienard pourrait passer la saison du côté du club satellite de l’ASM. L’actuel troisième gardien monégasque n’a aucune chance de jouer cette saison, avec Lukas Hradecky [...]
