{"version":"1.0","provider_name":"La Diagonale","provider_url":"https:\/\/www.ladiagonale.net","author_name":"Damien Dellerba","author_url":"https:\/\/www.ladiagonale.net\/index.php\/author\/damien\/","title":"Avina : \u00ab La porte n\u2019est pas ferm\u00e9e \u00bb pour Lira - La Diagonale","type":"rich","width":600,"height":338,"html":"<blockquote class=\"wp-embedded-content\" data-secret=\"wKHl8XAv8j\"><a href=\"https:\/\/www.ladiagonale.net\/index.php\/2026\/09\/03\/avina-la-porte-nest-pas-fermee-pour-lira\/\">Avina : \u00ab La porte n\u2019est pas ferm\u00e9e \u00bb pour Lira<\/a><\/blockquote><iframe sandbox=\"allow-scripts\" security=\"restricted\" src=\"https:\/\/www.ladiagonale.net\/index.php\/2026\/09\/03\/avina-la-porte-nest-pas-fermee-pour-lira\/embed\/#?secret=wKHl8XAv8j\" width=\"600\" height=\"338\" title=\"\u00ab\u00a0Avina : \u00ab La porte n\u2019est pas ferm\u00e9e \u00bb pour Lira\u00a0\u00bb &#8212; La Diagonale\" data-secret=\"wKHl8XAv8j\" frameborder=\"0\" marginwidth=\"0\" marginheight=\"0\" scrolling=\"no\" class=\"wp-embedded-content\"><\/iframe><script type=\"text\/javascript\">\n\/*! This file is auto-generated *\/\n!function(c,l){\"use strict\";var e=!1,o=!1;if(l.querySelector)if(c.addEventListener)e=!0;if(c.wp=c.wp||{},c.wp.receiveEmbedMessage);else if(c.wp.receiveEmbedMessage=function(e){var t=e.data;if(!t);else if(!(t.secret||t.message||t.value));else if(\/[^a-zA-Z0-9]\/.test(t.secret));else{for(var r,s,a,i=l.querySelectorAll('iframe[data-secret=\"'+t.secret+'\"]'),n=l.querySelectorAll('blockquote[data-secret=\"'+t.secret+'\"]'),o=0;o<n.length;o++)n[o].style.display=\"none\";for(o=0;o<i.length;o++)if(r=i[o],e.source!==r.contentWindow);else{if(r.removeAttribute(\"style\"),\"height\"===t.message){if(1e3<(s=parseInt(t.value,10)))s=1e3;else if(~~s<200)s=200;r.height=s}if(\"link\"===t.message)if(s=l.createElement(\"a\"),a=l.createElement(\"a\"),s.href=r.getAttribute(\"src\"),a.href=t.value,a.host===s.host)if(l.activeElement===r)c.top.location.href=t.value}}},e)c.addEventListener(\"message\",c.wp.receiveEmbedMessage,!1),l.addEventListener(\"DOMContentLoaded\",t,!1),c.addEventListener(\"load\",t,!1);function t(){if(o);else{o=!0;for(var e,t,r,s=-1!==navigator.appVersion.indexOf(\"MSIE 10\"),a=!!navigator.userAgent.match(\/Trident.*rv:11\\.\/),i=l.querySelectorAll(\"iframe.wp-embedded-content\"),n=0;n<i.length;n++){if(!(r=(t=i[n]).getAttribute(\"data-secret\")))r=Math.random().toString(36).substr(2,10),t.src+=\"#?secret=\"+r,t.setAttribute(\"data-secret\",r);if(s||a)(e=t.cloneNode(!0)).removeAttribute(\"security\"),t.parentNode.replaceChild(e,t);t.contentWindow.postMessage({message:\"ready\",secret:r},\"*\")}}}}(window,document);\n<\/script>\n","description":"Faute de d\u00e9part de Folarin Balogun, l&rsquo;AS Monaco n&rsquo;a pas pu finaliser l&rsquo;op\u00e9ration Erik Lira. Un moment tr\u00e8s dur et tr\u00e8s triste pour Thiago Scuro, mais aussi pour Carlos Avina, le directeur technique mexicain, forc\u00e9ment tr\u00e8s impliqu\u00e9 dans la venue de son compatriote. Celui-ci est revenu sur ce qu&rsquo;il s&rsquo;est pass\u00e9 mardi, dans un entretien [...]","thumbnail_url":"https:\/\/www.ladiagonale.net\/wp-content\/uploads\/2026\/07\/Lira.png","thumbnail_width":1160,"thumbnail_height":650}

Avina : « La porte n’est pas fermée » pour Lira - La Diagonale

<blockquote class="wp-embedded-content" data-secret="wKHl8XAv8j"><a href="https://www.ladiagonale.net/index.php/2026/09/03/avina-la-porte-nest-pas-fermee-pour-lira/">Avina : « La porte n’est pas fermée » pour Lira</a></blockquote><iframe sandbox="allow-scripts" security="restricted" src="https://www.ladiagonale.net/index.php/2026/09/03/avina-la-porte-nest-pas-fermee-pour-lira/embed/#?secret=wKHl8XAv8j" width="600" height="338" title="« Avina : « La porte n’est pas fermée » pour Lira » &#8212; La Diagonale" data-secret="wKHl8XAv8j" frameborder="0" marginwidth="0" marginheight="0" scrolling="no" class="wp-embedded-content"></iframe><script type="text/javascript">
/*! This file is auto-generated */
!function(c,l){"use strict";var e=!1,o=!1;if(l.querySelector)if(c.addEventListener)e=!0;if(c.wp=c.wp||{},c.wp.receiveEmbedMessage);else if(c.wp.receiveEmbedMessage=function(e){var t=e.data;if(!t);else if(!(t.secret||t.message||t.value));else if(/[^a-zA-Z0-9]/.test(t.secret));else{for(var r,s,a,i=l.querySelectorAll('iframe[data-secret="'+t.secret+'"]'),n=l.querySelectorAll('blockquote[data-secret="'+t.secret+'"]'),o=0;o<n.length;o++)n[o].style.display="none";for(o=0;o<i.length;o++)if(r=i[o],e.source!==r.contentWindow);else{if(r.removeAttribute("style"),"height"===t.message){if(1e3<(s=parseInt(t.value,10)))s=1e3;else if(~~s<200)s=200;r.height=s}if("link"===t.message)if(s=l.createElement("a"),a=l.createElement("a"),s.href=r.getAttribute("src"),a.href=t.value,a.host===s.host)if(l.activeElement===r)c.top.location.href=t.value}}},e)c.addEventListener("message",c.wp.receiveEmbedMessage,!1),l.addEventListener("DOMContentLoaded",t,!1),c.addEventListener("load",t,!1);function t(){if(o);else{o=!0;for(var e,t,r,s=-1!==navigator.appVersion.indexOf("MSIE 10"),a=!!navigator.userAgent.match(/Trident.*rv:11\./),i=l.querySelectorAll("iframe.wp-embedded-content"),n=0;n<i.length;n++){if(!(r=(t=i[n]).getAttribute("data-secret")))r=Math.random().toString(36).substr(2,10),t.src+="#?secret="+r,t.setAttribute("data-secret",r);if(s||a)(e=t.cloneNode(!0)).removeAttribute("security"),t.parentNode.replaceChild(e,t);t.contentWindow.postMessage({message:"ready",secret:r},"*")}}}}(window,document);
</script>

Faute de départ de Folarin Balogun, l&rsquo;AS Monaco n&rsquo;a pas pu finaliser l&rsquo;opération Erik Lira. Un moment très dur et très triste pour Thiago Scuro, mais aussi pour Carlos Avina, le directeur technique mexicain, forcément très impliqué dans la venue de son compatriote. Celui-ci est revenu sur ce qu&rsquo;il s&rsquo;est passé mardi, dans un entretien [...]
