{"version":"1.0","provider_name":"La Diagonale","provider_url":"https:\/\/www.ladiagonale.net","author_name":"Damien Dellerba","author_url":"https:\/\/www.ladiagonale.net\/index.php\/author\/damien\/","title":"Le Groupe \u00c9lite repris par le Legia Varsovie - La Diagonale","type":"rich","width":600,"height":338,"html":"<blockquote class=\"wp-embedded-content\" data-secret=\"kj3nWZLtYP\"><a href=\"https:\/\/www.ladiagonale.net\/index.php\/2026\/09\/04\/le-groupe-elite-repris-par-le-legia-varsovie\/\">Le Groupe \u00c9lite repris par le Legia Varsovie<\/a><\/blockquote><iframe sandbox=\"allow-scripts\" security=\"restricted\" src=\"https:\/\/www.ladiagonale.net\/index.php\/2026\/09\/04\/le-groupe-elite-repris-par-le-legia-varsovie\/embed\/#?secret=kj3nWZLtYP\" width=\"600\" height=\"338\" title=\"\u00ab\u00a0Le Groupe \u00c9lite repris par le Legia Varsovie\u00a0\u00bb &#8212; La Diagonale\" data-secret=\"kj3nWZLtYP\" frameborder=\"0\" marginwidth=\"0\" marginheight=\"0\" scrolling=\"no\" class=\"wp-embedded-content\"><\/iframe><script type=\"text\/javascript\">\n\/*! This file is auto-generated *\/\n!function(c,l){\"use strict\";var e=!1,o=!1;if(l.querySelector)if(c.addEventListener)e=!0;if(c.wp=c.wp||{},c.wp.receiveEmbedMessage);else if(c.wp.receiveEmbedMessage=function(e){var t=e.data;if(!t);else if(!(t.secret||t.message||t.value));else if(\/[^a-zA-Z0-9]\/.test(t.secret));else{for(var r,s,a,i=l.querySelectorAll('iframe[data-secret=\"'+t.secret+'\"]'),n=l.querySelectorAll('blockquote[data-secret=\"'+t.secret+'\"]'),o=0;o<n.length;o++)n[o].style.display=\"none\";for(o=0;o<i.length;o++)if(r=i[o],e.source!==r.contentWindow);else{if(r.removeAttribute(\"style\"),\"height\"===t.message){if(1e3<(s=parseInt(t.value,10)))s=1e3;else if(~~s<200)s=200;r.height=s}if(\"link\"===t.message)if(s=l.createElement(\"a\"),a=l.createElement(\"a\"),s.href=r.getAttribute(\"src\"),a.href=t.value,a.host===s.host)if(l.activeElement===r)c.top.location.href=t.value}}},e)c.addEventListener(\"message\",c.wp.receiveEmbedMessage,!1),l.addEventListener(\"DOMContentLoaded\",t,!1),c.addEventListener(\"load\",t,!1);function t(){if(o);else{o=!0;for(var e,t,r,s=-1!==navigator.appVersion.indexOf(\"MSIE 10\"),a=!!navigator.userAgent.match(\/Trident.*rv:11\\.\/),i=l.querySelectorAll(\"iframe.wp-embedded-content\"),n=0;n<i.length;n++){if(!(r=(t=i[n]).getAttribute(\"data-secret\")))r=Math.random().toString(36).substr(2,10),t.src+=\"#?secret=\"+r,t.setAttribute(\"data-secret\",r);if(s||a)(e=t.cloneNode(!0)).removeAttribute(\"security\"),t.parentNode.replaceChild(e,t);t.contentWindow.postMessage({message:\"ready\",secret:r},\"*\")}}}}(window,document);\n<\/script>\n","description":"Adversaire in\u00e9dit, jeudi, pour le Groupe \u00c9lite de l&rsquo;AS Monaco, qui a affront\u00e9 le Legia Varsovie au centre d&rsquo;entra\u00eenement du club polonais au cours d&rsquo;une rencontre amicale. Avec Aymen Assab ou encore Oumar Konat\u00e9, les joueurs de Dennis Schmit ont \u00e9t\u00e9 accroch\u00e9s par leur adversaire (2-2), apr\u00e8s avoir men\u00e9 deux fois au score. C&rsquo;est Ilies [...]","thumbnail_url":"https:\/\/www.ladiagonale.net\/wp-content\/uploads\/2026\/09\/Belmokhtar.png","thumbnail_width":1160,"thumbnail_height":650}

Le Groupe Élite repris par le Legia Varsovie - La Diagonale

<blockquote class="wp-embedded-content" data-secret="kj3nWZLtYP"><a href="https://www.ladiagonale.net/index.php/2026/09/04/le-groupe-elite-repris-par-le-legia-varsovie/">Le Groupe Élite repris par le Legia Varsovie</a></blockquote><iframe sandbox="allow-scripts" security="restricted" src="https://www.ladiagonale.net/index.php/2026/09/04/le-groupe-elite-repris-par-le-legia-varsovie/embed/#?secret=kj3nWZLtYP" width="600" height="338" title="« Le Groupe Élite repris par le Legia Varsovie » &#8212; La Diagonale" data-secret="kj3nWZLtYP" frameborder="0" marginwidth="0" marginheight="0" scrolling="no" class="wp-embedded-content"></iframe><script type="text/javascript">
/*! This file is auto-generated */
!function(c,l){"use strict";var e=!1,o=!1;if(l.querySelector)if(c.addEventListener)e=!0;if(c.wp=c.wp||{},c.wp.receiveEmbedMessage);else if(c.wp.receiveEmbedMessage=function(e){var t=e.data;if(!t);else if(!(t.secret||t.message||t.value));else if(/[^a-zA-Z0-9]/.test(t.secret));else{for(var r,s,a,i=l.querySelectorAll('iframe[data-secret="'+t.secret+'"]'),n=l.querySelectorAll('blockquote[data-secret="'+t.secret+'"]'),o=0;o<n.length;o++)n[o].style.display="none";for(o=0;o<i.length;o++)if(r=i[o],e.source!==r.contentWindow);else{if(r.removeAttribute("style"),"height"===t.message){if(1e3<(s=parseInt(t.value,10)))s=1e3;else if(~~s<200)s=200;r.height=s}if("link"===t.message)if(s=l.createElement("a"),a=l.createElement("a"),s.href=r.getAttribute("src"),a.href=t.value,a.host===s.host)if(l.activeElement===r)c.top.location.href=t.value}}},e)c.addEventListener("message",c.wp.receiveEmbedMessage,!1),l.addEventListener("DOMContentLoaded",t,!1),c.addEventListener("load",t,!1);function t(){if(o);else{o=!0;for(var e,t,r,s=-1!==navigator.appVersion.indexOf("MSIE 10"),a=!!navigator.userAgent.match(/Trident.*rv:11\./),i=l.querySelectorAll("iframe.wp-embedded-content"),n=0;n<i.length;n++){if(!(r=(t=i[n]).getAttribute("data-secret")))r=Math.random().toString(36).substr(2,10),t.src+="#?secret="+r,t.setAttribute("data-secret",r);if(s||a)(e=t.cloneNode(!0)).removeAttribute("security"),t.parentNode.replaceChild(e,t);t.contentWindow.postMessage({message:"ready",secret:r},"*")}}}}(window,document);
</script>

Adversaire inédit, jeudi, pour le Groupe Élite de l&rsquo;AS Monaco, qui a affronté le Legia Varsovie au centre d&rsquo;entraînement du club polonais au cours d&rsquo;une rencontre amicale. Avec Aymen Assab ou encore Oumar Konaté, les joueurs de Dennis Schmit ont été accrochés par leur adversaire (2-2), après avoir mené deux fois au score. C&rsquo;est Ilies [...]
