{"id":2628,"date":"2022-09-20T20:30:17","date_gmt":"2022-09-20T18:30:17","guid":{"rendered":"https:\/\/www.ladiagonale.net\/?page_id=2628"},"modified":"2022-10-04T23:29:07","modified_gmt":"2022-10-04T21:29:07","slug":"centre-de-performance","status":"publish","type":"page","link":"https:\/\/www.ladiagonale.net\/index.php\/centre-de-performance\/","title":{"rendered":"Centre de Performance"},"content":{"rendered":"\n\n\n<p class=\"has-text-align-center has-white-color has-text-color has-background\" style=\"background-color:#c00501\"><strong>CENTRE DE PERFORMANCE<\/strong><\/p>\n\n\n\n<p><\/p>\n\n\n\n<figure class=\"wp-block-image size-full\"><img loading=\"lazy\" width=\"1160\" height=\"650\" src=\"https:\/\/www.ladiagonale.net\/wp-content\/uploads\/2022\/09\/cpturbie.png\" alt=\"\" class=\"wp-image-2629\"\/><figcaption>Cr\u00e9dit photo : AS Monaco<\/figcaption><\/figure>\n\n\n\n<p>Install\u00e9 sur les hauteurs de La Turbie, dans une ancienne carri\u00e8re de pierre, le Centre de Performance de l&rsquo;AS Monaco a fait peau neuve pour laisser place \u00e0 un outil dernier cri dont la construction a d\u00e9but\u00e9 en 2018. Son inauguration s&rsquo;est d\u00e9roul\u00e9e le 5 septembre 2022 et son co\u00fbt est estim\u00e9 \u00e0 55 millions d&rsquo;euros.<\/p>\n\n\n\n<h5 class=\"has-white-color has-text-color has-background\" style=\"background-color:#303030\">FICHE TECHNIQUE<\/h5>\n\n\n\n<div class=\"wp-container-2 wp-block-group\"><div class=\"wp-block-group__inner-container\">\n<div class=\"wp-container-1 wp-block-group\">\n<ul><li>5 hectares d&rsquo;espace am\u00e9nag\u00e9<\/li><li>12 000m<sup>2<\/sup> de surface construite<\/li><li>3 terrains dont 1 homologu\u00e9 FFF\/UEFA<\/li><li>7 niveaux <\/li><li>Tribune de 280 places<\/li><li>Auditorium de 80 places<\/li><\/ul>\n<\/div>\n<\/div><\/div>\n","protected":false},"excerpt":{"rendered":"<p>CENTRE DE PERFORMANCE Install\u00e9 sur les hauteurs de La Turbie, dans une ancienne carri\u00e8re de pierre, le Centre de Performance de l&rsquo;AS Monaco a fait peau neuve pour laisser place \u00e0 un outil dernier cri dont la construction a d\u00e9but\u00e9 en 2018. Son inauguration s&rsquo;est d\u00e9roul\u00e9e le 5 septembre 2022 et son co\u00fbt est estim\u00e9 [&#8230;]\n","protected":false},"author":2,"featured_media":2629,"parent":0,"menu_order":0,"comment_status":"closed","ping_status":"closed","template":"page-right-sidebar.php","meta":[],"yoast_head":"<!-- This site is optimized with the Yoast SEO plugin v19.8 - https:\/\/yoast.com\/wordpress\/plugins\/seo\/ -->\n<title>Centre de Performance - La Diagonale<\/title>\n<meta name=\"robots\" content=\"index, follow, max-snippet:-1, max-image-preview:large, max-video-preview:-1\" \/>\n<link rel=\"canonical\" href=\"https:\/\/www.ladiagonale.net\/index.php\/centre-de-performance\/\" \/>\n<meta property=\"og:locale\" content=\"fr_FR\" \/>\n<meta property=\"og:type\" content=\"article\" \/>\n<meta property=\"og:title\" content=\"Centre de Performance - La Diagonale\" \/>\n<meta property=\"og:description\" content=\"CENTRE DE PERFORMANCE Install\u00e9 sur les hauteurs de La Turbie, dans une ancienne carri\u00e8re de pierre, le Centre de Performance de l&rsquo;AS Monaco a fait peau neuve pour laisser place \u00e0 un outil dernier cri dont la construction a d\u00e9but\u00e9 en 2018. Son inauguration s&rsquo;est d\u00e9roul\u00e9e le 5 septembre 2022 et son co\u00fbt est estim\u00e9 [...]\" \/>\n<meta property=\"og:url\" content=\"https:\/\/www.ladiagonale.net\/index.php\/centre-de-performance\/\" \/>\n<meta property=\"og:site_name\" content=\"La Diagonale\" \/>\n<meta property=\"article:modified_time\" content=\"2022-10-04T21:29:07+00:00\" \/>\n<meta property=\"og:image\" content=\"https:\/\/www.ladiagonale.net\/wp-content\/uploads\/2022\/09\/cpturbie.png\" \/>\n\t<meta property=\"og:image:width\" content=\"1160\" \/>\n\t<meta property=\"og:image:height\" content=\"650\" \/>\n\t<meta property=\"og:image:type\" content=\"image\/png\" \/>\n<meta name=\"twitter:card\" content=\"summary_large_image\" \/>\n<script type=\"application\/ld+json\" class=\"yoast-schema-graph\">{\"@context\":\"https:\/\/schema.org\",\"@graph\":[{\"@type\":\"WebPage\",\"@id\":\"https:\/\/www.ladiagonale.net\/index.php\/centre-de-performance\/\",\"url\":\"https:\/\/www.ladiagonale.net\/index.php\/centre-de-performance\/\",\"name\":\"Centre de Performance - La Diagonale\",\"isPartOf\":{\"@id\":\"https:\/\/www.ladiagonale.net\/#website\"},\"datePublished\":\"2022-09-20T18:30:17+00:00\",\"dateModified\":\"2022-10-04T21:29:07+00:00\",\"breadcrumb\":{\"@id\":\"https:\/\/www.ladiagonale.net\/index.php\/centre-de-performance\/#breadcrumb\"},\"inLanguage\":\"fr-FR\",\"potentialAction\":[{\"@type\":\"ReadAction\",\"target\":[\"https:\/\/www.ladiagonale.net\/index.php\/centre-de-performance\/\"]}]},{\"@type\":\"BreadcrumbList\",\"@id\":\"https:\/\/www.ladiagonale.net\/index.php\/centre-de-performance\/#breadcrumb\",\"itemListElement\":[{\"@type\":\"ListItem\",\"position\":1,\"name\":\"Accueil\",\"item\":\"https:\/\/www.ladiagonale.net\/\"},{\"@type\":\"ListItem\",\"position\":2,\"name\":\"Centre de Performance\"}]},{\"@type\":\"WebSite\",\"@id\":\"https:\/\/www.ladiagonale.net\/#website\",\"url\":\"https:\/\/www.ladiagonale.net\/\",\"name\":\"La Diagonale\",\"description\":\"Le site des supporters de l&#039;AS Monaco FC\",\"potentialAction\":[{\"@type\":\"SearchAction\",\"target\":{\"@type\":\"EntryPoint\",\"urlTemplate\":\"https:\/\/www.ladiagonale.net\/?s={search_term_string}\"},\"query-input\":\"required name=search_term_string\"}],\"inLanguage\":\"fr-FR\"}]}<\/script>\n<!-- \/ Yoast SEO plugin. -->","yoast_head_json":{"title":"Centre de Performance - La Diagonale","robots":{"index":"index","follow":"follow","max-snippet":"max-snippet:-1","max-image-preview":"max-image-preview:large","max-video-preview":"max-video-preview:-1"},"canonical":"https:\/\/www.ladiagonale.net\/index.php\/centre-de-performance\/","og_locale":"fr_FR","og_type":"article","og_title":"Centre de Performance - La Diagonale","og_description":"CENTRE DE PERFORMANCE Install\u00e9 sur les hauteurs de La Turbie, dans une ancienne carri\u00e8re de pierre, le Centre de Performance de l&rsquo;AS Monaco a fait peau neuve pour laisser place \u00e0 un outil dernier cri dont la construction a d\u00e9but\u00e9 en 2018. Son inauguration s&rsquo;est d\u00e9roul\u00e9e le 5 septembre 2022 et son co\u00fbt est estim\u00e9 [...]","og_url":"https:\/\/www.ladiagonale.net\/index.php\/centre-de-performance\/","og_site_name":"La Diagonale","article_modified_time":"2022-10-04T21:29:07+00:00","og_image":[{"width":1160,"height":650,"url":"https:\/\/www.ladiagonale.net\/wp-content\/uploads\/2022\/09\/cpturbie.png","type":"image\/png"}],"twitter_card":"summary_large_image","schema":{"@context":"https:\/\/schema.org","@graph":[{"@type":"WebPage","@id":"https:\/\/www.ladiagonale.net\/index.php\/centre-de-performance\/","url":"https:\/\/www.ladiagonale.net\/index.php\/centre-de-performance\/","name":"Centre de Performance - La Diagonale","isPartOf":{"@id":"https:\/\/www.ladiagonale.net\/#website"},"datePublished":"2022-09-20T18:30:17+00:00","dateModified":"2022-10-04T21:29:07+00:00","breadcrumb":{"@id":"https:\/\/www.ladiagonale.net\/index.php\/centre-de-performance\/#breadcrumb"},"inLanguage":"fr-FR","potentialAction":[{"@type":"ReadAction","target":["https:\/\/www.ladiagonale.net\/index.php\/centre-de-performance\/"]}]},{"@type":"BreadcrumbList","@id":"https:\/\/www.ladiagonale.net\/index.php\/centre-de-performance\/#breadcrumb","itemListElement":[{"@type":"ListItem","position":1,"name":"Accueil","item":"https:\/\/www.ladiagonale.net\/"},{"@type":"ListItem","position":2,"name":"Centre de Performance"}]},{"@type":"WebSite","@id":"https:\/\/www.ladiagonale.net\/#website","url":"https:\/\/www.ladiagonale.net\/","name":"La Diagonale","description":"Le site des supporters de l&#039;AS Monaco FC","potentialAction":[{"@type":"SearchAction","target":{"@type":"EntryPoint","urlTemplate":"https:\/\/www.ladiagonale.net\/?s={search_term_string}"},"query-input":"required name=search_term_string"}],"inLanguage":"fr-FR"}]}},"_links":{"self":[{"href":"https:\/\/www.ladiagonale.net\/index.php\/wp-json\/wp\/v2\/pages\/2628"}],"collection":[{"href":"https:\/\/www.ladiagonale.net\/index.php\/wp-json\/wp\/v2\/pages"}],"about":[{"href":"https:\/\/www.ladiagonale.net\/index.php\/wp-json\/wp\/v2\/types\/page"}],"author":[{"embeddable":true,"href":"https:\/\/www.ladiagonale.net\/index.php\/wp-json\/wp\/v2\/users\/2"}],"replies":[{"embeddable":true,"href":"https:\/\/www.ladiagonale.net\/index.php\/wp-json\/wp\/v2\/comments?post=2628"}],"version-history":[{"count":8,"href":"https:\/\/www.ladiagonale.net\/index.php\/wp-json\/wp\/v2\/pages\/2628\/revisions"}],"predecessor-version":[{"id":5098,"href":"https:\/\/www.ladiagonale.net\/index.php\/wp-json\/wp\/v2\/pages\/2628\/revisions\/5098"}],"wp:featuredmedia":[{"embeddable":true,"href":"https:\/\/www.ladiagonale.net\/index.php\/wp-json\/wp\/v2\/media\/2629"}],"wp:attachment":[{"href":"https:\/\/www.ladiagonale.net\/index.php\/wp-json\/wp\/v2\/media?parent=2628"}],"curies":[{"name":"wp","href":"https:\/\/api.w.org\/{rel}","templated":true}]}}