{"id":2753,"date":"2022-09-18T11:34:15","date_gmt":"2022-09-18T09:34:15","guid":{"rendered":"https:\/\/www.ladiagonale.net\/?page_id=2753"},"modified":"2025-01-28T12:25:31","modified_gmt":"2025-01-28T11:25:31","slug":"palmares","status":"publish","type":"page","link":"https:\/\/www.ladiagonale.net\/index.php\/palmares\/","title":{"rendered":"Palmar\u00e8s"},"content":{"rendered":"\n<p class=\"has-text-align-center has-white-color has-text-color has-background\" style=\"background-color:#c00501\"><strong>PALMAR\u00c8S<\/strong><\/p>\n\n\n\n<p class=\"has-text-align-left has-white-color has-text-color has-background\" style=\"background-color:#303030\">PALMAR\u00c8S NATIONAL<\/p>\n\n\n\n<p class=\"has-background\" style=\"background-color:#b6b6b63d\"><strong>Championnat de France de Ligue 1<\/strong><\/p>\n\n\n\n<figure class=\"wp-block-table is-style-regular\"><table><tbody><tr><td><strong>Champion<\/strong><\/td><td><strong>8<\/strong><\/td><td><strong>1960 1963 1978 1982 1988 1997 2000 2017<\/strong><\/td><\/tr><tr><td>Vice-Champion<\/td><td>8<\/td><td>1964 1984 1991 1992 2003 2014 2018 2024<\/td><\/tr><\/tbody><\/table><\/figure>\n\n\n\n<p class=\"has-background\" style=\"background-color:#b6b6b63d\"><strong>Coupe de France<\/strong><\/p>\n\n\n\n<figure class=\"wp-block-table\"><table><tbody><tr><td><strong>Vainqueur<\/strong><\/td><td><strong>5<\/strong><\/td><td><strong>1960 1963 1980 1985 1991<\/strong><\/td><\/tr><tr><td>Finaliste<\/td><td>6<\/td><td>1974 1984 1989 1992 2010 2021<\/td><\/tr><\/tbody><\/table><\/figure>\n\n\n\n<p class=\"has-background\" style=\"background-color:#b6b6b63d\"><strong>Coupe de la Ligue<\/strong><\/p>\n\n\n\n<figure class=\"wp-block-table\"><table><tbody><tr><td><strong>Vainqueur<\/strong><\/td><td><strong>1<\/strong><\/td><td><strong>2003<\/strong><\/td><\/tr><tr><td>Finaliste<\/td><td>4<\/td><td>1984 2001 2017 2018<\/td><\/tr><\/tbody><\/table><\/figure>\n\n\n\n<p class=\"has-background\" style=\"background-color:#b6b6b63d\"><strong>Championnat de France de Ligue 2<\/strong><\/p>\n\n\n\n<figure class=\"wp-block-table\"><table><tbody><tr><td><strong>Vainqueur<\/strong><\/td><td><strong>1<\/strong><\/td><td><strong>2013<\/strong><\/td><\/tr><tr><td>Vice-champion<\/td><td>3<\/td><td>1953 1971 1977<\/td><\/tr><tr><td>Vainqueur de groupe<\/td><td>2<\/td><td>1971 1977<\/td><\/tr><\/tbody><\/table><\/figure>\n\n\n\n<p class=\"has-background\" style=\"background-color:#b6b6b63d\"><strong>Troph\u00e9e des Champions<\/strong><\/p>\n\n\n\n<figure class=\"wp-block-table\"><table><tbody><tr><td><strong>Vainqueur<\/strong><\/td><td><strong>4<\/strong><\/td><td><strong>1961 1985 1997 2000<\/strong><\/td><\/tr><tr><td>Finaliste<\/td><td>4<\/td><td>1960 2017 2018 2024<\/td><\/tr><\/tbody><\/table><\/figure>\n\n\n\n<p><strong>Challenge de La Ligue (Coupe Charles-Drago)<\/strong><\/p>\n\n\n\n<figure class=\"wp-block-table\"><table><tbody><tr><td><strong>Vainqueur<\/strong><\/td><td><strong>1<\/strong><\/td><td><strong>1961<\/strong><\/td><\/tr><\/tbody><\/table><\/figure>\n\n\n\n<p class=\"has-text-align-left has-white-color has-text-color has-background\" style=\"background-color:#303030\">PALMAR\u00c8S INTERNATIONAL<\/p>\n\n\n\n<p class=\"has-background\" style=\"background-color:#b6b6b63d\"><strong>Ligue des Champions<\/strong><\/p>\n\n\n\n<figure class=\"wp-block-table\"><table><tbody><tr><td>Finaliste<\/td><td>1<\/td><td>2004<\/td><\/tr><tr><td>Demi-finaliste<\/td><td>3<\/td><td>1994 1998 2017<\/td><\/tr><\/tbody><\/table><\/figure>\n\n\n\n<p class=\"has-background\" style=\"background-color:#b6b6b63d\"><strong>Coupes des vainqueurs de coupe<\/strong><\/p>\n\n\n\n<figure class=\"wp-block-table\"><table><tbody><tr><td>Finaliste<\/td><td>1<\/td><td>1992<\/td><\/tr><tr><td>Demi-finaliste<\/td><td>1<\/td><td>1990<\/td><\/tr><\/tbody><\/table><\/figure>\n\n\n\n<p class=\"has-background\" style=\"background-color:#b6b6b63d\"><strong>Ligue Europa (Coupe de l&rsquo;UEFA)<\/strong><\/p>\n\n\n\n<figure class=\"wp-block-table\"><table><tbody><tr><td>Demi-finaliste<\/td><td>1<\/td><td>1997<\/td><\/tr><\/tbody><\/table><\/figure>\n\n\n\n<p class=\"has-background\" style=\"background-color:#b6b6b63d\"><strong>Coupe des Alpes<\/strong><\/p>\n\n\n\n<figure class=\"wp-block-table\"><table><tbody><tr><td>Vainqueur<\/td><td>3<\/td><td>1979, 1983, 1984<\/td><\/tr><tr><td>Finaliste<\/td><td>1<\/td><td>1985<\/td><\/tr><\/tbody><\/table><\/figure>\n\n\n\n<p class=\"has-white-color has-text-color has-background\" style=\"background-color:#303030\">COMP\u00c9TITIONS AMICALES<\/p>\n\n\n\n<figure class=\"wp-block-table\"><table><tbody><tr><td>1963<\/td><td>Trofeo Teresa Herrera<\/td><td>2001<\/td><td>Tournoi Club Europe<\/td><\/tr><tr><td>1964<\/td><td>Tournoi international de Cannes<\/td><td>2004<\/td><td>Tournoi de M\u00f6nchengladbach<\/td><\/tr><tr><td>1967<\/td><td>Coupe internationale \u00ab&nbsp;T\u00e9l\u00e9-Magazine&nbsp;\u00bb<\/td><td>2006<\/td><td>Sud Tirol Cup<\/td><\/tr><tr><td>1981<\/td><td>Tournoi international de Bellinzona<\/td><td>2006<\/td><td>Troph\u00e9e de la C\u00e9ramique<\/td><\/tr><tr><td>1988<\/td><td>Coupe Mohamed V<\/td><td>2009<\/td><td>Troph\u00e9e de la cit\u00e9 de Messine<\/td><\/tr><tr><td>1997<\/td><td>M\u00e9morial Cecchi Ghori<\/td><td>2019<\/td><td>Philipp Plein Cup<\/td><\/tr><tr><td>2000<\/td><td>Tournoi Club Europe<\/td><td>2024<\/td><td>Troph\u00e9e Joan Gamper<\/td><\/tr><\/tbody><\/table><\/figure>\n\n\n\n<p class=\"has-white-color has-text-color has-background\" style=\"background-color:#303030\">PALMAR\u00c8S \u00c9QUIPE R\u00c9SERVE ET JEUNES<\/p>\n\n\n\n<figure class=\"wp-block-table\"><table><tbody><tr><td>1961<\/td><td>Championnat de France amateur (r\u00e9serve)<\/td><td>1988<\/td><td>Championnat de France de D3 (r\u00e9serve)<\/td><td>2023<\/td><td class=\"has-text-align-left\" data-align=\"left\">Coupe Gambardella (U18)<\/td><\/tr><tr><td>1962<\/td><td>Coupe Gambardella (U18)<\/td><td>2008<\/td><td>Championnat de France des \u00e9quipes r\u00e9serves<\/td><td><\/td><td class=\"has-text-align-left\" data-align=\"left\"><\/td><\/tr><tr><td>1964<\/td><td>Championnat de France amateur (r\u00e9serve)<\/td><td>2011<\/td><td>Coupe Gambardella (U19)<\/td><td><\/td><td class=\"has-text-align-left\" data-align=\"left\"><\/td><\/tr><tr><td>1972<\/td><td>Coupe Gambardella (U18)<\/td><td>2013<\/td><td>Championnat de France de France (U19)<\/td><td><\/td><td class=\"has-text-align-left\" data-align=\"left\"><\/td><\/tr><tr><td>1980<\/td><td>Championnat de France de D3 (r\u00e9serve)<\/td><td>2016<\/td><td>Coupe Gambardella (U19)<\/td><td><\/td><td class=\"has-text-align-left\" data-align=\"left\"><\/td><\/tr><\/tbody><\/table><\/figure>\n","protected":false},"excerpt":{"rendered":"<p>PALMAR\u00c8S PALMAR\u00c8S NATIONAL Championnat de France de Ligue 1 Champion 8 1960 1963 1978 1982 1988 1997 2000 2017 Vice-Champion 8 1964 1984 1991 1992 2003 2014 2018 2024 Coupe de France Vainqueur 5 1960 1963 1980 1985 1991 Finaliste 6 1974 1984 1989 1992 2010 2021 Coupe de la Ligue Vainqueur 1 2003 Finaliste [&#8230;]\n","protected":false},"author":2,"featured_media":0,"parent":0,"menu_order":0,"comment_status":"closed","ping_status":"closed","template":"page-right-sidebar.php","meta":[],"yoast_head":"<!-- This site is optimized with the Yoast SEO plugin v19.8 - https:\/\/yoast.com\/wordpress\/plugins\/seo\/ -->\n<title>Palmar\u00e8s - La Diagonale<\/title>\n<meta name=\"robots\" content=\"index, follow, max-snippet:-1, max-image-preview:large, max-video-preview:-1\" \/>\n<link rel=\"canonical\" href=\"https:\/\/www.ladiagonale.net\/index.php\/palmares\/\" \/>\n<meta property=\"og:locale\" content=\"fr_FR\" \/>\n<meta property=\"og:type\" content=\"article\" \/>\n<meta property=\"og:title\" content=\"Palmar\u00e8s - La Diagonale\" \/>\n<meta property=\"og:description\" content=\"PALMAR\u00c8S PALMAR\u00c8S NATIONAL Championnat de France de Ligue 1 Champion 8 1960 1963 1978 1982 1988 1997 2000 2017 Vice-Champion 8 1964 1984 1991 1992 2003 2014 2018 2024 Coupe de France Vainqueur 5 1960 1963 1980 1985 1991 Finaliste 6 1974 1984 1989 1992 2010 2021 Coupe de la Ligue Vainqueur 1 2003 Finaliste [...]\" \/>\n<meta property=\"og:url\" content=\"https:\/\/www.ladiagonale.net\/index.php\/palmares\/\" \/>\n<meta property=\"og:site_name\" content=\"La Diagonale\" \/>\n<meta property=\"article:modified_time\" content=\"2025-01-28T11:25:31+00:00\" \/>\n<meta name=\"twitter:card\" content=\"summary_large_image\" \/>\n<meta name=\"twitter:label1\" content=\"Dur\u00e9e de lecture estim\u00e9e\" \/>\n\t<meta name=\"twitter:data1\" content=\"2 minutes\" \/>\n<script type=\"application\/ld+json\" class=\"yoast-schema-graph\">{\"@context\":\"https:\/\/schema.org\",\"@graph\":[{\"@type\":\"WebPage\",\"@id\":\"https:\/\/www.ladiagonale.net\/index.php\/palmares\/\",\"url\":\"https:\/\/www.ladiagonale.net\/index.php\/palmares\/\",\"name\":\"Palmar\u00e8s - La Diagonale\",\"isPartOf\":{\"@id\":\"https:\/\/www.ladiagonale.net\/#website\"},\"datePublished\":\"2022-09-18T09:34:15+00:00\",\"dateModified\":\"2025-01-28T11:25:31+00:00\",\"breadcrumb\":{\"@id\":\"https:\/\/www.ladiagonale.net\/index.php\/palmares\/#breadcrumb\"},\"inLanguage\":\"fr-FR\",\"potentialAction\":[{\"@type\":\"ReadAction\",\"target\":[\"https:\/\/www.ladiagonale.net\/index.php\/palmares\/\"]}]},{\"@type\":\"BreadcrumbList\",\"@id\":\"https:\/\/www.ladiagonale.net\/index.php\/palmares\/#breadcrumb\",\"itemListElement\":[{\"@type\":\"ListItem\",\"position\":1,\"name\":\"Accueil\",\"item\":\"https:\/\/www.ladiagonale.net\/\"},{\"@type\":\"ListItem\",\"position\":2,\"name\":\"Palmar\u00e8s\"}]},{\"@type\":\"WebSite\",\"@id\":\"https:\/\/www.ladiagonale.net\/#website\",\"url\":\"https:\/\/www.ladiagonale.net\/\",\"name\":\"La Diagonale\",\"description\":\"Le site des supporters de l&#039;AS Monaco FC\",\"potentialAction\":[{\"@type\":\"SearchAction\",\"target\":{\"@type\":\"EntryPoint\",\"urlTemplate\":\"https:\/\/www.ladiagonale.net\/?s={search_term_string}\"},\"query-input\":\"required name=search_term_string\"}],\"inLanguage\":\"fr-FR\"}]}<\/script>\n<!-- \/ Yoast SEO plugin. -->","yoast_head_json":{"title":"Palmar\u00e8s - La Diagonale","robots":{"index":"index","follow":"follow","max-snippet":"max-snippet:-1","max-image-preview":"max-image-preview:large","max-video-preview":"max-video-preview:-1"},"canonical":"https:\/\/www.ladiagonale.net\/index.php\/palmares\/","og_locale":"fr_FR","og_type":"article","og_title":"Palmar\u00e8s - La Diagonale","og_description":"PALMAR\u00c8S PALMAR\u00c8S NATIONAL Championnat de France de Ligue 1 Champion 8 1960 1963 1978 1982 1988 1997 2000 2017 Vice-Champion 8 1964 1984 1991 1992 2003 2014 2018 2024 Coupe de France Vainqueur 5 1960 1963 1980 1985 1991 Finaliste 6 1974 1984 1989 1992 2010 2021 Coupe de la Ligue Vainqueur 1 2003 Finaliste [...]","og_url":"https:\/\/www.ladiagonale.net\/index.php\/palmares\/","og_site_name":"La Diagonale","article_modified_time":"2025-01-28T11:25:31+00:00","twitter_card":"summary_large_image","twitter_misc":{"Dur\u00e9e de lecture estim\u00e9e":"2 minutes"},"schema":{"@context":"https:\/\/schema.org","@graph":[{"@type":"WebPage","@id":"https:\/\/www.ladiagonale.net\/index.php\/palmares\/","url":"https:\/\/www.ladiagonale.net\/index.php\/palmares\/","name":"Palmar\u00e8s - La Diagonale","isPartOf":{"@id":"https:\/\/www.ladiagonale.net\/#website"},"datePublished":"2022-09-18T09:34:15+00:00","dateModified":"2025-01-28T11:25:31+00:00","breadcrumb":{"@id":"https:\/\/www.ladiagonale.net\/index.php\/palmares\/#breadcrumb"},"inLanguage":"fr-FR","potentialAction":[{"@type":"ReadAction","target":["https:\/\/www.ladiagonale.net\/index.php\/palmares\/"]}]},{"@type":"BreadcrumbList","@id":"https:\/\/www.ladiagonale.net\/index.php\/palmares\/#breadcrumb","itemListElement":[{"@type":"ListItem","position":1,"name":"Accueil","item":"https:\/\/www.ladiagonale.net\/"},{"@type":"ListItem","position":2,"name":"Palmar\u00e8s"}]},{"@type":"WebSite","@id":"https:\/\/www.ladiagonale.net\/#website","url":"https:\/\/www.ladiagonale.net\/","name":"La Diagonale","description":"Le site des supporters de l&#039;AS Monaco FC","potentialAction":[{"@type":"SearchAction","target":{"@type":"EntryPoint","urlTemplate":"https:\/\/www.ladiagonale.net\/?s={search_term_string}"},"query-input":"required name=search_term_string"}],"inLanguage":"fr-FR"}]}},"_links":{"self":[{"href":"https:\/\/www.ladiagonale.net\/index.php\/wp-json\/wp\/v2\/pages\/2753"}],"collection":[{"href":"https:\/\/www.ladiagonale.net\/index.php\/wp-json\/wp\/v2\/pages"}],"about":[{"href":"https:\/\/www.ladiagonale.net\/index.php\/wp-json\/wp\/v2\/types\/page"}],"author":[{"embeddable":true,"href":"https:\/\/www.ladiagonale.net\/index.php\/wp-json\/wp\/v2\/users\/2"}],"replies":[{"embeddable":true,"href":"https:\/\/www.ladiagonale.net\/index.php\/wp-json\/wp\/v2\/comments?post=2753"}],"version-history":[{"count":15,"href":"https:\/\/www.ladiagonale.net\/index.php\/wp-json\/wp\/v2\/pages\/2753\/revisions"}],"predecessor-version":[{"id":29295,"href":"https:\/\/www.ladiagonale.net\/index.php\/wp-json\/wp\/v2\/pages\/2753\/revisions\/29295"}],"wp:attachment":[{"href":"https:\/\/www.ladiagonale.net\/index.php\/wp-json\/wp\/v2\/media?parent=2753"}],"curies":[{"name":"wp","href":"https:\/\/api.w.org\/{rel}","templated":true}]}}