{"id":2788,"date":"2022-09-20T19:41:50","date_gmt":"2022-09-20T17:41:50","guid":{"rendered":"https:\/\/www.ladiagonale.net\/?page_id=2788"},"modified":"2026-05-02T05:08:05","modified_gmt":"2026-05-02T03:08:05","slug":"discipline","status":"publish","type":"page","link":"https:\/\/www.ladiagonale.net\/index.php\/discipline\/","title":{"rendered":"Discipline"},"content":{"rendered":"\n<p class=\"has-text-align-center has-white-color has-text-color has-background\" style=\"background-color:#c00501\"><strong>DISCIPLINE<\/strong><\/p>\n\n\n\n<h5 class=\"has-white-color has-text-color has-background\" style=\"background-color:#303030;font-style:normal;font-weight:500\">JOUEURS SUSPENDUS<\/h5>\n\n\n\n<figure class=\"wp-block-table is-style-regular\" style=\"font-size:15px\"><table><thead><tr><th class=\"has-text-align-center\" data-align=\"center\">Joueur<\/th><th class=\"has-text-align-center\" data-align=\"center\">Motif<\/th><th class=\"has-text-align-center\" data-align=\"center\">Comp\u00e9tition<\/th><th class=\"has-text-align-center\" data-align=\"center\">Suspension<\/th><\/tr><\/thead><tbody><tr><td class=\"has-text-align-center\" data-align=\"center\"><\/td><td class=\"has-text-align-center\" data-align=\"center\"><\/td><td class=\"has-text-align-center\" data-align=\"center\"><\/td><td class=\"has-text-align-center\" data-align=\"center\"><\/td><\/tr><tr><td class=\"has-text-align-center\" data-align=\"center\">Denis Zakaria<\/td><td class=\"has-text-align-center\" data-align=\"center\">Accumulation de cartons jaunes<\/td><td class=\"has-text-align-center\" data-align=\"center\">Ligue des champions<\/td><td class=\"has-text-align-center\" data-align=\"center\">?<\/td><\/tr><tr><td class=\"has-text-align-center\" data-align=\"center\">Mamadou Coulibaly<\/td><td class=\"has-text-align-center\" data-align=\"center\">Carton rouge<\/td><td class=\"has-text-align-center\" data-align=\"center\">Ligue des champions<\/td><td class=\"has-text-align-center\" data-align=\"center\">?<\/td><\/tr><\/tbody><\/table><\/figure>\n\n\n\n<h5 class=\"has-white-color has-text-color has-background\" style=\"background-color:#303030;font-style:normal;font-weight:500\">JOUEURS SOUS LA MENACE<\/h5>\n\n\n\n<figure class=\"wp-block-table\" style=\"font-size:15px\"><table><thead><tr><th class=\"has-text-align-center\" data-align=\"center\">Joueur<\/th><th class=\"has-text-align-center\" data-align=\"center\">Motif<\/th><th class=\"has-text-align-center\" data-align=\"center\">Comp\u00e9tition<\/th><\/tr><\/thead><tbody><tr><td class=\"has-text-align-center\" data-align=\"center\">Folarin Balogun<\/td><td class=\"has-text-align-center\" data-align=\"center\">Accumulation de cartons jaunes<\/td><td class=\"has-text-align-center\" data-align=\"center\">Ligue 1<\/td><\/tr><tr><td class=\"has-text-align-center\" data-align=\"center\">Jordan Teze<\/td><td class=\"has-text-align-center\" data-align=\"center\">Accumulation de cartons jaunes<\/td><td class=\"has-text-align-center\" data-align=\"center\">Ligue 1<\/td><\/tr><\/tbody><\/table><figcaption><strong><em>Mis \u00e0 jour apr\u00e8s Toulouse-Monaco<\/em><\/strong><\/figcaption><\/figure>\n\n\n\n<h5 class=\"has-white-color has-text-color has-background\" style=\"background-color:#303030;font-style:normal;font-weight:500\">HISTORIQUE<\/h5>\n\n\n\n<figure class=\"wp-block-table\" style=\"font-size:15px\"><table><thead><tr><th class=\"has-text-align-center\" data-align=\"center\">Joueur<\/th><th class=\"has-text-align-center\" data-align=\"center\">Motif<\/th><th class=\"has-text-align-center\" data-align=\"center\">Comp\u00e9tition<\/th><th class=\"has-text-align-center\" data-align=\"center\">Match(es) manqu\u00e9(s)<\/th><\/tr><\/thead><tbody><tr><td class=\"has-text-align-center\" data-align=\"center\">Lamine Camara<\/td><td class=\"has-text-align-center\" data-align=\"center\">Accumulation de cartons jaunes<\/td><td class=\"has-text-align-center\" data-align=\"center\">Ligue 1<\/td><td class=\"has-text-align-center\" data-align=\"center\">Monaco-Auxerre<\/td><\/tr><tr><td class=\"has-text-align-center\" data-align=\"center\">S\u00e9bastien Pocognoli<\/td><td class=\"has-text-align-center\" data-align=\"center\">Carton rouge<\/td><td class=\"has-text-align-center\" data-align=\"center\">Ligue 1<\/td><td class=\"has-text-align-center\" data-align=\"center\">Monaco-Marseille<\/td><\/tr><tr><td class=\"has-text-align-center\" data-align=\"center\">Mamadou Coulibaly<\/td><td class=\"has-text-align-center\" data-align=\"center\">Accumulation de cartons jaunes\/R\u00e9vocation de sursis<\/td><td class=\"has-text-align-center\" data-align=\"center\">Ligue 1<\/td><td class=\"has-text-align-center\" data-align=\"center\">Monaco-Angers (J24)<\/td><\/tr><tr><td class=\"has-text-align-center\" data-align=\"center\">Aleksandr Golovin<\/td><td class=\"has-text-align-center\" data-align=\"center\">Carton rouge<\/td><td class=\"has-text-align-center\" data-align=\"center\">Ligue des champions<\/td><td class=\"has-text-align-center\" data-align=\"center\">Paris SG-Monaco (barrage retour)<\/td><\/tr><tr><td class=\"has-text-align-center\" data-align=\"center\">Vanderson<\/td><td class=\"has-text-align-center\" data-align=\"center\">Accumulation de cartons jaunes<\/td><td class=\"has-text-align-center\" data-align=\"center\">Ligue 1<\/td><td class=\"has-text-align-center\" data-align=\"center\">Lens-Monaco (J23)<\/td><\/tr><tr><td class=\"has-text-align-center\" data-align=\"center\">Aleksandr Golovin<\/td><td class=\"has-text-align-center\" data-align=\"center\">Carton rouge<\/td><td class=\"has-text-align-center\" data-align=\"center\">Ligue 1<\/td><td class=\"has-text-align-center\" data-align=\"center\">Lens-Monaco (J23)<\/td><\/tr><tr><td class=\"has-text-align-center\" data-align=\"center\">Mohammed Salisu<\/td><td class=\"has-text-align-center\" data-align=\"center\">Comportement<\/td><td class=\"has-text-align-center\" data-align=\"center\">Ligue 1\/Coupe de France<\/td><td class=\"has-text-align-center\" data-align=\"center\">Orl\u00e9ans-Monaco (1\/16)<br>Monaco-Lorient (J18)<br>Le Havre-Monaco (J19)<\/td><\/tr><tr><td class=\"has-text-align-center\" data-align=\"center\">Mamadou Coulibaly<\/td><td class=\"has-text-align-center\" data-align=\"center\">Carton rouge<\/td><td class=\"has-text-align-center\" data-align=\"center\">Ligue 1\/Coupe de France<\/td><td class=\"has-text-align-center\" data-align=\"center\">Orl\u00e9ans-Monaco (1\/16)<br>Monaco-Lorient (J18)<br>Le Havre-Monaco (J19)<\/td><\/tr><tr><td class=\"has-text-align-center\" data-align=\"center\">Stanis Idumbo<\/td><td class=\"has-text-align-center\" data-align=\"center\">Carton rouge<\/td><td class=\"has-text-align-center\" data-align=\"center\">Ligue 1<\/td><td class=\"has-text-align-center\" data-align=\"center\">Monaco-Lorient (J18)<\/td><\/tr><tr><td class=\"has-text-align-center\" data-align=\"center\">Thilo Kehrer<\/td><td class=\"has-text-align-center\" data-align=\"center\">R\u00e9vocation de sursis<\/td><td class=\"has-text-align-center\" data-align=\"center\">Ligue 1<\/td><td class=\"has-text-align-center\" data-align=\"center\">Monaco-Lorient (J18)<\/td><\/tr><tr><td class=\"has-text-align-center\" data-align=\"center\">Denis Zakaria<\/td><td class=\"has-text-align-center\" data-align=\"center\">R\u00e9vocation de sursis<\/td><td class=\"has-text-align-center\" data-align=\"center\">Ligue 1<\/td><td class=\"has-text-align-center\" data-align=\"center\">Monaco-Lyon (J17)<\/td><\/tr><tr><td class=\"has-text-align-center\" data-align=\"center\">Jordan Teze<\/td><td class=\"has-text-align-center\" data-align=\"center\">Accumulation de cartons jaunes<\/td><td class=\"has-text-align-center\" data-align=\"center\">Coupe de France<\/td><td class=\"has-text-align-center\" data-align=\"center\">Auxerre-Monaco (1\/32)<\/td><\/tr><tr><td class=\"has-text-align-center\" data-align=\"center\">Thilo Kehrer<\/td><td class=\"has-text-align-center\" data-align=\"center\">Carton rouge<\/td><td class=\"has-text-align-center\" data-align=\"center\">Ligue 1<\/td><td class=\"has-text-align-center\" data-align=\"center\">Brest-Monaco (J15)<\/td><\/tr><tr><td class=\"has-text-align-center\" data-align=\"center\">Denis Zakaria<\/td><td class=\"has-text-align-center\" data-align=\"center\">Carton rouge<\/td><td class=\"has-text-align-center\" data-align=\"center\">Ligue 1<\/td><td class=\"has-text-align-center\" data-align=\"center\">Monaco-Paris SG (J14)<br>Brest-Monaco (J15)<\/td><\/tr><tr><td class=\"has-text-align-center\" data-align=\"center\">Folarin Balogun<\/td><td class=\"has-text-align-center\" data-align=\"center\">Carton rouge<\/td><td class=\"has-text-align-center\" data-align=\"center\">Ligue 1<\/td><td class=\"has-text-align-center\" data-align=\"center\">Rennes-Monaco (J13)<\/td><\/tr><tr><td class=\"has-text-align-center\" data-align=\"center\">Thilo Kehrer<\/td><td class=\"has-text-align-center\" data-align=\"center\">Carton rouge<\/td><td class=\"has-text-align-center\" data-align=\"center\">Ligue 1<\/td><td class=\"has-text-align-center\" data-align=\"center\">Monaco-Nice (J7)<\/td><\/tr><tr><td class=\"has-text-align-center\" data-align=\"center\">Soungoutou Magassa<\/td><td class=\"has-text-align-center\" data-align=\"center\">Carton rouge<\/td><td class=\"has-text-align-center\" data-align=\"center\">Ligue 1<\/td><td class=\"has-text-align-center\" data-align=\"center\">Monaco-Le Havre (J1)<\/td><\/tr><\/tbody><\/table><\/figure>\n","protected":false},"excerpt":{"rendered":"<p>DISCIPLINE JOUEURS SUSPENDUS Joueur Motif Comp\u00e9tition Suspension Denis Zakaria Accumulation de cartons jaunes Ligue des champions ? Mamadou Coulibaly Carton rouge Ligue des champions ? JOUEURS SOUS LA MENACE Joueur Motif Comp\u00e9tition Folarin Balogun Accumulation de cartons jaunes Ligue 1 Jordan Teze Accumulation de cartons jaunes Ligue 1 Mis \u00e0 jour apr\u00e8s Toulouse-Monaco HISTORIQUE Joueur [&#8230;]\n","protected":false},"author":2,"featured_media":0,"parent":0,"menu_order":0,"comment_status":"closed","ping_status":"closed","template":"page-right-sidebar.php","meta":[],"yoast_head":"<!-- This site is optimized with the Yoast SEO plugin v19.8 - https:\/\/yoast.com\/wordpress\/plugins\/seo\/ -->\n<title>Discipline - La Diagonale<\/title>\n<meta name=\"robots\" content=\"index, follow, max-snippet:-1, max-image-preview:large, max-video-preview:-1\" \/>\n<link rel=\"canonical\" href=\"https:\/\/www.ladiagonale.net\/index.php\/discipline\/\" \/>\n<meta property=\"og:locale\" content=\"fr_FR\" \/>\n<meta property=\"og:type\" content=\"article\" \/>\n<meta property=\"og:title\" content=\"Discipline - La Diagonale\" \/>\n<meta property=\"og:description\" content=\"DISCIPLINE JOUEURS SUSPENDUS Joueur Motif Comp\u00e9tition Suspension Denis Zakaria Accumulation de cartons jaunes Ligue des champions ? Mamadou Coulibaly Carton rouge Ligue des champions ? JOUEURS SOUS LA MENACE Joueur Motif Comp\u00e9tition Folarin Balogun Accumulation de cartons jaunes Ligue 1 Jordan Teze Accumulation de cartons jaunes Ligue 1 Mis \u00e0 jour apr\u00e8s Toulouse-Monaco HISTORIQUE Joueur [...]\" \/>\n<meta property=\"og:url\" content=\"https:\/\/www.ladiagonale.net\/index.php\/discipline\/\" \/>\n<meta property=\"og:site_name\" content=\"La Diagonale\" \/>\n<meta property=\"article:modified_time\" content=\"2026-05-02T03:08:05+00:00\" \/>\n<meta name=\"twitter:card\" content=\"summary_large_image\" \/>\n<meta name=\"twitter:label1\" content=\"Dur\u00e9e de lecture estim\u00e9e\" \/>\n\t<meta name=\"twitter:data1\" content=\"2 minutes\" \/>\n<script type=\"application\/ld+json\" class=\"yoast-schema-graph\">{\"@context\":\"https:\/\/schema.org\",\"@graph\":[{\"@type\":\"WebPage\",\"@id\":\"https:\/\/www.ladiagonale.net\/index.php\/discipline\/\",\"url\":\"https:\/\/www.ladiagonale.net\/index.php\/discipline\/\",\"name\":\"Discipline - La Diagonale\",\"isPartOf\":{\"@id\":\"https:\/\/www.ladiagonale.net\/#website\"},\"datePublished\":\"2022-09-20T17:41:50+00:00\",\"dateModified\":\"2026-05-02T03:08:05+00:00\",\"breadcrumb\":{\"@id\":\"https:\/\/www.ladiagonale.net\/index.php\/discipline\/#breadcrumb\"},\"inLanguage\":\"fr-FR\",\"potentialAction\":[{\"@type\":\"ReadAction\",\"target\":[\"https:\/\/www.ladiagonale.net\/index.php\/discipline\/\"]}]},{\"@type\":\"BreadcrumbList\",\"@id\":\"https:\/\/www.ladiagonale.net\/index.php\/discipline\/#breadcrumb\",\"itemListElement\":[{\"@type\":\"ListItem\",\"position\":1,\"name\":\"Accueil\",\"item\":\"https:\/\/www.ladiagonale.net\/\"},{\"@type\":\"ListItem\",\"position\":2,\"name\":\"Discipline\"}]},{\"@type\":\"WebSite\",\"@id\":\"https:\/\/www.ladiagonale.net\/#website\",\"url\":\"https:\/\/www.ladiagonale.net\/\",\"name\":\"La Diagonale\",\"description\":\"Le site des supporters de l&#039;AS Monaco FC\",\"potentialAction\":[{\"@type\":\"SearchAction\",\"target\":{\"@type\":\"EntryPoint\",\"urlTemplate\":\"https:\/\/www.ladiagonale.net\/?s={search_term_string}\"},\"query-input\":\"required name=search_term_string\"}],\"inLanguage\":\"fr-FR\"}]}<\/script>\n<!-- \/ Yoast SEO plugin. -->","yoast_head_json":{"title":"Discipline - La Diagonale","robots":{"index":"index","follow":"follow","max-snippet":"max-snippet:-1","max-image-preview":"max-image-preview:large","max-video-preview":"max-video-preview:-1"},"canonical":"https:\/\/www.ladiagonale.net\/index.php\/discipline\/","og_locale":"fr_FR","og_type":"article","og_title":"Discipline - La Diagonale","og_description":"DISCIPLINE JOUEURS SUSPENDUS Joueur Motif Comp\u00e9tition Suspension Denis Zakaria Accumulation de cartons jaunes Ligue des champions ? Mamadou Coulibaly Carton rouge Ligue des champions ? JOUEURS SOUS LA MENACE Joueur Motif Comp\u00e9tition Folarin Balogun Accumulation de cartons jaunes Ligue 1 Jordan Teze Accumulation de cartons jaunes Ligue 1 Mis \u00e0 jour apr\u00e8s Toulouse-Monaco HISTORIQUE Joueur [...]","og_url":"https:\/\/www.ladiagonale.net\/index.php\/discipline\/","og_site_name":"La Diagonale","article_modified_time":"2026-05-02T03:08:05+00:00","twitter_card":"summary_large_image","twitter_misc":{"Dur\u00e9e de lecture estim\u00e9e":"2 minutes"},"schema":{"@context":"https:\/\/schema.org","@graph":[{"@type":"WebPage","@id":"https:\/\/www.ladiagonale.net\/index.php\/discipline\/","url":"https:\/\/www.ladiagonale.net\/index.php\/discipline\/","name":"Discipline - La Diagonale","isPartOf":{"@id":"https:\/\/www.ladiagonale.net\/#website"},"datePublished":"2022-09-20T17:41:50+00:00","dateModified":"2026-05-02T03:08:05+00:00","breadcrumb":{"@id":"https:\/\/www.ladiagonale.net\/index.php\/discipline\/#breadcrumb"},"inLanguage":"fr-FR","potentialAction":[{"@type":"ReadAction","target":["https:\/\/www.ladiagonale.net\/index.php\/discipline\/"]}]},{"@type":"BreadcrumbList","@id":"https:\/\/www.ladiagonale.net\/index.php\/discipline\/#breadcrumb","itemListElement":[{"@type":"ListItem","position":1,"name":"Accueil","item":"https:\/\/www.ladiagonale.net\/"},{"@type":"ListItem","position":2,"name":"Discipline"}]},{"@type":"WebSite","@id":"https:\/\/www.ladiagonale.net\/#website","url":"https:\/\/www.ladiagonale.net\/","name":"La Diagonale","description":"Le site des supporters de l&#039;AS Monaco FC","potentialAction":[{"@type":"SearchAction","target":{"@type":"EntryPoint","urlTemplate":"https:\/\/www.ladiagonale.net\/?s={search_term_string}"},"query-input":"required name=search_term_string"}],"inLanguage":"fr-FR"}]}},"_links":{"self":[{"href":"https:\/\/www.ladiagonale.net\/index.php\/wp-json\/wp\/v2\/pages\/2788"}],"collection":[{"href":"https:\/\/www.ladiagonale.net\/index.php\/wp-json\/wp\/v2\/pages"}],"about":[{"href":"https:\/\/www.ladiagonale.net\/index.php\/wp-json\/wp\/v2\/types\/page"}],"author":[{"embeddable":true,"href":"https:\/\/www.ladiagonale.net\/index.php\/wp-json\/wp\/v2\/users\/2"}],"replies":[{"embeddable":true,"href":"https:\/\/www.ladiagonale.net\/index.php\/wp-json\/wp\/v2\/comments?post=2788"}],"version-history":[{"count":227,"href":"https:\/\/www.ladiagonale.net\/index.php\/wp-json\/wp\/v2\/pages\/2788\/revisions"}],"predecessor-version":[{"id":38049,"href":"https:\/\/www.ladiagonale.net\/index.php\/wp-json\/wp\/v2\/pages\/2788\/revisions\/38049"}],"wp:attachment":[{"href":"https:\/\/www.ladiagonale.net\/index.php\/wp-json\/wp\/v2\/media?parent=2788"}],"curies":[{"name":"wp","href":"https:\/\/api.w.org\/{rel}","templated":true}]}}