{"id":2958,"date":"2022-09-22T13:27:08","date_gmt":"2022-09-22T11:27:08","guid":{"rendered":"https:\/\/www.ladiagonale.net\/?page_id=2958"},"modified":"2022-09-23T14:41:25","modified_gmt":"2022-09-23T12:41:25","slug":"les-donateurs","status":"publish","type":"page","link":"https:\/\/www.ladiagonale.net\/index.php\/les-donateurs\/","title":{"rendered":"Les donateurs"},"content":{"rendered":"\n\n\n<p><strong>Les donateurs ci-dessous ont particip\u00e9 \u00e0 la lev\u00e9e de fonds de La Diagonale et permis au site de voir le jour :<\/strong><\/p>\n\n\n\n<p>Si votre nom manque dans la liste, n&rsquo;h\u00e9sitez pas \u00e0 nous le signaler et nous corrigerons cet oubli \ud83d\ude42<\/p>\n\n\n\n<figure class=\"wp-block-table\"><table><tbody><tr><td>Evrard<\/td><td>Guillaume<\/td><\/tr><tr><td>Lu\u00e7on<\/td><td>Tanguy<\/td><\/tr><tr><td>Bonnet<\/td><td>Victor<\/td><\/tr><tr><td>Antoine<\/td><td>Pierre<\/td><\/tr><tr><td>Maestracci<\/td><td>Aur\u00e9lien<\/td><\/tr><tr><td>Romeo<\/td><td>Damien<\/td><\/tr><tr><td>MURIALDO<\/td><td>Henri<\/td><\/tr><tr><td>Libold<\/td><td>Xavier<\/td><\/tr><tr><td>Maugain<\/td><td>Eric<\/td><\/tr><tr><td>Fantino<\/td><td>Franck<\/td><\/tr><tr><td>DIARD<\/td><td>Laurent<\/td><\/tr><tr><td>Boussin<\/td><td>Matthieu<\/td><\/tr><tr><td>Danzi<\/td><td>Nicola<\/td><\/tr><tr><td>Le Bozec<\/td><td>Julien<\/td><\/tr><tr><td>LOPES<\/td><td>Geoffrey<\/td><\/tr><tr><td>Jean-Baptiste<\/td><td>Kevin<\/td><\/tr><tr><td>Rouison<\/td><td>Pascal<\/td><\/tr><tr><td>Margossian<\/td><td>Aubry<\/td><\/tr><tr><td>Thibault<\/td><td>Michael<\/td><\/tr><tr><td>GIORDANO<\/td><td>Virginie<\/td><\/tr><tr><td>Delorme<\/td><td>Anthony<\/td><\/tr><tr><td>B<\/td><td>Amine<\/td><\/tr><tr><td>Khoury<\/td><td>Alexandre<\/td><\/tr><tr><td>Blandin<\/td><td>Ludovic<\/td><\/tr><tr><td>Lef\u00e8vre<\/td><td>L\u00e9ny<\/td><\/tr><tr><td>Focas<\/td><td>Nicolas<\/td><\/tr><tr><td>Paul<\/td><td>Laurent<\/td><\/tr><tr><td>Bourbon<\/td><td>Gr\u00e9gory<\/td><\/tr><tr><td>Troel<\/td><td>Alexa<\/td><\/tr><tr><td>Marguet<\/td><td>Paulin<\/td><\/tr><tr><td>KOSSI BADA<\/td><td>Roche<\/td><\/tr><tr><td>B\u00e9rard<\/td><td>Quentin<\/td><\/tr><tr><td>Fummi<\/td><td>Alexis<\/td><\/tr><tr><td>Martiniere<\/td><td>Jerome<\/td><\/tr><tr><td>Clav\u00e9<\/td><td>Christophe<\/td><\/tr><tr><td>Villain<\/td><td>Aur\u00e9lien<\/td><\/tr><tr><td>Trachy<\/td><td>Flo<\/td><\/tr><tr><td>Piana<\/td><td>Roxane<\/td><\/tr><tr><td>Savignac<\/td><td>Thomas<\/td><\/tr><tr><td>Sebag<\/td><td>Pierre<\/td><\/tr><tr><td>Bosella<\/td><td>Mikael<\/td><\/tr><tr><td>Villein<\/td><td>Nicolas<\/td><\/tr><tr><td>Vivet<\/td><td>Romaric<\/td><\/tr><tr><td>CRESPI<\/td><td>PIERRE-FRANCK<\/td><\/tr><tr><td>Piraudeau<\/td><td>Nicolas<\/td><\/tr><tr><td>Trigao<\/td><td>Chrles<\/td><\/tr><tr><td>Cellario<\/td><td>Benoit<\/td><\/tr><tr><td>Ratel<\/td><td>Emmanuel<\/td><\/tr><tr><td>Herbin<\/td><td>Julien<\/td><\/tr><tr><td>Dupuis<\/td><td>Romain<\/td><\/tr><tr><td>Bourcier<\/td><td>Frederic<\/td><\/tr><tr><td>Lfx<\/td><td>Fabien<\/td><\/tr><tr><td>AUBERT<\/td><td>Yoann<\/td><\/tr><tr><td>Guionnet<\/td><td>Philippe<\/td><\/tr><tr><td>Tof<\/td><td>Arnaud<\/td><\/tr><tr><td>SPAENLE<\/td><td>Alain<\/td><\/tr><tr><td>de la G\u00e2chette<\/td><td>Stagiaire<\/td><\/tr><tr><td>DelRio<\/td><td>Mac<\/td><\/tr><tr><td>Perrin<\/td><td>Toto<\/td><\/tr><tr><td>Hebert<\/td><td>Sylvain<\/td><\/tr><tr><td>Marchand<\/td><td>Ga\u00ebtan<\/td><\/tr><tr><td>Cadoux<\/td><td>Anthony<\/td><\/tr><tr><td>Stavropoulos<\/td><td>Milto<\/td><\/tr><tr><td>Demeyre<\/td><td>Bertrand<\/td><\/tr><tr><td>Geniet<\/td><td>Romain<\/td><\/tr><tr><td>Yousfi<\/td><td>Jeremy<\/td><\/tr><tr><td>NY<\/td><td>Alex<\/td><\/tr><tr><td>Ghiglione<\/td><td>Georges<\/td><\/tr><tr><td>FONDREVELLE<\/td><td>Julien<\/td><\/tr><tr><td>Fleury<\/td><td>Nicolas<\/td><\/tr><tr><td>Jaegle<\/td><td>S\u00e9bastien<\/td><\/tr><tr><td>Maussang<\/td><td>Romain<\/td><\/tr><tr><td>Zwick<\/td><td>Olivier<\/td><\/tr><tr><td>Mounier<\/td><td>Franck<\/td><\/tr><tr><td>Hersemeule<\/td><td>Rapha\u00ebl<\/td><\/tr><tr><td>Garino<\/td><td>Laurence<\/td><\/tr><tr><td>Kuhn<\/td><td>Mathias<\/td><\/tr><tr><td>Choisit<\/td><td>Damien<\/td><\/tr><tr><td>Munegu<\/td><td>Marco<\/td><\/tr><tr><td>Whitney<\/td><td>Gregory<\/td><\/tr><tr><td>Truffert<\/td><td>Quentin<\/td><\/tr><tr><td>SERRA<\/td><td>Nathana\u00ebl<\/td><\/tr><tr><td>GROSS<\/td><td>Valentin<\/td><\/tr><tr><td>Giovannini<\/td><td>Virginia<\/td><\/tr><tr><td>simula<\/td><td>frederic<\/td><\/tr><tr><td>guy<\/td><td>damien<\/td><\/tr><tr><td>Baranes<\/td><td>Micha\u00ebl<\/td><\/tr><tr><td>TEA<\/td><td>Pascal<\/td><\/tr><tr><td>Biancheri<\/td><td>Yann<\/td><\/tr><tr><td>Vignal<\/td><td>Guillaume<\/td><\/tr><tr><td>Mtfy<\/td><td>Lotfy<\/td><\/tr><tr><td>Matthyssens<\/td><td>Thibault<\/td><\/tr><tr><td>Ray<\/td><td>Cosmic<\/td><\/tr><tr><td>Bonot<\/td><td>Remy<\/td><\/tr><tr><td>Bongioanni<\/td><td>Gerald<\/td><\/tr><tr><td>Gms<\/td><td>Kevin<\/td><\/tr><tr><td>Pellicier<\/td><td>Mik<\/td><\/tr><tr><td>Copenolle<\/td><td>Fabien<\/td><\/tr><tr><td>Facelina<\/td><td>Romain<\/td><\/tr><tr><td>Vialle<\/td><td>Jean louis<\/td><\/tr><tr><td>haudiquet<\/td><td>martial<\/td><\/tr><tr><td>Will<\/td><td>Paul<\/td><\/tr><tr><td>Renaud<\/td><td>Gwenn<\/td><\/tr><tr><td>Attias<\/td><td>Ilane<\/td><\/tr><tr><td>Gosselin<\/td><td>Florian<\/td><\/tr><tr><td>Velsch<\/td><td>Benjamin<\/td><\/tr><tr><td>Pattier<\/td><td>Jonathan<\/td><\/tr><tr><td>Gu\u00e9nard<\/td><td>C\u00e9dric<\/td><\/tr><tr><td>D<\/td><td>M<\/td><\/tr><tr><td>HOEFFEL<\/td><td>Maxime<\/td><\/tr><tr><td>Zabalo<\/td><td>Benjamin<\/td><\/tr><tr><td>Gambarini<\/td><td>Georges<\/td><\/tr><tr><td>GERARD<\/td><td>Beno\u00eet<\/td><\/tr><tr><td>le Boeuf<\/td><td>Nicolas<\/td><\/tr><tr><td>Faroudja<\/td><td>Bertrand<\/td><\/tr><tr><td>Marson<\/td><td>Renaud<\/td><\/tr><tr><td>Renaux<\/td><td>St\u00e9phane<\/td><\/tr><tr><td>Zeau<\/td><td>Guillaume<\/td><\/tr><tr><td>Rivi\u00e8re<\/td><td>Alain<\/td><\/tr><tr><td>Lonnoy<\/td><td>R\u00e9mi<\/td><\/tr><tr><td>SANMARTIN<\/td><td>Jean-Pierre<\/td><\/tr><tr><td>KUGLER<\/td><td>Baptiste<\/td><\/tr><tr><td>Point<\/td><td>Rodolphe<\/td><\/tr><tr><td>Telle<\/td><td>Olivier<\/td><\/tr><tr><td>YECHICHIAN<\/td><td>Armen<\/td><\/tr><tr><td>Magliolo<\/td><td>Romain<\/td><\/tr><tr><td>Petit<\/td><td>Philippe<\/td><\/tr><tr><td>Pichard<\/td><td>Valentin<\/td><\/tr><tr><td>ASM<\/td><td>JamesHetfield<\/td><\/tr><tr><td>Vacelet<\/td><td>Alexis<\/td><\/tr><tr><td>Giordano<\/td><td>Guillaume<\/td><\/tr><tr><td>Tournier<\/td><td>Micka\u00ebl<\/td><\/tr><tr><td>Floch<\/td><td>Mikael<\/td><\/tr><tr><td>Balanche<\/td><td>Jean<\/td><\/tr><tr><td>Bonneau<\/td><td>Florian<\/td><\/tr><tr><td>Bonnaud<\/td><td>Kevin<\/td><\/tr><tr><td>Gerard<\/td><td>Cyril<\/td><\/tr><tr><td>Brych<\/td><td>Jean-paul<\/td><\/tr><tr><td>VATILLEUX<\/td><td>Patrice<\/td><\/tr><tr><td>Lna<\/td><td>Stef<\/td><\/tr><tr><td>Pettini<\/td><td>Romain<\/td><\/tr><tr><td>Lcn<\/td><td>Geoffrey<\/td><\/tr><tr><td>Petiteau<\/td><td>Antoine<\/td><\/tr><tr><td>Durand<\/td><td>R\u00e9my<\/td><\/tr><tr><td>Gely<\/td><td>Romain<\/td><\/tr><tr><td>PLANTROU<\/td><td>Charles<\/td><\/tr><tr><td>Curchod<\/td><td>St\u00e9phane<\/td><\/tr><tr><td>Dellerba<\/td><td>Damien<\/td><\/tr><tr><td>Court<\/td><td>Florian<\/td><\/tr><tr><td>Mestar<\/td><td>Driss<\/td><\/tr><tr><td>PASCO<\/td><td>Bertrand<\/td><\/tr><tr><td>Lecouf<\/td><td>Francois<\/td><\/tr><tr><td>Escal\u00e8re<\/td><td>Julien<\/td><\/tr><tr><td>ribreau<\/td><td>thomas<\/td><\/tr><tr><td>Sbarra<\/td><td>Nicolas<\/td><\/tr><tr><td>Thealet<\/td><td>Marion<\/td><\/tr><tr><td>b\u00e9na\u00efs<\/td><td>michel<\/td><\/tr><tr><td>Weber<\/td><td>Mathieu<\/td><\/tr><tr><td>Julien<\/td><td>Hugo<\/td><\/tr><tr><td>Coutin<\/td><td>Mathieu<\/td><\/tr><tr><td>Gonzalez<\/td><td>Clem<\/td><\/tr><tr><td>Qfez<\/td><td>Rudy<\/td><\/tr><tr><td>Bailo<\/td><td>Damien<\/td><\/tr><tr><td>Bou<\/td><td>Hind<\/td><\/tr><tr><td>Morin<\/td><td>Alexandre<\/td><\/tr><tr><td>Tuitel<\/td><td>Lo\u00efc<\/td><\/tr><tr><td>CHAPELLIER<\/td><td>Vincent<\/td><\/tr><tr><td>Allart<\/td><td>Quentin<\/td><\/tr><tr><td>Renault<\/td><td>Pierre-Antoine<\/td><\/tr><tr><td>Lechner<\/td><td>Laurent<\/td><\/tr><tr><td>Hojni<\/td><td>Franck<\/td><\/tr><tr><td>Benezeth<\/td><td>Thomas<\/td><\/tr><tr><td>Dupuy<\/td><td>Thomas<\/td><\/tr><tr><td>Doulcet<\/td><td>Kevin<\/td><\/tr><tr><td>Sys<\/td><td>Sper<\/td><\/tr><tr><td>Gavand<\/td><td>Pierre-Edouard<\/td><\/tr><tr><td>Bonnet<\/td><td>Maximin<\/td><\/tr><tr><td>Petit<\/td><td>Thomas<\/td><\/tr><tr><td>Bergiron<\/td><td>Alexis<\/td><\/tr><tr><td>GUEYE<\/td><td>JOSEPH<\/td><\/tr><tr><td>Laurent<\/td><td>Maxime<\/td><\/tr><tr><td>Ddr<\/td><td>Cyril<\/td><\/tr><tr><td>Placenti<\/td><td>Arthur<\/td><\/tr><tr><td>Lemoine<\/td><td>C\u00e9dric<\/td><\/tr><tr><td>Ferrari<\/td><td>Yoann<\/td><\/tr><tr><td>Ferron<\/td><td>Jonathan<\/td><\/tr><tr><td>PEREIRA<\/td><td>Jer\u00f4me<\/td><\/tr><tr><td>Picarle<\/td><td>Thomas<\/td><\/tr><tr><td>Mykytiw<\/td><td>Anthony<\/td><\/tr><tr><td>LaSams<\/td><td>Jp<\/td><\/tr><tr><td>NICOLAS<\/td><td>DUPONT<\/td><\/tr><tr><td>ratovo<\/td><td>andry<\/td><\/tr><tr><td>Ac<\/td><td>Jerem<\/td><\/tr><tr><td>Vives<\/td><td>Andy<\/td><\/tr><tr><td>ROPIOT<\/td><td>Nicolas<\/td><\/tr><tr><td>Zimmermann<\/td><td>R\u00e9my<\/td><\/tr><tr><td>Trohay<\/td><td>K\u00e9vin<\/td><\/tr><tr><td>Kueffer<\/td><td>Guilhaume<\/td><\/tr><tr><td>Roux<\/td><td>Clement<\/td><\/tr><tr><td>Le furaut<\/td><td>Gr\u00e9gory<\/td><\/tr><tr><td>miremont<\/td><td>damien<\/td><\/tr><tr><td>Bonnet<\/td><td>Christophe<\/td><\/tr><tr><td>Cassez<\/td><td>Vincent<\/td><\/tr><tr><td>Sfez<\/td><td>Samuel<\/td><\/tr><tr><td>FERREIRA DE SOUZA<\/td><td>Valentin<\/td><\/tr><tr><td>Lesparre<\/td><td>Christophe<\/td><\/tr><tr><td>Papillon<\/td><td>Nicolas<\/td><\/tr><tr><td>Peter<\/td><td>Guillaume<\/td><\/tr><tr><td>Allain<\/td><td>Aur\u00e9lien<\/td><\/tr><tr><td>leclercq<\/td><td>gilbert<\/td><\/tr><tr><td>Gadilhe<\/td><td>Julien<\/td><\/tr><tr><td>Allan<\/td><td>Hocquerelle<\/td><\/tr><tr><td>Garino<\/td><td>Yohan<\/td><\/tr><tr><td>Falque<\/td><td>Mathias<\/td><\/tr><tr><td>Petitgenet<\/td><td>Romain<\/td><\/tr><tr><td>Kwizera<\/td><td>Gaston<\/td><\/tr><tr><td>Folliot<\/td><td>Simon<\/td><\/tr><tr><td>Migliasso<\/td><td>Gregory<\/td><\/tr><tr><td>Berrebi<\/td><td>Stephane<\/td><\/tr><tr><td>Juret<\/td><td>Olivier<\/td><\/tr><tr><td>Rainaldi<\/td><td>Jerome<\/td><\/tr><tr><td>MEJEAN<\/td><td>Christophe<\/td><\/tr><tr><td>Peynot<\/td><td>William<\/td><\/tr><tr><td>SEGURET<\/td><td>Benoit<\/td><\/tr><tr><td>Rochas<\/td><td>Jean-Fran\u00e7ois<\/td><\/tr><tr><td>Peltier<\/td><td>Romain<\/td><\/tr><tr><td>Chevalier<\/td><td>Nicolas<\/td><\/tr><tr><td>Trichet<\/td><td>Victor<\/td><\/tr><tr><td>Massot<\/td><td>Nico<\/td><\/tr><tr><td>Cimolino<\/td><td>Laurent<\/td><\/tr><tr><td>Attali<\/td><td>Antoine<\/td><\/tr><tr><td>blin<\/td><td>taregues<\/td><\/tr><tr><td>Steen<\/td><td>Eirik<\/td><\/tr><tr><td>LENCIONI<\/td><td>Eva<\/td><\/tr><tr><td>Vergez<\/td><td>Dylan<\/td><\/tr><tr><td>Bailly<\/td><td>Damien<\/td><\/tr><tr><td>Lahyani<\/td><td>Ana\u00efs<\/td><\/tr><tr><td>Maugain<\/td><td>Ludovic<\/td><\/tr><tr><td>Neiter<\/td><td>Frederic<\/td><\/tr><tr><td>Mucelli<\/td><td>Romain<\/td><\/tr><tr><td>Hadjez<\/td><td>Franck<\/td><\/tr><tr><td>LC<\/td><td>Matt<\/td><\/tr><tr><td>de los Rios<\/td><td>Louis<\/td><\/tr><tr><td>Zaman<\/td><td>Saoud<\/td><\/tr><tr><td>gagliardi<\/td><td>stephane<\/td><\/tr><tr><td>Pellerin<\/td><td>Gauthier<\/td><\/tr><tr><td>Miclo<\/td><td>Romain<\/td><\/tr><tr><td>DUBELLEY<\/td><td>Damien<\/td><\/tr><tr><td>AMBROSINI<\/td><td>Micha\u00ebl<\/td><\/tr><tr><td>Nicolas<\/td><td>\u00c9milien<\/td><\/tr><tr><td>Gorce<\/td><td>Corentin<\/td><\/tr><tr><td>Triollet<\/td><td>Quentin<\/td><\/tr><tr><td>Jacquens<\/td><td>Steeve<\/td><\/tr><tr><td>Montlahuc<\/td><td>J\u00e9r\u00f4me<\/td><\/tr><tr><td>Achaoui<\/td><td>Elmehdi<\/td><\/tr><tr><td>Morel<\/td><td>Pablo<\/td><\/tr><tr><td>Vidal<\/td><td>Florian<\/td><\/tr><tr><td>Amourdedieu<\/td><td>Hugo<\/td><\/tr><tr><td>MORANDI<\/td><td>Benjamin<\/td><\/tr><tr><td>Benazz<\/td><td>Clement<\/td><\/tr><tr><td>Munegu<\/td><td>Asm Brice<\/td><\/tr><tr><td>barreteau<\/td><td>teddy<\/td><\/tr><tr><td>Legrand<\/td><td>Erik<\/td><\/tr><tr><td>Gamba<\/td><td>Lionel<\/td><\/tr><tr><td>LJ<\/td><td>Baptiste<\/td><\/tr><tr><td>FILSER<\/td><td>R\u00e9mi<\/td><\/tr><tr><td>Pebre<\/td><td>Nicolas<\/td><\/tr><tr><td>ROMANET<\/td><td>Jean-Christophe<\/td><\/tr><tr><td>Budet<\/td><td>Benjamin<\/td><\/tr><tr><td>Krunic<\/td><td>Natasa<\/td><\/tr><tr><td>MARTIN<\/td><td>David<\/td><\/tr><tr><td>Kassem<\/td><td>Ali<\/td><\/tr><tr><td>Derrien<\/td><td>Romain<\/td><\/tr><tr><td>Hilaire<\/td><td>Quentin<\/td><\/tr><tr><td>Leporcq<\/td><td>Nicolas<\/td><\/tr><tr><td>Petit<\/td><td>Florian<\/td><\/tr><tr><td>Lefu<\/td><td>Jon<\/td><\/tr><tr><td>Coifman<\/td><td>Jeremy<\/td><\/tr><tr><td>Clerc<\/td><td>Sebastien<\/td><\/tr><tr><td>Jabri<\/td><td>Hedi<\/td><\/tr><tr><td>Bahonda<\/td><td>Xavier<\/td><\/tr><tr><td>Besnault<\/td><td>Chlo\u00e9<\/td><\/tr><tr><td>Moreno<\/td><td>Julien<\/td><\/tr><tr><td>Bonnot<\/td><td>Johan<\/td><\/tr><tr><td>Beugnier<\/td><td>Ludovic<\/td><\/tr><tr><td>Colmant<\/td><td>Adrien<\/td><\/tr><tr><td>Vacelet<\/td><td>Camille<\/td><\/tr><tr><td>Lejeune<\/td><td>Julien<\/td><\/tr><tr><td>Fouchier<\/td><td>PH<\/td><\/tr><tr><td>Hajla<\/td><td>Hicham<\/td><\/tr><tr><td>Baron<\/td><td>Thomas<\/td><\/tr><tr><td>Gloriot<\/td><td>St\u00e9phane<\/td><\/tr><tr><td>Dadou<\/td><td>Julien<\/td><\/tr><tr><td>Levis<\/td><td>Flo<\/td><\/tr><tr><td>Petit<\/td><td>William<\/td><\/tr><tr><td>Ferry<\/td><td>Pascal<\/td><\/tr><tr><td>Fravalo<\/td><td>Romain<\/td><\/tr><tr><td>LAMOUREUX<\/td><td>Ludo<\/td><\/tr><tr><td>Nicod<\/td><td>Yoan<\/td><\/tr><tr><td>Champossin<\/td><td>Gael<\/td><\/tr><tr><td>INGRAND<\/td><td>Thomas<\/td><\/tr><tr><td>K<\/td><td>Cyrille<\/td><\/tr><tr><td>LOPEZ<\/td><td>Gr\u00e9gory<\/td><\/tr><tr><td>RYCKELYNCK<\/td><td>Corentin<\/td><\/tr><tr><td>Martinazzo<\/td><td>Julien<\/td><\/tr><tr><td>BLONDEL<\/td><td>Fr\u00e9d\u00e9ric<\/td><\/tr><tr><td>Girardot<\/td><td>J\u00e9r\u00e9my<\/td><\/tr><tr><td>Rochat<\/td><td>Paul<\/td><\/tr><tr><td>VANDERSTRAETEN<\/td><td>Arnaud<\/td><\/tr><tr><td>C\u00e9lis<\/td><td>Romain<\/td><\/tr><tr><td>Camier<\/td><td>Thomas<\/td><\/tr><tr><td>Fanni<\/td><td>Aur\u00e9lien<\/td><\/tr><tr><td>Ducom<\/td><td>Philippe<\/td><\/tr><tr><td>Bichoux<\/td><td>Nicolas<\/td><\/tr><tr><td>Denoux<\/td><td>Damien<\/td><\/tr><tr><td>BOUSQUET<\/td><td>ROMAIN<\/td><\/tr><tr><td>Bernini<\/td><td>Nicolas<\/td><\/tr><tr><td>Beck<\/td><td>Richard<\/td><\/tr><tr><td>Ranc<\/td><td>Christophe<\/td><\/tr><tr><td>Galois<\/td><td>Baptiste<\/td><\/tr><tr><td>Vallee<\/td><td>Ronan<\/td><\/tr><tr><td>PICARD<\/td><td>frank<\/td><\/tr><tr><td>Blin<\/td><td>Matthieu<\/td><\/tr><tr><td>Miklitarian<\/td><td>Achille<\/td><\/tr><tr><td>Boir<\/td><td>Joel<\/td><\/tr><tr><td>Martin<\/td><td>Ang\u00e9lique<\/td><\/tr><tr><td>Anguise<\/td><td>Greg<\/td><\/tr><tr><td>Bendavid<\/td><td>Jeremy<\/td><\/tr><tr><td>Saurin<\/td><td>Julie<\/td><\/tr><tr><td>Gonckel<\/td><td>Flo<\/td><\/tr><tr><td>Wick<\/td><td>Karl<\/td><\/tr><tr><td>Ve<\/td><td>Oly<\/td><\/tr><tr><td>Zohaib<\/td><td>Maqsood<\/td><\/tr><tr><td>Rico<\/td><td>Vince<\/td><\/tr><tr><td>Presson<\/td><td>Aurelien<\/td><\/tr><tr><td>Hollin<\/td><td>Thomas<\/td><\/tr><tr><td>\u0139UCAS<\/td><td>Pierre-Henri<\/td><\/tr><tr><td>Lemeltier<\/td><td>Yann<\/td><\/tr><tr><td>Chautemps<\/td><td>Romain<\/td><\/tr><tr><td>Malno\u00eb<\/td><td>Kentin<\/td><\/tr><tr><td>Capai<\/td><td>Lisandru<\/td><\/tr><tr><td>LEDOUX<\/td><td>LOUIS<\/td><\/tr><tr><td>Paquis<\/td><td>Alexandre<\/td><\/tr><tr><td>Grosselle<\/td><td>Celine<\/td><\/tr><tr><td>Samarati<\/td><td>Thomas<\/td><\/tr><tr><td>Theron-Grimaldi<\/td><td>St\u00e9phen<\/td><\/tr><tr><td>1990<\/td><td>Val<\/td><\/tr><tr><td>Durand<\/td><td>Damien<\/td><\/tr><tr><td>Federspil<\/td><td>Sebastien<\/td><\/tr><tr><td>Riviere<\/td><td>Julien<\/td><\/tr><tr><td>Bouvier<\/td><td>Jean-Baptiste<\/td><\/tr><tr><td>Lalaque<\/td><td>David<\/td><\/tr><tr><td>Couraleau<\/td><td>J\u00e9r\u00e9my<\/td><\/tr><tr><td>Bruchet<\/td><td>Nicolas<\/td><\/tr><tr><td>Callet<\/td><td>Guillaume<\/td><\/tr><tr><td>Daniel<\/td><td>Louen<\/td><\/tr><tr><td>Legras<\/td><td>Claude<\/td><\/tr><tr><td>Corcy<\/td><td>Nathan<\/td><\/tr><tr><td>Brette<\/td><td>Paul<\/td><\/tr><tr><td>bour<\/td><td>st\u00e9fen<\/td><\/tr><tr><td>arnould<\/td><td>audrey<\/td><\/tr><tr><td>Arnaud<\/td><td>Julien<\/td><\/tr><tr><td>Liexmo<\/td><td>Thibault<\/td><\/tr><tr><td>Feron<\/td><td>Ludovic<\/td><\/tr><tr><td>Zeppegno<\/td><td>Yann<\/td><\/tr><tr><td>Balestri<\/td><td>Etienne<\/td><\/tr><tr><td>Kanaan<\/td><td>Konrad<\/td><\/tr><tr><td>Piguet<\/td><td>Thomas<\/td><\/tr><tr><td>Maubert<\/td><td>Quentin<\/td><\/tr><tr><td>Berdah<\/td><td>Adrien<\/td><\/tr><tr><td>Blanc-gonnet<\/td><td>Yvan<\/td><\/tr><tr><td>MORANT<\/td><td>Anthony<\/td><\/tr><tr><td>Remond<\/td><td>Yanick<\/td><\/tr><tr><td>Somon<\/td><td>Joseph<\/td><\/tr><tr><td>Andrianarivony<\/td><td>Lionel<\/td><\/tr><tr><td>Sa\u00efsset<\/td><td>Luca<\/td><\/tr><tr><td>LEFEBVRE<\/td><td>GUILLAUME<\/td><\/tr><tr><td>P<\/td><td>Etienne<\/td><\/tr><tr><td>Domagala<\/td><td>Pierre<\/td><\/tr><tr><td>Marcassoli<\/td><td>Thomas<\/td><\/tr><tr><td>BRACOU<\/td><td>J\u00e9r\u00f4me<\/td><\/tr><tr><td>FOUASNON<\/td><td>AURELIEN<\/td><\/tr><tr><td>Bel Tarantola<\/td><td>Alex<\/td><\/tr><tr><td>SA<\/td><td>Pierre<\/td><\/tr><tr><td>Lopez<\/td><td>Guillaume<\/td><\/tr><tr><td>BRUN<\/td><td>Fr\u00e9d\u00e9ric<\/td><\/tr><tr><td>Joncoux<\/td><td>Julien<\/td><\/tr><tr><td>LELEU<\/td><td>Vincent<\/td><\/tr><tr><td>Matos<\/td><td>Roman<\/td><\/tr><tr><td>Pakka<\/td><td>Guillaume<\/td><\/tr><tr><td>Maurice<\/td><td>Gael<\/td><\/tr><tr><td>HOUSSET<\/td><td>Nicolas<\/td><\/tr><tr><td>Pelloux<\/td><td>Antoine<\/td><\/tr><tr><td>SOULIE<\/td><td>Philippe<\/td><\/tr><tr><td>GELAS<\/td><td>Nicolas<\/td><\/tr><tr><td>Mingalon<\/td><td>Charles-Fran\u00e7ois<\/td><\/tr><tr><td>Bouhot<\/td><td>Florian<\/td><\/tr><tr><td>Bizieux<\/td><td>Adrien<\/td><\/tr><tr><td>Malo<\/td><td>Fabien<\/td><\/tr><tr><td>Soleil<\/td><td>Antoine<\/td><\/tr><tr><td>Cohen<\/td><td>Mike<\/td><\/tr><tr><td>teruel<\/td><td>jordan<\/td><\/tr><tr><td>Corn\u00e9e<\/td><td>Oph\u00e9lie<\/td><\/tr><tr><td>Lombard<\/td><td>Julien<\/td><\/tr><tr><td>Ger<\/td><td>Adam<\/td><\/tr><tr><td>Del\u00e9tang<\/td><td>Guillaume<\/td><\/tr><tr><td>Abecassis<\/td><td>Alex<\/td><\/tr><tr><td>Rietsch<\/td><td>Anthony<\/td><\/tr><tr><td>Regourd<\/td><td>Dimitri<\/td><\/tr><tr><td>MANCHON<\/td><td>Eric<\/td><\/tr><tr><td>Zenati<\/td><td>Roula<\/td><\/tr><tr><td>Flouret<\/td><td>Julien<\/td><\/tr><tr><td>BENS<\/td><td>Thomas<\/td><\/tr><tr><td>Cabrol<\/td><td>Joffrey<\/td><\/tr><tr><td>Guibert<\/td><td>Quentin<\/td><\/tr><tr><td>Bismuth<\/td><td>Paul<\/td><\/tr><tr><td>Jouglet<\/td><td>Cyril<\/td><\/tr><tr><td>V<\/td><td>Val<\/td><\/tr><tr><td>Hieu<\/td><td>Matt<\/td><\/tr><tr><td>Fabre<\/td><td>Nicolas<\/td><\/tr><tr><td>Mechain<\/td><td>Florent<\/td><\/tr><tr><td>Vassallo<\/td><td>Marc<\/td><\/tr><tr><td>Siri<\/td><td>Norbert<\/td><\/tr><tr><td>Giordan<\/td><td>Alexandre<\/td><\/tr><tr><td>Cage<\/td><td>Philippe<\/td><\/tr><tr><td>Nava<\/td><td>Yannick<\/td><\/tr><\/tbody><\/table><\/figure>\n","protected":false},"excerpt":{"rendered":"<p>Les donateurs ci-dessous ont particip\u00e9 \u00e0 la lev\u00e9e de fonds de La Diagonale et permis au site de voir le jour : Si votre nom manque dans la liste, n&rsquo;h\u00e9sitez pas \u00e0 nous le signaler et nous corrigerons cet oubli \ud83d\ude42 Evrard Guillaume Lu\u00e7on Tanguy Bonnet Victor Antoine Pierre Maestracci Aur\u00e9lien Romeo Damien MURIALDO Henri [&#8230;]\n","protected":false},"author":1,"featured_media":0,"parent":0,"menu_order":0,"comment_status":"closed","ping_status":"closed","template":"page-right-sidebar.php","meta":[],"yoast_head":"<!-- This site is optimized with the Yoast SEO plugin v19.8 - https:\/\/yoast.com\/wordpress\/plugins\/seo\/ -->\n<title>Les donateurs - La Diagonale<\/title>\n<meta name=\"robots\" content=\"index, follow, max-snippet:-1, max-image-preview:large, max-video-preview:-1\" \/>\n<link rel=\"canonical\" href=\"https:\/\/www.ladiagonale.net\/index.php\/les-donateurs\/\" \/>\n<meta property=\"og:locale\" content=\"fr_FR\" \/>\n<meta property=\"og:type\" content=\"article\" \/>\n<meta property=\"og:title\" content=\"Les donateurs - La Diagonale\" \/>\n<meta property=\"og:description\" content=\"Les donateurs ci-dessous ont particip\u00e9 \u00e0 la lev\u00e9e de fonds de La Diagonale et permis au site de voir le jour : Si votre nom manque dans la liste, n&rsquo;h\u00e9sitez pas \u00e0 nous le signaler et nous corrigerons cet oubli \ud83d\ude42 Evrard Guillaume Lu\u00e7on Tanguy Bonnet Victor Antoine Pierre Maestracci Aur\u00e9lien Romeo Damien MURIALDO Henri [...]\" \/>\n<meta property=\"og:url\" content=\"https:\/\/www.ladiagonale.net\/index.php\/les-donateurs\/\" \/>\n<meta property=\"og:site_name\" content=\"La Diagonale\" \/>\n<meta property=\"article:modified_time\" content=\"2022-09-23T12:41:25+00:00\" \/>\n<meta name=\"twitter:card\" content=\"summary_large_image\" \/>\n<meta name=\"twitter:label1\" content=\"Dur\u00e9e de lecture estim\u00e9e\" \/>\n\t<meta name=\"twitter:data1\" content=\"1 minute\" \/>\n<script type=\"application\/ld+json\" class=\"yoast-schema-graph\">{\"@context\":\"https:\/\/schema.org\",\"@graph\":[{\"@type\":\"WebPage\",\"@id\":\"https:\/\/www.ladiagonale.net\/index.php\/les-donateurs\/\",\"url\":\"https:\/\/www.ladiagonale.net\/index.php\/les-donateurs\/\",\"name\":\"Les donateurs - La Diagonale\",\"isPartOf\":{\"@id\":\"https:\/\/www.ladiagonale.net\/#website\"},\"datePublished\":\"2022-09-22T11:27:08+00:00\",\"dateModified\":\"2022-09-23T12:41:25+00:00\",\"breadcrumb\":{\"@id\":\"https:\/\/www.ladiagonale.net\/index.php\/les-donateurs\/#breadcrumb\"},\"inLanguage\":\"fr-FR\",\"potentialAction\":[{\"@type\":\"ReadAction\",\"target\":[\"https:\/\/www.ladiagonale.net\/index.php\/les-donateurs\/\"]}]},{\"@type\":\"BreadcrumbList\",\"@id\":\"https:\/\/www.ladiagonale.net\/index.php\/les-donateurs\/#breadcrumb\",\"itemListElement\":[{\"@type\":\"ListItem\",\"position\":1,\"name\":\"Accueil\",\"item\":\"https:\/\/www.ladiagonale.net\/\"},{\"@type\":\"ListItem\",\"position\":2,\"name\":\"Les donateurs\"}]},{\"@type\":\"WebSite\",\"@id\":\"https:\/\/www.ladiagonale.net\/#website\",\"url\":\"https:\/\/www.ladiagonale.net\/\",\"name\":\"La Diagonale\",\"description\":\"Le site des supporters de l&#039;AS Monaco FC\",\"potentialAction\":[{\"@type\":\"SearchAction\",\"target\":{\"@type\":\"EntryPoint\",\"urlTemplate\":\"https:\/\/www.ladiagonale.net\/?s={search_term_string}\"},\"query-input\":\"required name=search_term_string\"}],\"inLanguage\":\"fr-FR\"}]}<\/script>\n<!-- \/ Yoast SEO plugin. -->","yoast_head_json":{"title":"Les donateurs - La Diagonale","robots":{"index":"index","follow":"follow","max-snippet":"max-snippet:-1","max-image-preview":"max-image-preview:large","max-video-preview":"max-video-preview:-1"},"canonical":"https:\/\/www.ladiagonale.net\/index.php\/les-donateurs\/","og_locale":"fr_FR","og_type":"article","og_title":"Les donateurs - La Diagonale","og_description":"Les donateurs ci-dessous ont particip\u00e9 \u00e0 la lev\u00e9e de fonds de La Diagonale et permis au site de voir le jour : Si votre nom manque dans la liste, n&rsquo;h\u00e9sitez pas \u00e0 nous le signaler et nous corrigerons cet oubli \ud83d\ude42 Evrard Guillaume Lu\u00e7on Tanguy Bonnet Victor Antoine Pierre Maestracci Aur\u00e9lien Romeo Damien MURIALDO Henri [...]","og_url":"https:\/\/www.ladiagonale.net\/index.php\/les-donateurs\/","og_site_name":"La Diagonale","article_modified_time":"2022-09-23T12:41:25+00:00","twitter_card":"summary_large_image","twitter_misc":{"Dur\u00e9e de lecture estim\u00e9e":"1 minute"},"schema":{"@context":"https:\/\/schema.org","@graph":[{"@type":"WebPage","@id":"https:\/\/www.ladiagonale.net\/index.php\/les-donateurs\/","url":"https:\/\/www.ladiagonale.net\/index.php\/les-donateurs\/","name":"Les donateurs - La Diagonale","isPartOf":{"@id":"https:\/\/www.ladiagonale.net\/#website"},"datePublished":"2022-09-22T11:27:08+00:00","dateModified":"2022-09-23T12:41:25+00:00","breadcrumb":{"@id":"https:\/\/www.ladiagonale.net\/index.php\/les-donateurs\/#breadcrumb"},"inLanguage":"fr-FR","potentialAction":[{"@type":"ReadAction","target":["https:\/\/www.ladiagonale.net\/index.php\/les-donateurs\/"]}]},{"@type":"BreadcrumbList","@id":"https:\/\/www.ladiagonale.net\/index.php\/les-donateurs\/#breadcrumb","itemListElement":[{"@type":"ListItem","position":1,"name":"Accueil","item":"https:\/\/www.ladiagonale.net\/"},{"@type":"ListItem","position":2,"name":"Les donateurs"}]},{"@type":"WebSite","@id":"https:\/\/www.ladiagonale.net\/#website","url":"https:\/\/www.ladiagonale.net\/","name":"La Diagonale","description":"Le site des supporters de l&#039;AS Monaco FC","potentialAction":[{"@type":"SearchAction","target":{"@type":"EntryPoint","urlTemplate":"https:\/\/www.ladiagonale.net\/?s={search_term_string}"},"query-input":"required name=search_term_string"}],"inLanguage":"fr-FR"}]}},"_links":{"self":[{"href":"https:\/\/www.ladiagonale.net\/index.php\/wp-json\/wp\/v2\/pages\/2958"}],"collection":[{"href":"https:\/\/www.ladiagonale.net\/index.php\/wp-json\/wp\/v2\/pages"}],"about":[{"href":"https:\/\/www.ladiagonale.net\/index.php\/wp-json\/wp\/v2\/types\/page"}],"author":[{"embeddable":true,"href":"https:\/\/www.ladiagonale.net\/index.php\/wp-json\/wp\/v2\/users\/1"}],"replies":[{"embeddable":true,"href":"https:\/\/www.ladiagonale.net\/index.php\/wp-json\/wp\/v2\/comments?post=2958"}],"version-history":[{"count":2,"href":"https:\/\/www.ladiagonale.net\/index.php\/wp-json\/wp\/v2\/pages\/2958\/revisions"}],"predecessor-version":[{"id":4493,"href":"https:\/\/www.ladiagonale.net\/index.php\/wp-json\/wp\/v2\/pages\/2958\/revisions\/4493"}],"wp:attachment":[{"href":"https:\/\/www.ladiagonale.net\/index.php\/wp-json\/wp\/v2\/media?parent=2958"}],"curies":[{"name":"wp","href":"https:\/\/api.w.org\/{rel}","templated":true}]}}